-- Table structure for table `node`
--

CREATE TABLE `node` (
  `nid` int(10) unsigned NOT NULL AUTO_INCREMENT COMMENT 'The primary identifier for a node.',
  `vid` int(10) unsigned DEFAULT NULL COMMENT 'The current node_revision.vid version identifier.',
  `type` varchar(32) NOT NULL DEFAULT '' COMMENT 'The node_type.type of this node.',
  `language` varchar(12) NOT NULL DEFAULT '' COMMENT 'The languages.language of this node.',
  `title` varchar(255) NOT NULL DEFAULT '' COMMENT 'The title of this node, always treated as non-markup plain text.',
  `uid` int(11) NOT NULL DEFAULT '0' COMMENT 'The users.uid that owns this node; initially, this is the user that created it.',
  `status` int(11) NOT NULL DEFAULT '1' COMMENT 'Boolean indicating whether the node is published (visible to non-administrators).',
  `created` int(11) NOT NULL DEFAULT '0' COMMENT 'The Unix timestamp when the node was created.',
  `changed` int(11) NOT NULL DEFAULT '0' COMMENT 'The Unix timestamp when the node was most recently saved.',
  `comment` int(11) NOT NULL DEFAULT '0' COMMENT 'Whether comments are allowed on this node: 0 = no, 1 = closed (read only), 2 = open (read/write).',
  `promote` int(11) NOT NULL DEFAULT '0' COMMENT 'Boolean indicating whether the node should be displayed on the front page.',
  `sticky` int(11) NOT NULL DEFAULT '0' COMMENT 'Boolean indicating whether the node should be displayed at the top of lists in which it appears.',
  `tnid` int(10) unsigned NOT NULL DEFAULT '0' COMMENT 'The translation set id for this node, which equals the node id of the source post in each set.',
  `translate` int(11) NOT NULL DEFAULT '0' COMMENT 'A boolean indicating whether this translation page needs to be updated.',
  PRIMARY KEY (`nid`),
  UNIQUE KEY `vid` (`vid`),
  KEY `node_changed` (`changed`),
  KEY `node_created` (`created`),
  KEY `node_frontpage` (`promote`,`status`,`sticky`,`created`),
  KEY `node_status_type` (`status`,`type`,`nid`),
  KEY `node_title_type` (`title`,`type`(4)),
  KEY `node_type` (`type`(4)),
  KEY `uid` (`uid`),
  KEY `tnid` (`tnid`),
  KEY `translate` (`translate`),
  KEY `language` (`language`)
) ENGINE=InnoDB AUTO_INCREMENT=131 DEFAULT CHARSET=utf8 COMMENT='The base table for nodes.';

--
-- Dumping data for table `node`
--

INSERT INTO `node` VALUES (1,1,'page','und','Contact information',1,1,1423572628,1428917682,1,0,0,0,0),(4,4,'news','und','Welcome to the Nordic Cadet Meeting 2015.',1,1,1423646021,1430289783,1,0,0,0,0),(5,5,'page','und','Fotball',1,1,1423646221,1424250687,1,0,0,0,0),(6,6,'accomodation','und','Naval academy personnel',1,1,1423646302,1428662858,1,0,0,0,0),(7,7,'accomodation','und','Cadets',1,1,1423646577,1438688887,1,0,0,0,0),(8,8,'page','und','Ceremoni',1,1,1423646657,1423646657,1,0,0,0,0),(9,9,'page','und','NOCA-tent',1,1,1423646674,1536320685,1,0,0,0,0),(10,10,'page','und','Fredag',1,1,1423818964,1423818964,1,0,0,0,0),(11,11,'page','und','Fredag eftermiddag',1,1,1423819018,1423819065,1,0,0,0,0),(12,12,'article','und','Welcome to the Nordic Cadet Meeting 2015',1,0,1423819425,1553854410,0,1,0,0,0),(13,13,'page','und','Welcome to Kalmar',1,1,1424679166,1560852766,1,0,0,0,0),(14,14,'competition','und','Football',1,1,1424679307,1557127514,1,0,0,0,0),(16,16,'competition','und','Volleyball',1,1,1424679555,1557124218,1,0,0,0,0),(17,17,'competition','und','Swimming',1,1,1424679568,1557127395,1,0,0,0,0),(18,18,'competition','und','Tug of war',1,1,1424679583,1557127693,1,0,0,0,0),(19,19,'competition','und','Cross country run',1,1,1424679660,1435136020,1,0,0,0,0),(20,20,'competition','und','Naval combat course',1,1,1424679674,1431428435,1,0,0,0,0),(21,21,'competition','und','Academic seminar',1,1,1424679695,1561620119,1,0,0,0,0),(24,24,'ceremonies','und','Opening and closing cermonies',1,1,1424680104,1438679225,1,0,0,0,0),(25,25,'ceremonies','und','General Instructions',1,1,1424680195,1438688776,1,0,0,0,0),(26,26,'ceremonies','und','Church service',1,1,1424680216,1432646071,1,0,0,0,0),(27,27,'news','und','NOCA web ready for release',3,1,1428666489,1428666884,1,0,0,0,0),(29,29,'page','und','No one basic page!!',3,1,1428666667,1428666667,1,0,0,0,0),(30,30,'page','und','History',1,1,1428907821,1428907821,1,0,0,0,0),(31,31,'country','und','Sweden',1,1,1429255129,1557128219,1,0,0,0,0),(32,32,'country','und','Finland',1,1,1429255142,1557128206,1,0,0,0,0),(33,33,'country','und','Norway',1,1,1429255166,1557128194,1,0,0,0,0),(34,34,'country','und','Denmark',1,1,1429255182,1557128179,1,0,0,0,0),(39,39,'video','und','Vidoe 1',1,0,1430140839,1553854480,2,0,0,0,0),(40,40,'video','und','Video 2',1,0,1430140864,1553854480,1,0,0,0,0),(41,41,'page','und','Photos',1,1,1430141120,1438838947,1,0,0,0,0),(42,42,'video','und','Hiss',1,0,1430201865,1553854480,1,0,0,0,0),(43,43,'comp_result','und','Football - De',1,1,1431327007,1565277668,1,0,0,0,0),(44,44,'comp_result','und','Football - Se',1,1,1431327259,1565277619,1,0,0,0,0),(45,45,'comp_result','und','Volleyball - Se',1,1,1431327422,1565418173,1,0,0,0,0),(46,46,'page','und','Results all competitions',1,1,1431328719,1435309037,1,0,0,0,0),(47,47,'comp_result','und','Football - No',1,1,1431345358,1565277580,1,0,0,0,0),(48,48,'comp_result','und','Football - Fi',1,1,1431345377,1565277537,1,0,0,0,0),(49,49,'comp_result','und','Volleyball - No',1,1,1431408215,1565418199,1,0,0,0,0),(50,50,'comp_result','und','Volleyball - Fi',1,1,1431408246,1565418230,1,0,0,0,0),(51,51,'comp_result','und','Volleyball - De',1,1,1431408270,1565418259,1,0,0,0,0),(53,53,'article','und','The planning of NOCA 2015 runs smoothly',3,0,1432807627,1553854410,1,1,0,0,0),(55,55,'assets','und','Assets',1,1,1433244867,1565302698,1,0,0,0,0),(56,56,'comp_result','und','Cross country run - DK',1,1,1435129322,1565277503,1,0,0,0,0),(57,57,'comp_result','und','Cross country run - FI',1,1,1435129361,1565277473,1,0,0,0,0),(58,58,'comp_result','und','Cross country run - NO',1,1,1435129376,1565277430,1,0,0,0,0),(59,59,'comp_result','und','Cross country run - SE',1,1,1435129395,1565277381,1,0,0,0,0),(60,60,'comp_result','und','Naval combat course - NO',1,1,1435129439,1565474309,1,0,0,0,0),(61,61,'comp_result','und','Naval combat course - FI',1,1,1435129454,1565474239,1,0,0,0,0),(62,62,'comp_result','und','Naval combat course - DE',1,1,1435129470,1565474209,1,0,0,0,0),(63,63,'comp_result','und','Naval combat course -SE',1,1,1435129484,1565474160,1,0,0,0,0),(64,64,'comp_result','und','Sailing - FI',1,1,1435129521,1438984505,1,0,0,0,0),(65,65,'comp_result','und','Sailing - DE',1,1,1435129538,1438984335,1,0,0,0,0),(66,66,'comp_result','und','Sailing - NO',1,1,1435129551,1438984199,1,0,0,0,0),(67,67,'comp_result','und','Sailing - SE',1,1,1435129568,1438984433,1,0,0,0,0),(68,68,'comp_result','und','Swimming - DE',1,1,1435129602,1565360301,1,0,0,0,0),(69,69,'comp_result','und','Swimming - FI',1,1,1435129618,1565360361,1,0,0,0,0),(70,70,'comp_result','und','Swimming - NO',1,1,1435129633,1565360330,1,0,0,0,0),(71,71,'comp_result','und','Swimming - SE',1,1,1435129647,1565360267,1,0,0,0,0),(72,72,'comp_result','und','Tug of war - DE',1,1,1435129684,1565474096,1,0,0,0,0),(73,73,'comp_result','und','Tug of war - FI',1,1,1435129699,1565474123,1,0,0,0,0),(74,74,'comp_result','und','Tug of war - NO',1,1,1435129715,1565473995,1,0,0,0,0),(75,75,'comp_result','und','Tug of war - SE',1,1,1435129728,1565473948,1,0,0,0,0),(80,80,'article','und','A warm welcome to Ystad!',3,0,1435133329,1553854410,0,1,0,0,0),(89,89,'article','und','Recrutment event at HMS Gladan',2,0,1438860902,1553854410,1,1,0,0,0),(90,90,'article','und','Sailing day one',3,0,1438861990,1553854410,1,1,0,0,0),(91,91,'article','und','Grand opening, NOCA 2015',3,0,1438870337,1553854410,1,1,0,0,0),(92,92,'article','und','Football tournament NOCA 2015 ',3,0,1438873287,1553854410,1,1,0,0,0),(93,93,'article','und','Tug of War, NOCA 2015',2,0,1438880817,1553854410,1,1,0,0,0),(96,96,'video','und','NOCA 2015 - Sailing',1,0,1438950223,1553854480,1,0,0,0,0),(97,97,'video','und','NOCA 2015v - Norwegian victory',1,0,1438950289,1553854480,1,0,0,0,0),(98,98,'video','und','Football warmup',1,0,1438950524,1553854480,1,1,0,0,0),(99,99,'article','und','Academic Seminar at Norreportsskolan',3,0,1438952856,1553854410,1,1,0,0,0),(100,100,'article','und','Cross country run',3,0,1438957448,1553854410,1,1,0,0,0),(101,101,'article','und','Nordic cadetmeeting swimming Ystad 2015',3,0,1438958089,1553854410,1,1,0,0,0),(102,102,'video','und','Cross country run - the finish',1,0,1438985030,1553854480,1,0,0,0,0),(103,103,'video','und','Boot tossing at Viking Challange',1,0,1438985106,1553854480,1,0,0,0,0),(104,104,'page','und','Cross Country Results',1,1,1439015791,1565355308,1,0,0,0,0),(108,108,'article','und','NOCA volleyball tournament',3,0,1439039624,1553854410,1,1,0,0,0),(109,109,'article','und','Naval combat Course',3,0,1439043724,1553854410,1,1,0,0,0),(110,110,'video','und','Throwing of handgranates at NCC',1,0,1439044694,1553854480,1,0,0,0,0),(111,111,'video','und','NCC Atmosphere 2',1,0,1439044830,1553854480,1,0,0,0,0),(112,112,'video','und','NCC atmosphere 1',1,0,1439044958,1553854480,1,0,0,0,0),(113,113,'page','und','Swimming Results',1,1,1439106989,1565504205,1,0,0,0,0),(114,114,'page','und','Naval combat course results',1,1,1439107402,1565504705,1,0,0,0,0),(115,115,'page','und','Tug of war results',1,1,1439107546,1565504831,1,0,0,0,0),(116,116,'page','und','Volleyball results',1,1,1439107635,1565504339,1,0,0,0,0),(117,117,'page','und','Football results',1,1,1439107734,1565355906,1,0,0,0,0),(118,118,'video','und','Cross country run',1,0,1439119712,1553854480,1,0,0,0,0),(119,119,'page','und','Photos',1,0,1553855012,1557128571,1,0,0,0,0),(120,120,'page','und','Photos',1,1,1556876126,1565329605,1,0,0,0,0),(122,122,'page','und','Map',1,1,1560850519,1565077548,1,0,0,0,0),(123,123,'article','und','Welcome to NOCA 2019',1,1,1560852843,1560853149,1,1,0,0,0),(125,125,'article','und','WiFi at Stagnelius school',3,1,1565174937,1565180398,1,1,0,0,0),(127,127,'article','und','Photos at the web page',3,1,1565293570,1565346243,1,1,0,0,0),(128,128,'article','und','Detailed results from thursday available!',2,1,1565355739,1565355739,1,1,0,0,0),(129,129,'article','und','Competition results',2,1,1565505046,1565505697,1,1,0,0,0),(130,130,'article','und','NOCA 2019 Winner announcement!',2,1,1565505507,1565505555,1,1,0,0,0);

--
-- Table structure for table `node_access`
--

CREATE TABLE `node_access` (
  `nid` int(10) unsigned NOT NULL DEFAULT '0' COMMENT 'The node.nid this record affects.',
  `gid` int(10) unsigned NOT NULL DEFAULT '0' COMMENT 'The grant ID a user must possess in the specified realm to gain this row’s privileges on the node.',
  `realm` varchar(255) NOT NULL DEFAULT '' COMMENT 'The realm in which the user must possess the grant ID. Each node access node can define one or more realms.',
  `grant_view` tinyint(3) unsigned NOT NULL DEFAULT '0' COMMENT 'Boolean indicating whether a user with the realm/grant pair can view this node.',
  `grant_update` tinyint(3) unsigned NOT NULL DEFAULT '0' COMMENT 'Boolean indicating whether a user with the realm/grant pair can edit this node.',
  `grant_delete` tinyint(3) unsigned NOT NULL DEFAULT '0' COMMENT 'Boolean indicating whether a user with the realm/grant pair can delete this node.',
  PRIMARY KEY (`nid`,`gid`,`realm`)
) ENGINE=InnoDB DEFAULT CHARSET=utf8 COMMENT='Identifies which realm/grant pairs a user must possess in...';

--
-- Dumping data for table `node_access`
--

INSERT INTO `node_access` VALUES (0,0,'all',1,0,0);

--
-- Table structure for table `node_comment_statistics`
--

CREATE TABLE `node_comment_statistics` (
  `nid` int(10) unsigned NOT NULL DEFAULT '0' COMMENT 'The node.nid for which the statistics are compiled.',
  `cid` int(11) NOT NULL DEFAULT '0' COMMENT 'The comment.cid of the last comment.',
  `last_comment_timestamp` int(11) NOT NULL DEFAULT '0' COMMENT 'The Unix timestamp of the last comment that was posted within this node, from comment.changed.',
  `last_comment_name` varchar(60) DEFAULT NULL COMMENT 'The name of the latest author to post a comment on this node, from comment.name.',
  `last_comment_uid` int(11) NOT NULL DEFAULT '0' COMMENT 'The user ID of the latest author to post a comment on this node, from comment.uid.',
  `comment_count` int(10) unsigned NOT NULL DEFAULT '0' COMMENT 'The total number of comments on this node.',
  PRIMARY KEY (`nid`),
  KEY `node_comment_timestamp` (`last_comment_timestamp`),
  KEY `comment_count` (`comment_count`),
  KEY `last_comment_uid` (`last_comment_uid`)
) ENGINE=InnoDB DEFAULT CHARSET=utf8 COMMENT='Maintains statistics of node and comments posts to show ...';

--
-- Dumping data for table `node_comment_statistics`
--

INSERT INTO `node_comment_statistics` VALUES (1,0,1423572628,NULL,1,0),(4,0,1423646021,NULL,1,0),(5,0,1423646221,NULL,1,0),(6,0,1423646302,NULL,1,0),(7,0,1423646577,NULL,1,0),(8,0,1423646657,NULL,1,0),(9,0,1423646674,NULL,1,0),(10,0,1423818964,NULL,1,0),(11,0,1423819018,NULL,1,0),(12,1,1423819445,'',1,1),(13,0,1424679166,NULL,1,0),(14,0,1424679307,NULL,1,0),(16,0,1424679555,NULL,1,0),(17,0,1424679568,NULL,1,0),(18,0,1424679583,NULL,1,0),(19,0,1424679660,NULL,1,0),(20,0,1424679674,NULL,1,0),(21,0,1424679695,NULL,1,0),(24,0,1424680104,NULL,1,0),(25,0,1424680195,NULL,1,0),(26,0,1424680216,NULL,1,0),(27,0,1428666489,NULL,3,0),(29,0,1428666667,NULL,3,0),(30,0,1428907821,NULL,1,0),(31,0,1429255129,NULL,1,0),(32,0,1429255142,NULL,1,0),(33,0,1429255166,NULL,1,0),(34,0,1429255182,NULL,1,0),(39,0,1430140839,NULL,1,0),(40,0,1430140864,NULL,1,0),(41,0,1430141120,NULL,1,0),(42,0,1430201865,NULL,1,0),(43,0,1431327007,NULL,1,0),(44,0,1431327259,NULL,1,0),(45,0,1431327422,NULL,1,0),(46,0,1431328719,NULL,1,0),(47,0,1431345358,NULL,1,0),(48,0,1431345377,NULL,1,0),(49,0,1431408215,NULL,1,0),(50,0,1431408246,NULL,1,0),(51,0,1431408270,NULL,1,0),(53,0,1432807627,NULL,3,0),(55,0,1433244867,NULL,1,0),(56,0,1435129322,NULL,1,0),(57,0,1435129361,NULL,1,0),(58,0,1435129376,NULL,1,0),(59,0,1435129395,NULL,1,0),(60,0,1435129439,NULL,1,0),(61,0,1435129454,NULL,1,0),(62,0,1435129470,NULL,1,0),(63,0,1435129484,NULL,1,0),(64,0,1435129521,NULL,1,0),(65,0,1435129538,NULL,1,0),(66,0,1435129551,NULL,1,0),(67,0,1435129568,NULL,1,0),(68,0,1435129602,NULL,1,0),(69,0,1435129618,NULL,1,0),(70,0,1435129633,NULL,1,0),(71,0,1435129647,NULL,1,0),(72,0,1435129684,NULL,1,0),(73,0,1435129699,NULL,1,0),(74,0,1435129715,NULL,1,0),(75,0,1435129728,NULL,1,0),(80,2,1435133450,'',3,1),(89,0,1438860902,NULL,2,0),(90,0,1438861990,NULL,3,0),(91,0,1438870337,NULL,3,0),(92,0,1438873287,NULL,3,0),(93,0,1438880817,NULL,2,0),(96,0,1438950223,NULL,1,0),(97,0,1438950289,NULL,1,0),(98,0,1438950524,NULL,1,0),(99,0,1438952856,NULL,3,0),(100,0,1438957448,NULL,3,0),(101,0,1438958089,NULL,3,0),(102,0,1438985030,NULL,1,0),(103,0,1438985106,NULL,1,0),(104,0,1439015791,NULL,1,0),(108,0,1439039624,NULL,3,0),(109,0,1439043724,NULL,3,0),(110,0,1439044694,NULL,1,0),(111,0,1439044830,NULL,1,0),(112,0,1439044958,NULL,1,0),(113,0,1439106989,NULL,1,0),(114,0,1439107402,NULL,1,0),(115,0,1439107546,NULL,1,0),(116,0,1439107635,NULL,1,0),(117,0,1439107734,NULL,1,0),(118,0,1439119712,NULL,1,0),(119,0,1553855012,NULL,1,0),(120,0,1556876126,NULL,1,0),(122,0,1560850519,NULL,1,0),(123,0,1560852843,NULL,1,0),(125,0,1565174937,NULL,3,0),(127,0,1565293570,NULL,3,0),(128,0,1565355739,NULL,2,0),(129,0,1565505046,NULL,2,0),(130,0,1565505507,NULL,2,0);

--
-- Table structure for table `node_revision`
--

CREATE TABLE `node_revision` (
  `nid` int(10) unsigned NOT NULL DEFAULT '0' COMMENT 'The node this version belongs to.',
  `vid` int(10) unsigned NOT NULL AUTO_INCREMENT COMMENT 'The primary identifier for this version.',
  `uid` int(11) NOT NULL DEFAULT '0' COMMENT 'The users.uid that created this version.',
  `title` varchar(255) NOT NULL DEFAULT '' COMMENT 'The title of this version.',
  `log` longtext NOT NULL COMMENT 'The log entry explaining the changes in this version.',
  `timestamp` int(11) NOT NULL DEFAULT '0' COMMENT 'A Unix timestamp indicating when this version was created.',
  `status` int(11) NOT NULL DEFAULT '1' COMMENT 'Boolean indicating whether the node (at the time of this revision) is published (visible to non-administrators).',
  `comment` int(11) NOT NULL DEFAULT '0' COMMENT 'Whether comments are allowed on this node (at the time of this revision): 0 = no, 1 = closed (read only), 2 = open (read/write).',
  `promote` int(11) NOT NULL DEFAULT '0' COMMENT 'Boolean indicating whether the node (at the time of this revision) should be displayed on the front page.',
  `sticky` int(11) NOT NULL DEFAULT '0' COMMENT 'Boolean indicating whether the node (at the time of this revision) should be displayed at the top of lists in which it appears.',
  `ds_switch` varchar(255) NOT NULL DEFAULT '',
  PRIMARY KEY (`vid`),
  KEY `nid` (`nid`),
  KEY `uid` (`uid`)
) ENGINE=InnoDB AUTO_INCREMENT=131 DEFAULT CHARSET=utf8 COMMENT='Stores information about each saved version of a node.';

--
-- Dumping data for table `node_revision`
--

INSERT INTO `node_revision` VALUES (1,1,2,'Contact information','',1428917682,1,1,0,0,''),(4,4,1,'Welcome to the Nordic Cadet Meeting 2015.','',1430289783,1,1,0,0,''),(5,5,2,'Fotball','',1424250687,1,1,0,0,''),(6,6,3,'Naval academy personnel','',1428662858,1,1,0,0,''),(7,7,3,'Cadets','',1438688887,1,1,0,0,''),(8,8,1,'Ceremoni','',1423646657,1,1,0,0,''),(9,9,3,'NOCA-tent','',1536320685,1,1,0,0,''),(10,10,1,'Fredag','',1423818964,1,1,0,0,''),(11,11,1,'Fredag eftermiddag','',1423819065,1,1,0,0,''),(12,12,1,'Welcome to the Nordic Cadet Meeting 2015','',1553854410,0,0,1,0,''),(13,13,1,'Welcome to Kalmar','',1560852766,1,1,0,0,''),(14,14,1,'Football','',1557127514,1,1,0,0,''),(16,16,1,'Volleyball','',1557124218,1,1,0,0,''),(17,17,1,'Swimming','',1557127395,1,1,0,0,''),(18,18,1,'Tug of war','',1557127693,1,1,0,0,''),(19,19,3,'Cross country run','',1435136020,1,1,0,0,''),(20,20,2,'Naval combat course','',1431428435,1,1,0,0,''),(21,21,2,'Academic seminar','',1561620119,1,1,0,0,''),(24,24,3,'Opening and closing cermonies','',1438679225,1,1,0,0,''),(25,25,3,'General Instructions','',1438688776,1,1,0,0,''),(26,26,3,'Church service','',1432646071,1,1,0,0,''),(27,27,3,'NOCA web ready for release','',1428666884,1,1,0,0,''),(29,29,3,'No one basic page!!','',1428666667,1,1,0,0,''),(30,30,1,'History','',1428907821,1,1,0,0,''),(31,31,1,'Sweden','',1557128219,1,1,0,0,''),(32,32,1,'Finland','',1557128206,1,1,0,0,''),(33,33,1,'Norway','',1557128194,1,1,0,0,''),(34,34,1,'Denmark','',1557128179,1,1,0,0,''),(39,39,1,'Vidoe 1','',1553854480,0,2,0,0,''),(40,40,1,'Video 2','',1553854480,0,1,0,0,''),(41,41,1,'Photos','',1438838947,1,1,0,0,''),(42,42,1,'Hiss','',1553854480,0,1,0,0,''),(43,43,2,'Football - De','',1565277668,1,1,0,0,''),(44,44,2,'Football - Se','',1565277619,1,1,0,0,''),(45,45,2,'Volleyball - Se','',1565418173,1,1,0,0,''),(46,46,1,'Results all competitions','',1435309037,1,1,0,0,''),(47,47,2,'Football - No','',1565277580,1,1,0,0,''),(48,48,2,'Football - Fi','',1565277537,1,1,0,0,''),(49,49,2,'Volleyball - No','',1565418199,1,1,0,0,''),(50,50,2,'Volleyball - Fi','',1565418230,1,1,0,0,''),(51,51,2,'Volleyball - De','',1565418259,1,1,0,0,''),(53,53,1,'The planning of NOCA 2015 runs smoothly','',1553854410,0,1,1,0,''),(55,55,3,'Assets','',1565302698,1,1,0,0,''),(56,56,2,'Cross country run - DK','',1565277503,1,1,0,0,''),(57,57,2,'Cross country run - FI','',1565277473,1,1,0,0,''),(58,58,2,'Cross country run - NO','',1565277430,1,1,0,0,''),(59,59,2,'Cross country run - SE','',1565277381,1,1,0,0,''),(60,60,2,'Naval combat course - NO','',1565474309,1,1,0,0,''),(61,61,2,'Naval combat course - FI','',1565474239,1,1,0,0,''),(62,62,2,'Naval combat course - DE','',1565474209,1,1,0,0,''),(63,63,2,'Naval combat course -SE','',1565474160,1,1,0,0,''),(64,64,2,'Sailing - FI','',1438984505,1,1,0,0,''),(65,65,2,'Sailing - DE','',1438984335,1,1,0,0,''),(66,66,2,'Sailing - NO','',1438984199,1,1,0,0,''),(67,67,2,'Sailing - SE','',1438984433,1,1,0,0,''),(68,68,2,'Swimming - DE','',1565360301,1,1,0,0,''),(69,69,2,'Swimming - FI','',1565360361,1,1,0,0,''),(70,70,2,'Swimming - NO','',1565360330,1,1,0,0,''),(71,71,2,'Swimming - SE','',1565360267,1,1,0,0,''),(72,72,2,'Tug of war - DE','',1565474096,1,1,0,0,''),(73,73,2,'Tug of war - FI','',1565474123,1,1,0,0,''),(74,74,2,'Tug of war - NO','',1565473995,1,1,0,0,''),(75,75,2,'Tug of war - SE','',1565473948,1,1,0,0,''),(80,80,1,'A warm welcome to Ystad!','',1553854410,0,0,1,0,''),(89,89,1,'Recrutment event at HMS Gladan','',1553854410,0,1,1,0,''),(90,90,1,'Sailing day one','',1553854410,0,1,1,0,''),(91,91,1,'Grand opening, NOCA 2015','',1553854410,0,1,1,0,''),(92,92,1,'Football tournament NOCA 2015 ','',1553854410,0,1,1,0,''),(93,93,1,'Tug of War, NOCA 2015','',1553854410,0,1,1,0,''),(96,96,1,'NOCA 2015 - Sailing','',1553854480,0,1,0,0,''),(97,97,1,'NOCA 2015v - Norwegian victory','',1553854480,0,1,0,0,''),(98,98,1,'Football warmup','',1553854480,0,1,1,0,''),(99,99,1,'Academic Seminar at Norreportsskolan','',1553854410,0,1,1,0,''),(100,100,1,'Cross country run','',1553854410,0,1,1,0,''),(101,101,1,'Nordic cadetmeeting swimming Ystad 2015','',1553854410,0,1,1,0,''),(102,102,1,'Cross country run - the finish','',1553854480,0,1,0,0,''),(103,103,1,'Boot tossing at Viking Challange','',1553854480,0,1,0,0,''),(104,104,2,'Cross Country Results','',1565355308,1,1,0,0,''),(108,108,1,'NOCA volleyball tournament','',1553854410,0,1,1,0,''),(109,109,1,'Naval combat Course','',1553854410,0,1,1,0,''),(110,110,1,'Throwing of handgranates at NCC','',1553854480,0,1,0,0,''),(111,111,1,'NCC Atmosphere 2','',1553854480,0,1,0,0,''),(112,112,1,'NCC atmosphere 1','',1553854480,0,1,0,0,''),(113,113,2,'Swimming Results','',1565504205,1,1,0,0,''),(114,114,2,'Naval combat course results','',1565504705,1,1,0,0,''),(115,115,2,'Tug of war results','',1565504831,1,1,0,0,''),(116,116,2,'Volleyball results','',1565504339,1,1,0,0,''),(117,117,2,'Football results','',1565355906,1,1,0,0,''),(118,118,1,'Cross country run','',1553854480,0,1,0,0,''),(119,119,1,'Photos','',1557128571,0,1,0,0,''),(120,120,1,'Photos','',1565329605,1,1,0,0,''),(122,122,2,'Map','',1565077548,1,1,0,0,''),(123,123,1,'Welcome to NOCA 2019','',1560853149,1,1,1,0,''),(125,125,3,'WiFi at Stagnelius school','',1565180398,1,1,1,0,''),(127,127,2,'Photos at the web page','',1565346243,1,1,1,0,''),(128,128,2,'Detailed results from thursday available!','',1565355739,1,1,1,0,''),(129,129,2,'Competition results','',1565505697,1,1,1,0,''),(130,130,2,'NOCA 2019 Winner announcement!','',1565505555,1,1,1,0,'');

--
-- Table structure for table `node_type`
--

CREATE TABLE `node_type` (
  `type` varchar(32) NOT NULL COMMENT 'The machine-readable name of this type.',
  `name` varchar(255) NOT NULL DEFAULT '' COMMENT 'The human-readable name of this type.',
  `base` varchar(255) NOT NULL COMMENT 'The base string used to construct callbacks corresponding to this node type.',
  `module` varchar(255) NOT NULL COMMENT 'The module defining this node type.',
  `description` mediumtext NOT NULL COMMENT 'A brief description of this type.',
  `help` mediumtext NOT NULL COMMENT 'Help information shown to the user when creating a node of this type.',
  `has_title` tinyint(3) unsigned NOT NULL COMMENT 'Boolean indicating whether this type uses the node.title field.',
  `title_label` varchar(255) NOT NULL DEFAULT '' COMMENT 'The label displayed for the title field on the edit form.',
  `custom` tinyint(4) NOT NULL DEFAULT '0' COMMENT 'A boolean indicating whether this type is defined by a module (FALSE) or by a user via Add content type (TRUE).',
  `modified` tinyint(4) NOT NULL DEFAULT '0' COMMENT 'A boolean indicating whether this type has been modified by an administrator; currently not used in any way.',
  `locked` tinyint(4) NOT NULL DEFAULT '0' COMMENT 'A boolean indicating whether the administrator can change the machine name of this type.',
  `disabled` tinyint(4) NOT NULL DEFAULT '0' COMMENT 'A boolean indicating whether the node type is disabled.',
  `orig_type` varchar(255) NOT NULL DEFAULT '' COMMENT 'The original machine-readable name of this node type. This may be different from the current type name if the locked field is 0.',
  PRIMARY KEY (`type`)
) ENGINE=InnoDB DEFAULT CHARSET=utf8 COMMENT='Stores information about all defined node types.';

--
-- Dumping data for table `node_type`
--

INSERT INTO `node_type` VALUES ('accomodation','Accomodation','node_content','node','Accomodation','',1,'Title',1,1,0,0,'accomodation'),('article','Article','node_content','node','Use <em>articles</em> for time-sensitive content like news, press releases or blog posts.','',1,'Title',1,1,0,0,'article'),('assets','Assets','node_content','node','','',1,'Title',1,1,0,0,'assets'),('ceremonies','Ceremonies','node_content','node','Ceremonies','',1,'Title',1,1,0,0,'ceremonies'),('competition','Competition','node_content','node','Competition','',1,'Title',1,1,0,0,'competition'),('comp_result','Competition results','node_content','node','','',1,'Title',1,1,0,0,'comp_result'),('country','Country','node_content','node','','',1,'Title',1,1,0,0,'country'),('news','News','node_content','node','News','',1,'Title',1,1,0,0,'news'),('noca_article','NOCA Article','node_content','node','NOCA Article','',1,'Title',1,1,0,0,'noca_article'),('page','Basic page','node_content','node','Use <em>basic pages</em> for your static content, such as an \'About us\' page.','',1,'Title',1,1,0,0,'page'),('video','Video','node_content','node','','',1,'Title',1,1,0,0,'video');

--
-- Table structure for table `queue`
--

CREATE TABLE `queue` (
  `item_id` int(10) unsigned NOT NULL AUTO_INCREMENT COMMENT 'Primary Key: Unique item ID.',
  `name` varchar(255) NOT NULL DEFAULT '' COMMENT 'The queue name.',
  `data` longblob COMMENT 'The arbitrary data for the item.',
  `expire` int(11) NOT NULL DEFAULT '0' COMMENT 'Timestamp when the claim lease expires on the item.',
  `created` int(11) NOT NULL DEFAULT '0' COMMENT 'Timestamp when the item was created.',
  PRIMARY KEY (`item_id`),
  KEY `name_created` (`name`,`created`),
  KEY `expire` (`expire`)
) ENGINE=InnoDB AUTO_INCREMENT=691 DEFAULT CHARSET=utf8 COMMENT='Stores items in queues.';

--
-- Dumping data for table `queue`
--


--
-- Table structure for table `rdf_mapping`
--

CREATE TABLE `rdf_mapping` (
  `type` varchar(128) NOT NULL COMMENT 'The name of the entity type a mapping applies to (node, user, comment, etc.).',
  `bundle` varchar(128) NOT NULL COMMENT 'The name of the bundle a mapping applies to.',
  `mapping` longblob COMMENT 'The serialized mapping of the bundle type and fields to RDF terms.',
  PRIMARY KEY (`type`,`bundle`)
) ENGINE=InnoDB DEFAULT CHARSET=utf8 COMMENT='Stores custom RDF mappings for user defined content types...';

--
-- Dumping data for table `rdf_mapping`
--

INSERT INTO `rdf_mapping` VALUES ('node','article','a:11:{s:11:\"field_image\";a:2:{s:10:\"predicates\";a:2:{i:0;s:8:\"og:image\";i:1;s:12:\"rdfs:seeAlso\";}s:4:\"type\";s:3:\"rel\";}s:10:\"field_tags\";a:2:{s:10:\"predicates\";a:1:{i:0;s:10:\"dc:subject\";}s:4:\"type\";s:3:\"rel\";}s:7:\"rdftype\";a:2:{i:0;s:9:\"sioc:Item\";i:1;s:13:\"foaf:Document\";}s:5:\"title\";a:1:{s:10:\"predicates\";a:1:{i:0;s:8:\"dc:title\";}}s:7:\"created\";a:3:{s:10:\"predicates\";a:2:{i:0;s:7:\"dc:date\";i:1;s:10:\"dc:created\";}s:8:\"datatype\";s:12:\"xsd:dateTime\";s:8:\"callback\";s:12:\"date_iso8601\";}s:7:\"changed\";a:3:{s:10:\"predicates\";a:1:{i:0;s:11:\"dc:modified\";}s:8:\"datatype\";s:12:\"xsd:dateTime\";s:8:\"callback\";s:12:\"date_iso8601\";}s:4:\"body\";a:1:{s:10:\"predicates\";a:1:{i:0;s:15:\"content:encoded\";}}s:3:\"uid\";a:2:{s:10:\"predicates\";a:1:{i:0;s:16:\"sioc:has_creator\";}s:4:\"type\";s:3:\"rel\";}s:4:\"name\";a:1:{s:10:\"predicates\";a:1:{i:0;s:9:\"foaf:name\";}}s:13:\"comment_count\";a:2:{s:10:\"predicates\";a:1:{i:0;s:16:\"sioc:num_replies\";}s:8:\"datatype\";s:11:\"xsd:integer\";}s:13:\"last_activity\";a:3:{s:10:\"predicates\";a:1:{i:0;s:23:\"sioc:last_activity_date\";}s:8:\"datatype\";s:12:\"xsd:dateTime\";s:8:\"callback\";s:12:\"date_iso8601\";}}'),('node','page','a:9:{s:7:\"rdftype\";a:1:{i:0;s:13:\"foaf:Document\";}s:5:\"title\";a:1:{s:10:\"predicates\";a:1:{i:0;s:8:\"dc:title\";}}s:7:\"created\";a:3:{s:10:\"predicates\";a:2:{i:0;s:7:\"dc:date\";i:1;s:10:\"dc:created\";}s:8:\"datatype\";s:12:\"xsd:dateTime\";s:8:\"callback\";s:12:\"date_iso8601\";}s:7:\"changed\";a:3:{s:10:\"predicates\";a:1:{i:0;s:11:\"dc:modified\";}s:8:\"datatype\";s:12:\"xsd:dateTime\";s:8:\"callback\";s:12:\"date_iso8601\";}s:4:\"body\";a:1:{s:10:\"predicates\";a:1:{i:0;s:15:\"content:encoded\";}}s:3:\"uid\";a:2:{s:10:\"predicates\";a:1:{i:0;s:16:\"sioc:has_creator\";}s:4:\"type\";s:3:\"rel\";}s:4:\"name\";a:1:{s:10:\"predicates\";a:1:{i:0;s:9:\"foaf:name\";}}s:13:\"comment_count\";a:2:{s:10:\"predicates\";a:1:{i:0;s:16:\"sioc:num_replies\";}s:8:\"datatype\";s:11:\"xsd:integer\";}s:13:\"last_activity\";a:3:{s:10:\"predicates\";a:1:{i:0;s:23:\"sioc:last_activity_date\";}s:8:\"datatype\";s:12:\"xsd:dateTime\";s:8:\"callback\";s:12:\"date_iso8601\";}}');

--
-- Table structure for table `registry`
--

CREATE TABLE `registry` (
  `name` varchar(255) NOT NULL DEFAULT '' COMMENT 'The name of the function, class, or interface.',
  `type` varchar(9) NOT NULL DEFAULT '' COMMENT 'Either function or class or interface.',
  `filename` varchar(255) NOT NULL COMMENT 'Name of the file.',
  `module` varchar(255) NOT NULL DEFAULT '' COMMENT 'Name of the module the file belongs to.',
  `weight` int(11) NOT NULL DEFAULT '0' COMMENT 'The order in which this module’s hooks should be invoked relative to other modules. Equal-weighted modules are ordered by name.',
  PRIMARY KEY (`name`,`type`),
  KEY `hook` (`type`,`weight`,`module`)
) ENGINE=InnoDB DEFAULT CHARSET=utf8 COMMENT='Each record is a function, class, or interface name and...';

--
-- Dumping data for table `registry`
--

INSERT INTO `registry` VALUES ('AccessDeniedTestCase','class','modules/system/system.test','system',0),('AdminMetaTagTestCase','class','modules/system/system.test','system',0),('ArchiverInterface','interface','includes/archiver.inc','',0),('ArchiverTar','class','modules/system/system.archiver.inc','system',0),('ArchiverZip','class','modules/system/system.archiver.inc','system',0),('Archive_Tar','class','modules/system/system.tar.inc','system',0),('BatchMemoryQueue','class','includes/batch.queue.inc','',0),('BatchQueue','class','includes/batch.queue.inc','',0),('BlockAdminThemeTestCase','class','modules/block/block.test','block',-5),('BlockCacheTestCase','class','modules/block/block.test','block',-5),('BlockHashTestCase','class','modules/block/block.test','block',-5),('BlockHiddenRegionTestCase','class','modules/block/block.test','block',-5),('BlockHTMLIdTestCase','class','modules/block/block.test','block',-5),('BlockInvalidRegionTestCase','class','modules/block/block.test','block',-5),('BlockTemplateSuggestionsUnitTest','class','modules/block/block.test','block',-5),('BlockTestCase','class','modules/block/block.test','block',-5),('BlockViewModuleDeltaAlterWebTest','class','modules/block/block.test','block',-5),('CkeditorTest','class','sites/all/modules/ckeditor/tests/ckeditor.test','ckeditor',0),('ColorTestCase','class','modules/color/color.test','color',0),('ColorUnitTestCase','class','modules/color/color.test','color',0),('CommentActionsTestCase','class','modules/comment/comment.test','comment',0),('CommentAnonymous','class','modules/comment/comment.test','comment',0),('CommentApprovalTest','class','modules/comment/comment.test','comment',0),('CommentBlockFunctionalTest','class','modules/comment/comment.test','comment',0),('CommentContentRebuild','class','modules/comment/comment.test','comment',0),('CommentController','class','modules/comment/comment.module','comment',0),('CommentFieldsTest','class','modules/comment/comment.test','comment',0),('CommentHelperCase','class','modules/comment/comment.test','comment',0),('CommentInterfaceTest','class','modules/comment/comment.test','comment',0),('CommentNodeAccessTest','class','modules/comment/comment.test','comment',0),('CommentNodeChangesTestCase','class','modules/comment/comment.test','comment',0),('CommentPagerTest','class','modules/comment/comment.test','comment',0),('CommentPreviewTest','class','modules/comment/comment.test','comment',0),('CommentRSSUnitTest','class','modules/comment/comment.test','comment',0),('CommentThreadingTestCase','class','modules/comment/comment.test','comment',0),('CommentTokenReplaceTestCase','class','modules/comment/comment.test','comment',0),('CommentUninstallTestCase','class','modules/comment/comment.test','comment',0),('ConfirmFormTest','class','modules/system/system.test','system',0),('ContextualDynamicContextTestCase','class','modules/contextual/contextual.test','contextual',0),('CronQueueTestCase','class','modules/system/system.test','system',0),('CronRunTestCase','class','modules/system/system.test','system',0),('CSSInjectorTest','class','sites/all/modules/css_injector/css_injector.test','css_injector',0),('CtoolsContextIDTestCase','class','sites/all/modules/ctools/tests/context.test','ctools',0),('CtoolsContextKeywordsSubstitutionTestCase','class','sites/all/modules/ctools/tests/context.test','ctools',0),('CtoolsContextUnitTestCase','class','sites/all/modules/ctools/tests/context.test','ctools',0),('CToolsCssCache','class','sites/all/modules/ctools/includes/css-cache.inc','ctools',0),('CtoolsCSSObjectCache','class','sites/all/modules/ctools/tests/css_cache.test','ctools',0),('CtoolsCssTestCase','class','sites/all/modules/ctools/tests/css.test','ctools',0),('CtoolsMathExpressionStackTestCase','class','sites/all/modules/ctools/tests/math_expression_stack.test','ctools',0),('CtoolsMathExpressionTestCase','class','sites/all/modules/ctools/tests/math_expression.test','ctools',0),('CtoolsModuleTestCase','class','sites/all/modules/ctools/tests/ctools.test','ctools',0),('CtoolsObjectCache','class','sites/all/modules/ctools/tests/object_cache.test','ctools',0),('CtoolsPageTokens','class','sites/all/modules/ctools/tests/page_tokens.test','ctools',0),('CtoolsPluginsGetInfoTestCase','class','sites/all/modules/ctools/tests/ctools.plugins.test','ctools',0),('CtoolsUnitObjectCachePlugins','class','sites/all/modules/ctools/tests/object_cache_unit.test','ctools',0),('ctools_context','class','sites/all/modules/ctools/includes/context.inc','ctools',0),('ctools_context_optional','class','sites/all/modules/ctools/includes/context.inc','ctools',0),('ctools_context_required','class','sites/all/modules/ctools/includes/context.inc','ctools',0),('ctools_export_ui','class','sites/all/modules/ctools/plugins/export_ui/ctools_export_ui.class.php','ctools',0),('ctools_math_expr','class','sites/all/modules/ctools/includes/math-expr.inc','ctools',0),('ctools_math_expr_stack','class','sites/all/modules/ctools/includes/math-expr.inc','ctools',0),('ctools_stylizer_image_processor','class','sites/all/modules/ctools/includes/stylizer.inc','ctools',0),('DashboardBlocksTestCase','class','modules/dashboard/dashboard.test','dashboard',0),('Database','class','includes/database/database.inc','',0),('DatabaseCondition','class','includes/database/query.inc','',0),('DatabaseConnection','class','includes/database/database.inc','',0),('DatabaseConnectionNotDefinedException','class','includes/database/database.inc','',0),('DatabaseConnection_mysql','class','includes/database/mysql/database.inc','',0),('DatabaseConnection_pgsql','class','includes/database/pgsql/database.inc','',0),('DatabaseConnection_sqlite','class','includes/database/sqlite/database.inc','',0),('DatabaseDriverNotSpecifiedException','class','includes/database/database.inc','',0),('DatabaseLog','class','includes/database/log.inc','',0),('DatabaseSchema','class','includes/database/schema.inc','',0),('DatabaseSchemaObjectDoesNotExistException','class','includes/database/schema.inc','',0),('DatabaseSchemaObjectExistsException','class','includes/database/schema.inc','',0),('DatabaseSchema_mysql','class','includes/database/mysql/schema.inc','',0),('DatabaseSchema_pgsql','class','includes/database/pgsql/schema.inc','',0),('DatabaseSchema_sqlite','class','includes/database/sqlite/schema.inc','',0),('DatabaseStatementBase','class','includes/database/database.inc','',0),('DatabaseStatementEmpty','class','includes/database/database.inc','',0),('DatabaseStatementInterface','interface','includes/database/database.inc','',0),('DatabaseStatementPrefetch','class','includes/database/prefetch.inc','',0),('DatabaseStatement_sqlite','class','includes/database/sqlite/database.inc','',0),('DatabaseTaskException','class','includes/install.inc','',0),('DatabaseTasks','class','includes/install.inc','',0),('DatabaseTasks_mysql','class','includes/database/mysql/install.inc','',0),('DatabaseTasks_pgsql','class','includes/database/pgsql/install.inc','',0),('DatabaseTasks_sqlite','class','includes/database/sqlite/install.inc','',0),('DatabaseTransaction','class','includes/database/database.inc','',0),('DatabaseTransactionCommitFailedException','class','includes/database/database.inc','',0),('DatabaseTransactionExplicitCommitNotAllowedException','class','includes/database/database.inc','',0),('DatabaseTransactionNameNonUniqueException','class','includes/database/database.inc','',0),('DatabaseTransactionNoActiveException','class','includes/database/database.inc','',0),('DatabaseTransactionOutOfOrderException','class','includes/database/database.inc','',0),('DateFormatTestCase','class','modules/system/system.test','system',0),('DateTimeFunctionalTest','class','modules/system/system.test','system',0),('DBLogTestCase','class','modules/dblog/dblog.test','dblog',0),('DefaultMailSystem','class','modules/system/system.mail.inc','system',0),('DeleteQuery','class','includes/database/query.inc','',0),('DeleteQuery_sqlite','class','includes/database/sqlite/query.inc','',0),('DrupalCacheArray','class','includes/bootstrap.inc','',0),('DrupalCacheInterface','interface','includes/cache.inc','',0),('DrupalDatabaseCache','class','includes/cache.inc','',0),('DrupalDefaultEntityController','class','includes/entity.inc','',0),('DrupalEntityControllerInterface','interface','includes/entity.inc','',0),('DrupalFakeCache','class','includes/cache-install.inc','',0),('DrupalLocalStreamWrapper','class','includes/stream_wrappers.inc','',0),('DrupalPrivateStreamWrapper','class','includes/stream_wrappers.inc','',0),('DrupalPublicStreamWrapper','class','includes/stream_wrappers.inc','',0),('DrupalQueue','class','modules/system/system.queue.inc','system',0),('DrupalQueueInterface','interface','modules/system/system.queue.inc','system',0),('DrupalReliableQueueInterface','interface','modules/system/system.queue.inc','system',0),('DrupalRequestSanitizer','class','includes/request-sanitizer.inc','',0),('DrupalSetMessageTest','class','modules/system/system.test','system',0),('DrupalStreamWrapperInterface','interface','includes/stream_wrappers.inc','',0),('DrupalTemporaryStreamWrapper','class','includes/stream_wrappers.inc','',0),('DrupalUpdateException','class','includes/update.inc','',0),('DrupalUpdaterInterface','interface','includes/updater.inc','',0),('dsBaseTest','class','sites/all/modules/ds/tests/ds.base.test','ds',0),('dsExportablesTests','class','sites/all/modules/ds/tests/ds.exportables.test','ds',0),('dsFieldPermissionTests','class','sites/all/modules/ds/tests/ds.base.test','ds',0),('dsFieldsTests','class','sites/all/modules/ds/tests/ds.base.test','ds',0),('dsFormTests','class','sites/all/modules/ds/tests/ds.forms.test','ds',0),('dsHooksTests','class','sites/all/modules/ds/tests/ds.base.test','ds',0),('dsLayoutsClassesTests','class','sites/all/modules/ds/tests/ds.base.test','ds',0),('dsNodeTests','class','sites/all/modules/ds/tests/ds.entities.test','ds',1),('dsSearchTests','class','sites/all/modules/ds/tests/ds.search.test','ds',0),('dsViewModesTests','class','sites/all/modules/ds/tests/ds.base.test','ds',0),('dsViewsTests','class','sites/all/modules/ds/tests/ds.views.test','ds',0),('EnableDisableTestCase','class','modules/system/system.test','system',0),('EntityFieldQuery','class','includes/entity.inc','',0),('EntityFieldQueryException','class','includes/entity.inc','',0),('EntityMalformedException','class','includes/entity.inc','',0),('EntityPropertiesTestCase','class','modules/field/tests/field.test','field',0),('FieldAttachOtherTestCase','class','modules/field/tests/field.test','field',0),('FieldAttachStorageTestCase','class','modules/field/tests/field.test','field',0),('FieldAttachTestCase','class','modules/field/tests/field.test','field',0),('FieldBulkDeleteTestCase','class','modules/field/tests/field.test','field',0),('FieldCrudTestCase','class','modules/field/tests/field.test','field',0),('FieldDisplayAPITestCase','class','modules/field/tests/field.test','field',0),('FieldException','class','modules/field/field.module','field',0),('FieldFormTestCase','class','modules/field/tests/field.test','field',0),('FieldInfo','class','modules/field/field.info.class.inc','field',0),('FieldInfoTestCase','class','modules/field/tests/field.test','field',0),('FieldInstanceCrudTestCase','class','modules/field/tests/field.test','field',0),('FieldsOverlapException','class','includes/database/database.inc','',0),('FieldSqlStorageTestCase','class','modules/field/modules/field_sql_storage/field_sql_storage.test','field_sql_storage',0),('FieldTestCase','class','modules/field/tests/field.test','field',0),('FieldTranslationsTestCase','class','modules/field/tests/field.test','field',0),('FieldUIAlterTestCase','class','modules/field_ui/field_ui.test','field_ui',0),('FieldUIManageDisplayTestCase','class','modules/field_ui/field_ui.test','field_ui',0),('FieldUIManageFieldsTestCase','class','modules/field_ui/field_ui.test','field_ui',0),('FieldUITestCase','class','modules/field_ui/field_ui.test','field_ui',0),('FieldUpdateForbiddenException','class','modules/field/field.module','field',0),('FieldValidationException','class','modules/field/field.attach.inc','field',0),('FileFieldAnonymousSubmission','class','modules/file/tests/file.test','file',0),('FileFieldDisplayTestCase','class','modules/file/tests/file.test','file',0),('FileFieldPathTestCase','class','modules/file/tests/file.test','file',0),('FileFieldRevisionTestCase','class','modules/file/tests/file.test','file',0),('FileFieldTestCase','class','modules/file/tests/file.test','file',0),('FileFieldValidateTestCase','class','modules/file/tests/file.test','file',0),('FileFieldWidgetTestCase','class','modules/file/tests/file.test','file',0),('FileManagedFileElementTestCase','class','modules/file/tests/file.test','file',0),('FilePrivateTestCase','class','modules/file/tests/file.test','file',0),('FileScanDirectory','class','modules/file/tests/file.test','file',0),('FileTaxonomyTermTestCase','class','modules/file/tests/file.test','file',0),('FileThemeImplementationsTestCase','class','modules/file/tests/file.test','file',0),('FileTokenReplaceTestCase','class','modules/file/tests/file.test','file',0),('FileTransfer','class','includes/filetransfer/filetransfer.inc','',0),('FileTransferChmodInterface','interface','includes/filetransfer/filetransfer.inc','',0),('FileTransferException','class','includes/filetransfer/filetransfer.inc','',0),('FileTransferFTP','class','includes/filetransfer/ftp.inc','',0),('FileTransferFTPExtension','class','includes/filetransfer/ftp.inc','',0),('FileTransferLocal','class','includes/filetransfer/local.inc','',0),('FileTransferSSH','class','includes/filetransfer/ssh.inc','',0),('FilterAdminTestCase','class','modules/filter/filter.test','filter',0),('FilterCRUDTestCase','class','modules/filter/filter.test','filter',0),('FilterDefaultFormatTestCase','class','modules/filter/filter.test','filter',0),('FilterDOMSerializeTestCase','class','modules/filter/filter.test','filter',0),('FilterFormatAccessTestCase','class','modules/filter/filter.test','filter',0),('FilterHooksTestCase','class','modules/filter/filter.test','filter',0),('FilterNoFormatTestCase','class','modules/filter/filter.test','filter',0),('FilterSecurityTestCase','class','modules/filter/filter.test','filter',0),('FilterSettingsTestCase','class','modules/filter/filter.test','filter',0),('FilterUnitTestCase','class','modules/filter/filter.test','filter',0),('FloodFunctionalTest','class','modules/system/system.test','system',0),('FrontPageTestCase','class','modules/system/system.test','system',0),('HelpTestCase','class','modules/help/help.test','help',0),('HookRequirementsTestCase','class','modules/system/system.test','system',0),('HtaccessTest','class','modules/system/system.test','system',0),('ImageAdminStylesUnitTest','class','modules/image/image.test','image',0),('ImageAdminUiTestCase','class','modules/image/image.test','image',0),('ImageDimensionsScaleTestCase','class','modules/image/image.test','image',0),('ImageDimensionsTestCase','class','modules/image/image.test','image',0),('ImageEffectsUnitTest','class','modules/image/image.test','image',0),('ImageFieldDefaultImagesTestCase','class','modules/image/image.test','image',0),('ImageFieldDisplayTestCase','class','modules/image/image.test','image',0),('ImageFieldTestCase','class','modules/image/image.test','image',0),('ImageFieldValidateTestCase','class','modules/image/image.test','image',0),('ImageStyleFlushTest','class','modules/image/image.test','image',0),('ImageStylesHTTPHeadersTestCase','class','modules/image/image.test','image',0),('ImageStylesPathAndUrlTestCase','class','modules/image/image.test','image',0),('ImageThemeFunctionWebTestCase','class','modules/image/image.test','image',0),('InfoFileParserTestCase','class','modules/system/system.test','system',0),('InsertQuery','class','includes/database/query.inc','',0),('InsertQuery_mysql','class','includes/database/mysql/query.inc','',0),('InsertQuery_pgsql','class','includes/database/pgsql/query.inc','',0),('InsertQuery_sqlite','class','includes/database/sqlite/query.inc','',0),('InvalidMergeQueryException','class','includes/database/database.inc','',0),('InvalidQueryConditionOperatorException','class','includes/database/database.inc','',0),('IPAddressBlockingTestCase','class','modules/system/system.test','system',0),('JqueryUpdateTestCase','class','sites/all/modules/jquery_update/tests/jquery_update.test','jquery_update',0),('ListDynamicValuesTestCase','class','modules/field/modules/list/tests/list.test','list',0),('ListDynamicValuesValidationTestCase','class','modules/field/modules/list/tests/list.test','list',0),('ListFieldTestCase','class','modules/field/modules/list/tests/list.test','list',0),('ListFieldUITestCase','class','modules/field/modules/list/tests/list.test','list',0),('MailSystemInterface','interface','includes/mail.inc','',0),('MediaEntityTest','class','sites/all/modules/media/test/media.entity.test','media',0),('MediaFileUsageTest','class','sites/all/modules/media/test/media.file.usage.test','media',0),('MediaInternetBaseHandler','class','sites/all/modules/media/modules/media_internet/includes/MediaInternetBaseHandler.inc','media_internet',0),('MediaInternetFileHandler','class','sites/all/modules/media/modules/media_internet/includes/MediaInternetFileHandler.inc','media_internet',0),('MediaInternetNoHandlerException','class','sites/all/modules/media/modules/media_internet/includes/MediaInternetNoHandlerException.inc','media_internet',0),('MediaInternetValidationException','class','sites/all/modules/media/modules/media_internet/includes/MediaInternetValidationException.inc','media_internet',0),('MediaInternetYouTubeHandler','class','sites/all/modules/media_youtube/includes/MediaInternetYouTubeHandler.inc','media_youtube',0),('MediaInternetYouTubeTestCase','class','sites/all/modules/media_youtube/media_youtube.test','media_youtube',0),('MediaReadOnlyStreamWrapper','class','sites/all/modules/media/includes/MediaReadOnlyStreamWrapper.inc','media',0),('MediaTypeTest','class','sites/all/modules/media/test/media.types.test','media',0),('MediaYouTubeStreamWrapper','class','sites/all/modules/media_youtube/includes/MediaYouTubeStreamWrapper.inc','media_youtube',0),('MediaYouTubeTestHelper','class','sites/all/modules/media_youtube/media_youtube.test','media_youtube',0),('MemoryQueue','class','modules/system/system.queue.inc','system',0),('MenuNodeTestCase','class','modules/menu/menu.test','menu',0),('MenuTestCase','class','modules/menu/menu.test','menu',0),('MergeQuery','class','includes/database/query.inc','',0),('MigrateYoutubeFieldHandler','class','sites/all/modules/youtube/youtube.migrate.inc','youtube',0),('ModuleDependencyTestCase','class','modules/system/system.test','system',0),('ModuleRequiredTestCase','class','modules/system/system.test','system',0),('ModuleTestCase','class','modules/system/system.test','system',0),('ModuleUpdater','class','modules/system/system.updater.inc','system',0),('ModuleVersionTestCase','class','modules/system/system.test','system',0),('MultiStepNodeFormBasicOptionsTest','class','modules/node/node.test','node',0),('NewDefaultThemeBlocks','class','modules/block/block.test','block',-5),('NodeAccessBaseTableTestCase','class','modules/node/node.test','node',0),('NodeAccessFieldTestCase','class','modules/node/node.test','node',0),('NodeAccessPagerTestCase','class','modules/node/node.test','node',0),('NodeAccessRebuildTestCase','class','modules/node/node.test','node',0),('NodeAccessRecordsTestCase','class','modules/node/node.test','node',0),('NodeAccessTestCase','class','modules/node/node.test','node',0),('NodeAdminTestCase','class','modules/node/node.test','node',0),('NodeBlockFunctionalTest','class','modules/node/node.test','node',0),('NodeBlockTestCase','class','modules/node/node.test','node',0),('NodeBuildContent','class','modules/node/node.test','node',0),('NodeController','class','modules/node/node.module','node',0),('NodeCreationTestCase','class','modules/node/node.test','node',0),('NodeEntityFieldQueryAlter','class','modules/node/node.test','node',0),('NodeEntityViewModeAlterTest','class','modules/node/node.test','node',0),('NodeFeedTestCase','class','modules/node/node.test','node',0),('NodeLoadHooksTestCase','class','modules/node/node.test','node',0),('NodeLoadMultipleTestCase','class','modules/node/node.test','node',0),('NodeMultiByteUtf8Test','class','modules/node/node.test','node',0),('NodePageCacheTest','class','modules/node/node.test','node',0),('NodePostSettingsTestCase','class','modules/node/node.test','node',0),('NodeQueryAlter','class','modules/node/node.test','node',0),('NodeReferenceFormTest','class','sites/all/modules/references/node_reference/node_reference.test','node_reference',0),('NodeRevisionPermissionsTestCase','class','modules/node/node.test','node',0),('NodeRevisionsTestCase','class','modules/node/node.test','node',0),('NodeRSSContentTestCase','class','modules/node/node.test','node',0),('NodeSaveTestCase','class','modules/node/node.test','node',0),('NodeTitleTestCase','class','modules/node/node.test','node',0),('NodeTitleXSSTestCase','class','modules/node/node.test','node',0),('NodeTokenReplaceTestCase','class','modules/node/node.test','node',0),('NodeTypePersistenceTestCase','class','modules/node/node.test','node',0),('NodeTypeTestCase','class','modules/node/node.test','node',0),('NodeWebTestCase','class','modules/node/node.test','node',0),('NoFieldsException','class','includes/database/database.inc','',0),('NoHelpTestCase','class','modules/help/help.test','help',0),('NonDefaultBlockAdmin','class','modules/block/block.test','block',-5),('NumberFieldTestCase','class','modules/field/modules/number/number.test','number',0),('OptionsSelectDynamicValuesTestCase','class','modules/field/modules/options/options.test','options',0),('OptionsWidgetsTestCase','class','modules/field/modules/options/options.test','options',0),('PageEditTestCase','class','modules/node/node.test','node',0),('PageNotFoundTestCase','class','modules/system/system.test','system',0),('PagePreviewTestCase','class','modules/node/node.test','node',0),('PagerDefault','class','includes/pager.inc','',0),('PageTitleFiltering','class','modules/system/system.test','system',0),('PageViewTestCase','class','modules/node/node.test','node',0),('PathLanguageTestCase','class','modules/path/path.test','path',0),('PathLanguageUITestCase','class','modules/path/path.test','path',0),('PathMonolingualTestCase','class','modules/path/path.test','path',0),('PathTaxonomyTermTestCase','class','modules/path/path.test','path',0),('PathTestCase','class','modules/path/path.test','path',0),('PHPAccessTestCase','class','modules/php/php.test','php',0),('PHPFilterTestCase','class','modules/php/php.test','php',0),('PHPTestCase','class','modules/php/php.test','php',0),('Query','class','includes/database/query.inc','',0),('QueryAlterableInterface','interface','includes/database/query.inc','',0),('QueryConditionInterface','interface','includes/database/query.inc','',0),('QueryExtendableInterface','interface','includes/database/select.inc','',0),('QueryPlaceholderInterface','interface','includes/database/query.inc','',0),('QueueTestCase','class','modules/system/system.test','system',0),('RdfCommentAttributesTestCase','class','modules/rdf/rdf.test','rdf',0),('RdfCrudTestCase','class','modules/rdf/rdf.test','rdf',0),('RdfGetRdfNamespacesTestCase','class','modules/rdf/rdf.test','rdf',0),('RdfMappingDefinitionTestCase','class','modules/rdf/rdf.test','rdf',0),('RdfMappingHookTestCase','class','modules/rdf/rdf.test','rdf',0),('RdfRdfaMarkupTestCase','class','modules/rdf/rdf.test','rdf',0),('RdfTrackerAttributesTestCase','class','modules/rdf/rdf.test','rdf',0),('references_handler_argument','class','sites/all/modules/references/views/references_handler_argument.inc','references',0),('references_handler_relationship','class','sites/all/modules/references/views/references_handler_relationship.inc','references',0),('references_plugin_display','class','sites/all/modules/references/views/references_plugin_display.inc','references',0),('references_plugin_row_fields','class','sites/all/modules/references/views/references_plugin_row_fields.inc','references',0),('references_plugin_style','class','sites/all/modules/references/views/references_plugin_style.inc','references',0),('RetrieveFileTestCase','class','modules/system/system.test','system',0),('SchemaCache','class','includes/bootstrap.inc','',0),('SearchAdvancedSearchForm','class','modules/search/search.test','search',0),('SearchBlockTestCase','class','modules/search/search.test','search',0),('SearchCommentCountToggleTestCase','class','modules/search/search.test','search',0),('SearchCommentTestCase','class','modules/search/search.test','search',0),('SearchConfigSettingsForm','class','modules/search/search.test','search',0),('SearchEmbedForm','class','modules/search/search.test','search',0),('SearchExactTestCase','class','modules/search/search.test','search',0),('SearchExcerptTestCase','class','modules/search/search.test','search',0),('SearchExpressionInsertExtractTestCase','class','modules/search/search.test','search',0),('SearchKeywordsConditions','class','modules/search/search.test','search',0),('SearchLanguageTestCase','class','modules/search/search.test','search',0),('SearchMatchTestCase','class','modules/search/search.test','search',0),('SearchNodeAccessTest','class','modules/search/search.test','search',0),('SearchNodeTagTest','class','modules/search/search.test','search',0),('SearchNumberMatchingTestCase','class','modules/search/search.test','search',0),('SearchNumbersTestCase','class','modules/search/search.test','search',0),('SearchPageOverride','class','modules/search/search.test','search',0),('SearchPageText','class','modules/search/search.test','search',0),('SearchQuery','class','modules/search/search.extender.inc','search',0),('SearchRankingTestCase','class','modules/search/search.test','search',0),('SearchSetLocaleTest','class','modules/search/search.test','search',0),('SearchSimplifyTestCase','class','modules/search/search.test','search',0),('SearchTokenizerTestCase','class','modules/search/search.test','search',0),('SelectQuery','class','includes/database/select.inc','',0),('SelectQueryExtender','class','includes/database/select.inc','',0),('SelectQueryInterface','interface','includes/database/select.inc','',0),('SelectQuery_pgsql','class','includes/database/pgsql/select.inc','',0),('SelectQuery_sqlite','class','includes/database/sqlite/select.inc','',0),('ShortcutLinksTestCase','class','modules/shortcut/shortcut.test','shortcut',0),('ShortcutSetsTestCase','class','modules/shortcut/shortcut.test','shortcut',0),('ShortcutTestCase','class','modules/shortcut/shortcut.test','shortcut',0),('ShutdownFunctionsTest','class','modules/system/system.test','system',0),('SiteMaintenanceTestCase','class','modules/system/system.test','system',0),('SkipDotsRecursiveDirectoryIterator','class','includes/filetransfer/filetransfer.inc','',0),('StreamWrapperInterface','interface','includes/stream_wrappers.inc','',0),('SummaryLengthTestCase','class','modules/node/node.test','node',0),('SystemAdminTestCase','class','modules/system/system.test','system',0),('SystemArchiverTest','class','modules/system/system.test','system',0),('SystemAuthorizeCase','class','modules/system/system.test','system',0),('SystemBlockTestCase','class','modules/system/system.test','system',0),('SystemIndexPhpTest','class','modules/system/system.test','system',0),('SystemInfoAlterTestCase','class','modules/system/system.test','system',0),('SystemMainContentFallback','class','modules/system/system.test','system',0),('SystemQueue','class','modules/system/system.queue.inc','system',0),('SystemThemeFunctionalTest','class','modules/system/system.test','system',0),('SystemValidTokenTest','class','modules/system/system.test','system',0),('TableSort','class','includes/tablesort.inc','',0),('TaxonomyEFQTestCase','class','modules/taxonomy/taxonomy.test','taxonomy',0),('TaxonomyHooksTestCase','class','modules/taxonomy/taxonomy.test','taxonomy',0),('TaxonomyLegacyTestCase','class','modules/taxonomy/taxonomy.test','taxonomy',0),('TaxonomyLoadMultipleTestCase','class','modules/taxonomy/taxonomy.test','taxonomy',0),('TaxonomyPrivateFileTestCase','class','modules/taxonomy/taxonomy.test','taxonomy',0),('TaxonomyQueryAlterTestCase','class','modules/taxonomy/taxonomy.test','taxonomy',0),('TaxonomyRSSTestCase','class','modules/taxonomy/taxonomy.test','taxonomy',0),('TaxonomyTermCacheUsageTestCase','class','modules/taxonomy/taxonomy.test','taxonomy',0),('TaxonomyTermController','class','modules/taxonomy/taxonomy.module','taxonomy',0),('TaxonomyTermFieldMultipleVocabularyTestCase','class','modules/taxonomy/taxonomy.test','taxonomy',0),('TaxonomyTermFieldTestCase','class','modules/taxonomy/taxonomy.test','taxonomy',0),('TaxonomyTermFunctionTestCase','class','modules/taxonomy/taxonomy.test','taxonomy',0),('TaxonomyTermIndexTestCase','class','modules/taxonomy/taxonomy.test','taxonomy',0),('TaxonomyTermTestCase','class','modules/taxonomy/taxonomy.test','taxonomy',0),('TaxonomyThemeTestCase','class','modules/taxonomy/taxonomy.test','taxonomy',0),('TaxonomyTokenReplaceTestCase','class','modules/taxonomy/taxonomy.test','taxonomy',0),('TaxonomyVocabularyController','class','modules/taxonomy/taxonomy.module','taxonomy',0),('TaxonomyVocabularyFunctionalTest','class','modules/taxonomy/taxonomy.test','taxonomy',0),('TaxonomyVocabularyTestCase','class','modules/taxonomy/taxonomy.test','taxonomy',0),('TaxonomyWebTestCase','class','modules/taxonomy/taxonomy.test','taxonomy',0),('TestingMailSystem','class','modules/system/system.mail.inc','system',0),('TextFieldTestCase','class','modules/field/modules/text/text.test','text',0),('TextSummaryTestCase','class','modules/field/modules/text/text.test','text',0),('TextTranslationTestCase','class','modules/field/modules/text/text.test','text',0),('ThemeRegistry','class','includes/theme.inc','',0),('ThemeUpdater','class','modules/system/system.updater.inc','system',0),('TokenReplaceTestCase','class','modules/system/system.test','system',0),('TokenScanTest','class','modules/system/system.test','system',0),('ToolbarTestCase','class','modules/toolbar/toolbar.test','toolbar',0),('TruncateQuery','class','includes/database/query.inc','',0),('TruncateQuery_mysql','class','includes/database/mysql/query.inc','',0),('TruncateQuery_sqlite','class','includes/database/sqlite/query.inc','',0),('UpdateCoreTestCase','class','modules/update/update.test','update',0),('UpdateCoreUnitTestCase','class','modules/update/update.test','update',0),('UpdateQuery','class','includes/database/query.inc','',0),('UpdateQuery_mysql','class','includes/database/mysql/query.inc','',0),('UpdateQuery_pgsql','class','includes/database/pgsql/query.inc','',0),('UpdateQuery_sqlite','class','includes/database/sqlite/query.inc','',0),('Updater','class','includes/updater.inc','',0),('UpdaterException','class','includes/updater.inc','',0),('UpdaterFileTransferException','class','includes/updater.inc','',0),('UpdateScriptFunctionalTest','class','modules/system/system.test','system',0),('UpdateTestContribCase','class','modules/update/update.test','update',0),('UpdateTestHelper','class','modules/update/update.test','update',0),('UpdateTestUploadCase','class','modules/update/update.test','update',0),('UserAccountLinksUnitTests','class','modules/user/user.test','user',0),('UserActionsTest','class','modules/user/user.test','user',0),('UserAdminTestCase','class','modules/user/user.test','user',0),('UserAuthmapAssignmentTestCase','class','modules/user/user.test','user',0),('UserAutocompleteTestCase','class','modules/user/user.test','user',0),('UserBlocksUnitTests','class','modules/user/user.test','user',0),('UserCancelTestCase','class','modules/user/user.test','user',0),('UserController','class','modules/user/user.module','user',0),('UserCreateTestCase','class','modules/user/user.test','user',0),('UserEditedOwnAccountTestCase','class','modules/user/user.test','user',0),('UserEditRebuildTestCase','class','modules/user/user.test','user',0),('UserEditTestCase','class','modules/user/user.test','user',0),('UserLoginTestCase','class','modules/user/user.test','user',0),('UserPasswordResetTestCase','class','modules/user/user.test','user',0),('UserPermissionsTestCase','class','modules/user/user.test','user',0),('UserPictureTestCase','class','modules/user/user.test','user',0),('UserRegistrationTestCase','class','modules/user/user.test','user',0),('UserRoleAdminTestCase','class','modules/user/user.test','user',0),('UserRolesAssignmentTestCase','class','modules/user/user.test','user',0),('UserSaveTestCase','class','modules/user/user.test','user',0),('UserSignatureTestCase','class','modules/user/user.test','user',0),('UserTimeZoneFunctionalTest','class','modules/user/user.test','user',0),('UserTokenReplaceTestCase','class','modules/user/user.test','user',0),('UserUserSearchTestCase','class','modules/user/user.test','user',0),('UserValidateCurrentPassCustomForm','class','modules/user/user.test','user',0),('UserValidationTestCase','class','modules/user/user.test','user',0),('view','class','sites/all/modules/views/includes/view.inc','views',10),('ViewsAccessTest','class','sites/all/modules/views/tests/views_access.test','views',10),('ViewsAjaxTest','class','sites/all/modules/views/tests/views_ajax.test','views',10),('ViewsAnalyzeTest','class','sites/all/modules/views/tests/views_analyze.test','views',10),('ViewsArgumentDefaultTest','class','sites/all/modules/views/tests/views_argument_default.test','views',10),('ViewsArgumentValidatorTest','class','sites/all/modules/views/tests/views_argument_validator.test','views',10),('ViewsBasicTest','class','sites/all/modules/views/tests/views_basic.test','views',10),('ViewsCacheTest','class','sites/all/modules/views/tests/views_cache.test','views',10),('ViewsCloneTest','class','sites/all/modules/views/tests/views_clone.test','views',10),('ViewsExposedFormTest','class','sites/all/modules/views/tests/views_exposed_form.test','views',10),('viewsFieldApiDataTest','class','sites/all/modules/views/tests/field/views_fieldapi.test','views',10),('ViewsFieldApiTestHelper','class','sites/all/modules/views/tests/field/views_fieldapi.test','views',10),('ViewsGlossaryTestCase','class','sites/all/modules/views/tests/views_glossary.test','views',10),('ViewsHandlerAreaTextTest','class','sites/all/modules/views/tests/handlers/views_handler_area_text.test','views',10),('viewsHandlerArgumentCommentUserUidTest','class','sites/all/modules/views/tests/comment/views_handler_argument_comment_user_uid.test','views',10),('ViewsHandlerArgumentNullTest','class','sites/all/modules/views/tests/handlers/views_handler_argument_null.test','views',10),('ViewsHandlerFieldBooleanTest','class','sites/all/modules/views/tests/handlers/views_handler_field_boolean.test','views',10),('ViewsHandlerFieldCustomTest','class','sites/all/modules/views/tests/handlers/views_handler_field_custom.test','views',10),('ViewsHandlerFieldDateTest','class','sites/all/modules/views/tests/handlers/views_handler_field_date.test','views',10),('viewsHandlerFieldFieldTest','class','sites/all/modules/views/tests/field/views_fieldapi.test','views',10),('ViewsHandlerFieldMath','class','sites/all/modules/views/tests/handlers/views_handler_field_math.test','views',10),('ViewsHandlerFieldTest','class','sites/all/modules/views/tests/handlers/views_handler_field.test','views',10),('ViewsHandlerFieldUrlTest','class','sites/all/modules/views/tests/handlers/views_handler_field_url.test','views',10),('viewsHandlerFieldUserNameTest','class','sites/all/modules/views/tests/user/views_handler_field_user_name.test','views',10),('ViewsHandlerFileExtensionTest','class','sites/all/modules/views/tests/handlers/views_handler_field_file_extension.test','views',10),('ViewsHandlerFilterCombineTest','class','sites/all/modules/views/tests/handlers/views_handler_filter_combine.test','views',10),('viewsHandlerFilterCommentUserUidTest','class','sites/all/modules/views/tests/comment/views_handler_filter_comment_user_uid.test','views',10),('ViewsHandlerFilterCounterTest','class','sites/all/modules/views/tests/handlers/views_handler_field_counter.test','views',10),('ViewsHandlerFilterDateTest','class','sites/all/modules/views/tests/handlers/views_handler_filter_date.test','views',10),('ViewsHandlerFilterEqualityTest','class','sites/all/modules/views/tests/handlers/views_handler_filter_equality.test','views',10),('ViewsHandlerFilterInOperator','class','sites/all/modules/views/tests/handlers/views_handler_filter_in_operator.test','views',0),('ViewsHandlerFilterNumericTest','class','sites/all/modules/views/tests/handlers/views_handler_filter_numeric.test','views',10),('ViewsHandlerFilterStringTest','class','sites/all/modules/views/tests/handlers/views_handler_filter_string.test','views',10),('ViewsHandlerFilterTest','class','sites/all/modules/views/tests/views_handler_filter.test','views',10),('ViewsHandlerManyToOneTest','class','sites/all/modules/views/tests/handlers/views_handler_manytoone.test','views',10),('ViewsHandlerRelationshipNodeTermDataTest','class','sites/all/modules/views/tests/taxonomy/views_handler_relationship_node_term_data.test','views',10),('ViewsHandlerSortDateTest','class','sites/all/modules/views/tests/handlers/views_handler_sort_date.test','views',10),('ViewsHandlerSortRandomTest','class','sites/all/modules/views/tests/handlers/views_handler_sort_random.test','views',10),('ViewsHandlerSortTest','class','sites/all/modules/views/tests/handlers/views_handler_sort.test','views',10),('ViewsHandlersTest','class','sites/all/modules/views/tests/views_handlers.test','views',10),('ViewsHandlerTest','class','sites/all/modules/views/tests/handlers/views_handlers.test','views',10),('ViewsHandlerTestFileSize','class','sites/all/modules/views/tests/handlers/views_handler_field_file_size.test','views',10),('ViewsHandlerTestXss','class','sites/all/modules/views/tests/handlers/views_handler_field_xss.test','views',10),('ViewsModuleTest','class','sites/all/modules/views/tests/views_module.test','views',10),('ViewsNodeRevisionRelationsTestCase','class','sites/all/modules/views/tests/node/views_node_revision_relations.test','views',10),('ViewsPagerTest','class','sites/all/modules/views/tests/views_pager.test','views',10),('ViewsPluginDisplayTestCase','class','sites/all/modules/views/tests/plugins/views_plugin_display.test','views',10),('viewsPluginStyleJumpMenuTest','class','sites/all/modules/views/tests/styles/views_plugin_style_jump_menu.test','views',10),('ViewsPluginStyleMappingTest','class','sites/all/modules/views/tests/styles/views_plugin_style_mapping.test','views',10),('ViewsPluginStyleTestBase','class','sites/all/modules/views/tests/styles/views_plugin_style_base.test','views',0),('ViewsPluginStyleTestCase','class','sites/all/modules/views/tests/styles/views_plugin_style.test','views',10),('ViewsPluginStyleUnformattedTestCase','class','sites/all/modules/views/tests/styles/views_plugin_style_unformatted.test','views',10),('ViewsQueryGroupByTest','class','sites/all/modules/views/tests/views_groupby.test','views',10),('viewsSearchQuery','class','sites/all/modules/views/modules/search/views_handler_filter_search.inc','views',10),('ViewsSqlTest','class','sites/all/modules/views/tests/views_query.test','views',10),('ViewsTestCase','class','sites/all/modules/views/tests/views_query.test','views',10),('ViewsTranslatableTest','class','sites/all/modules/views/tests/views_translatable.test','views',10),('ViewsUiBaseViewsWizard','class','sites/all/modules/views/plugins/views_wizard/views_ui_base_views_wizard.class.php','views_ui',0),('ViewsUiCommentViewsWizard','class','sites/all/modules/views/plugins/views_wizard/views_ui_comment_views_wizard.class.php','views_ui',0),('ViewsUiFileManagedViewsWizard','class','sites/all/modules/views/plugins/views_wizard/views_ui_file_managed_views_wizard.class.php','views_ui',0),('viewsUiGroupbyTestCase','class','sites/all/modules/views/tests/views_groupby.test','views',10),('ViewsUiNodeRevisionViewsWizard','class','sites/all/modules/views/plugins/views_wizard/views_ui_node_revision_views_wizard.class.php','views_ui',0),('ViewsUiNodeViewsWizard','class','sites/all/modules/views/plugins/views_wizard/views_ui_node_views_wizard.class.php','views_ui',0),('ViewsUiTaxonomyTermViewsWizard','class','sites/all/modules/views/plugins/views_wizard/views_ui_taxonomy_term_views_wizard.class.php','views_ui',0),('ViewsUiUsersViewsWizard','class','sites/all/modules/views/plugins/views_wizard/views_ui_users_views_wizard.class.php','views_ui',0),('ViewsUIWizardBasicTestCase','class','sites/all/modules/views/tests/views_ui.test','views',10),('ViewsUIWizardDefaultViewsTestCase','class','sites/all/modules/views/tests/views_ui.test','views',10),('ViewsUIWizardHelper','class','sites/all/modules/views/tests/views_ui.test','views',10),('ViewsUIWizardItemsPerPageTestCase','class','sites/all/modules/views/tests/views_ui.test','views',10),('ViewsUIWizardJumpMenuTestCase','class','sites/all/modules/views/tests/views_ui.test','views',10),('ViewsUIWizardMenuTestCase','class','sites/all/modules/views/tests/views_ui.test','views',10),('ViewsUIWizardOverrideDisplaysTestCase','class','sites/all/modules/views/tests/views_ui.test','views',10),('ViewsUIWizardSortingTestCase','class','sites/all/modules/views/tests/views_ui.test','views',10),('ViewsUIWizardTaggedWithTestCase','class','sites/all/modules/views/tests/views_ui.test','views',10),('ViewsUpgradeTestCase','class','sites/all/modules/views/tests/views_upgrade.test','views',10),('ViewsUserArgumentDefault','class','sites/all/modules/views/tests/user/views_user_argument_default.test','views',10),('ViewsUserArgumentValidate','class','sites/all/modules/views/tests/user/views_user_argument_validate.test','views',10),('ViewsUserTestCase','class','sites/all/modules/views/tests/user/views_user.test','views',10),('ViewsViewTest','class','sites/all/modules/views/tests/views_view.test','views',10),('ViewsWizardException','class','sites/all/modules/views/plugins/views_wizard/views_ui_base_views_wizard.class.php','views_ui',0),('ViewsWizardInterface','interface','sites/all/modules/views/plugins/views_wizard/views_ui_base_views_wizard.class.php','views_ui',0),('views_db_object','class','sites/all/modules/views/includes/view.inc','views',10),('views_display','class','sites/all/modules/views/includes/view.inc','views',10),('views_handler','class','sites/all/modules/views/includes/handlers.inc','views',10),('views_handler_area','class','sites/all/modules/views/handlers/views_handler_area.inc','views',10),('views_handler_area_broken','class','sites/all/modules/views/handlers/views_handler_area.inc','views',10),('views_handler_area_messages','class','sites/all/modules/views/handlers/views_handler_area_messages.inc','views',10),('views_handler_area_result','class','sites/all/modules/views/handlers/views_handler_area_result.inc','views',10),('views_handler_area_text','class','sites/all/modules/views/handlers/views_handler_area_text.inc','views',10),('views_handler_area_text_custom','class','sites/all/modules/views/handlers/views_handler_area_text_custom.inc','views',10),('views_handler_area_view','class','sites/all/modules/views/handlers/views_handler_area_view.inc','views',10),('views_handler_argument','class','sites/all/modules/views/handlers/views_handler_argument.inc','views',10),('views_handler_argument_aggregator_category_cid','class','sites/all/modules/views/modules/aggregator/views_handler_argument_aggregator_category_cid.inc','views',10),('views_handler_argument_aggregator_fid','class','sites/all/modules/views/modules/aggregator/views_handler_argument_aggregator_fid.inc','views',10),('views_handler_argument_aggregator_iid','class','sites/all/modules/views/modules/aggregator/views_handler_argument_aggregator_iid.inc','views',10),('views_handler_argument_broken','class','sites/all/modules/views/handlers/views_handler_argument.inc','views',10),('views_handler_argument_comment_user_uid','class','sites/all/modules/views/modules/comment/views_handler_argument_comment_user_uid.inc','views',10),('views_handler_argument_date','class','sites/all/modules/views/handlers/views_handler_argument_date.inc','views',10),('views_handler_argument_field_list','class','sites/all/modules/views/modules/field/views_handler_argument_field_list.inc','views',10),('views_handler_argument_field_list_string','class','sites/all/modules/views/modules/field/views_handler_argument_field_list_string.inc','views',10),('views_handler_argument_file_fid','class','sites/all/modules/views/modules/system/views_handler_argument_file_fid.inc','views',10),('views_handler_argument_formula','class','sites/all/modules/views/handlers/views_handler_argument_formula.inc','views',10),('views_handler_argument_group_by_numeric','class','sites/all/modules/views/handlers/views_handler_argument_group_by_numeric.inc','views',10),('views_handler_argument_locale_group','class','sites/all/modules/views/modules/locale/views_handler_argument_locale_group.inc','views',10),('views_handler_argument_locale_language','class','sites/all/modules/views/modules/locale/views_handler_argument_locale_language.inc','views',10),('views_handler_argument_many_to_one','class','sites/all/modules/views/handlers/views_handler_argument_many_to_one.inc','views',10),('views_handler_argument_node_created_day','class','sites/all/modules/views/modules/node/views_handler_argument_dates_various.inc','views',10),('views_handler_argument_node_created_fulldate','class','sites/all/modules/views/modules/node/views_handler_argument_dates_various.inc','views',10),('views_handler_argument_node_created_month','class','sites/all/modules/views/modules/node/views_handler_argument_dates_various.inc','views',10),('views_handler_argument_node_created_week','class','sites/all/modules/views/modules/node/views_handler_argument_dates_various.inc','views',10),('views_handler_argument_node_created_year','class','sites/all/modules/views/modules/node/views_handler_argument_dates_various.inc','views',10),('views_handler_argument_node_created_year_month','class','sites/all/modules/views/modules/node/views_handler_argument_dates_various.inc','views',10),('views_handler_argument_node_language','class','sites/all/modules/views/modules/node/views_handler_argument_node_language.inc','views',10),('views_handler_argument_node_nid','class','sites/all/modules/views/modules/node/views_handler_argument_node_nid.inc','views',10),('views_handler_argument_node_tnid','class','sites/all/modules/views/modules/translation/views_handler_argument_node_tnid.inc','views',10),('views_handler_argument_node_type','class','sites/all/modules/views/modules/node/views_handler_argument_node_type.inc','views',10),('views_handler_argument_node_uid_revision','class','sites/all/modules/views/modules/node/views_handler_argument_node_uid_revision.inc','views',10),('views_handler_argument_node_vid','class','sites/all/modules/views/modules/node/views_handler_argument_node_vid.inc','views',10),('views_handler_argument_null','class','sites/all/modules/views/handlers/views_handler_argument_null.inc','views',10),('views_handler_argument_numeric','class','sites/all/modules/views/handlers/views_handler_argument_numeric.inc','views',10),('views_handler_argument_search','class','sites/all/modules/views/modules/search/views_handler_argument_search.inc','views',10),('views_handler_argument_string','class','sites/all/modules/views/handlers/views_handler_argument_string.inc','views',10),('views_handler_argument_taxonomy','class','sites/all/modules/views/modules/taxonomy/views_handler_argument_taxonomy.inc','views',10),('views_handler_argument_term_node_tid','class','sites/all/modules/views/modules/taxonomy/views_handler_argument_term_node_tid.inc','views',10),('views_handler_argument_term_node_tid_depth','class','sites/all/modules/views/modules/taxonomy/views_handler_argument_term_node_tid_depth.inc','views',10),('views_handler_argument_term_node_tid_depth_join','class','sites/all/modules/views/modules/taxonomy/views_handler_argument_term_node_tid_depth_join.inc','views',10),('views_handler_argument_term_node_tid_depth_modifier','class','sites/all/modules/views/modules/taxonomy/views_handler_argument_term_node_tid_depth_modifier.inc','views',10),('views_handler_argument_tracker_comment_user_uid','class','sites/all/modules/views/modules/tracker/views_handler_argument_tracker_comment_user_uid.inc','views',10),('views_handler_argument_users_roles_rid','class','sites/all/modules/views/modules/user/views_handler_argument_users_roles_rid.inc','views',10),('views_handler_argument_user_uid','class','sites/all/modules/views/modules/user/views_handler_argument_user_uid.inc','views',10),('views_handler_argument_vocabulary_machine_name','class','sites/all/modules/views/modules/taxonomy/views_handler_argument_vocabulary_machine_name.inc','views',10),('views_handler_argument_vocabulary_vid','class','sites/all/modules/views/modules/taxonomy/views_handler_argument_vocabulary_vid.inc','views',10),('views_handler_field','class','sites/all/modules/views/handlers/views_handler_field.inc','views',10),('views_handler_field_accesslog_path','class','sites/all/modules/views/modules/statistics/views_handler_field_accesslog_path.inc','views',10),('views_handler_field_aggregator_category','class','sites/all/modules/views/modules/aggregator/views_handler_field_aggregator_category.inc','views',10),('views_handler_field_aggregator_title_link','class','sites/all/modules/views/modules/aggregator/views_handler_field_aggregator_title_link.inc','views',10),('views_handler_field_aggregator_xss','class','sites/all/modules/views/modules/aggregator/views_handler_field_aggregator_xss.inc','views',10),('views_handler_field_boolean','class','sites/all/modules/views/handlers/views_handler_field_boolean.inc','views',10),('views_handler_field_broken','class','sites/all/modules/views/handlers/views_handler_field.inc','views',10),('views_handler_field_comment','class','sites/all/modules/views/modules/comment/views_handler_field_comment.inc','views',10),('views_handler_field_comment_depth','class','sites/all/modules/views/modules/comment/views_handler_field_comment_depth.inc','views',10),('views_handler_field_comment_link','class','sites/all/modules/views/modules/comment/views_handler_field_comment_link.inc','views',10),('views_handler_field_comment_link_approve','class','sites/all/modules/views/modules/comment/views_handler_field_comment_link_approve.inc','views',10),('views_handler_field_comment_link_delete','class','sites/all/modules/views/modules/comment/views_handler_field_comment_link_delete.inc','views',10),('views_handler_field_comment_link_edit','class','sites/all/modules/views/modules/comment/views_handler_field_comment_link_edit.inc','views',10),('views_handler_field_comment_link_reply','class','sites/all/modules/views/modules/comment/views_handler_field_comment_link_reply.inc','views',10),('views_handler_field_comment_node_link','class','sites/all/modules/views/modules/comment/views_handler_field_comment_node_link.inc','views',10),('views_handler_field_comment_username','class','sites/all/modules/views/modules/comment/views_handler_field_comment_username.inc','views',10),('views_handler_field_contact_link','class','sites/all/modules/views/modules/contact/views_handler_field_contact_link.inc','views',10),('views_handler_field_contextual_links','class','sites/all/modules/views/handlers/views_handler_field_contextual_links.inc','views',10),('views_handler_field_counter','class','sites/all/modules/views/handlers/views_handler_field_counter.inc','views',10),('views_handler_field_ctools_dropdown','class','sites/all/modules/views/handlers/views_handler_field_ctools_dropdown.inc','views',10),('views_handler_field_custom','class','sites/all/modules/views/handlers/views_handler_field_custom.inc','views',10),('views_handler_field_date','class','sites/all/modules/views/handlers/views_handler_field_date.inc','views',10),('views_handler_field_entity','class','sites/all/modules/views/handlers/views_handler_field_entity.inc','views',10),('views_handler_field_field','class','sites/all/modules/views/modules/field/views_handler_field_field.inc','views',10),('views_handler_field_file','class','sites/all/modules/views/modules/system/views_handler_field_file.inc','views',10),('views_handler_field_file_extension','class','sites/all/modules/views/modules/system/views_handler_field_file_extension.inc','views',10),('views_handler_field_file_filemime','class','sites/all/modules/views/modules/system/views_handler_field_file_filemime.inc','views',10),('views_handler_field_file_size','class','sites/all/modules/views/handlers/views_handler_field.inc','views',10),('views_handler_field_file_status','class','sites/all/modules/views/modules/system/views_handler_field_file_status.inc','views',10),('views_handler_field_file_uri','class','sites/all/modules/views/modules/system/views_handler_field_file_uri.inc','views',10),('views_handler_field_filter_format_name','class','sites/all/modules/views/modules/filter/views_handler_field_filter_format_name.inc','views',10),('views_handler_field_history_user_timestamp','class','sites/all/modules/views/modules/node/views_handler_field_history_user_timestamp.inc','views',10),('views_handler_field_last_comment_timestamp','class','sites/all/modules/views/modules/comment/views_handler_field_last_comment_timestamp.inc','views',10),('views_handler_field_links','class','sites/all/modules/views/handlers/views_handler_field_links.inc','views',10),('views_handler_field_locale_group','class','sites/all/modules/views/modules/locale/views_handler_field_locale_group.inc','views',10),('views_handler_field_locale_language','class','sites/all/modules/views/modules/locale/views_handler_field_locale_language.inc','views',10),('views_handler_field_locale_link_edit','class','sites/all/modules/views/modules/locale/views_handler_field_locale_link_edit.inc','views',10),('views_handler_field_machine_name','class','sites/all/modules/views/handlers/views_handler_field_machine_name.inc','views',10),('views_handler_field_markup','class','sites/all/modules/views/handlers/views_handler_field_markup.inc','views',10),('views_handler_field_math','class','sites/all/modules/views/handlers/views_handler_field_math.inc','views',10),('views_handler_field_ncs_last_comment_name','class','sites/all/modules/views/modules/comment/views_handler_field_ncs_last_comment_name.inc','views',10),('views_handler_field_ncs_last_updated','class','sites/all/modules/views/modules/comment/views_handler_field_ncs_last_updated.inc','views',10),('views_handler_field_node','class','sites/all/modules/views/modules/node/views_handler_field_node.inc','views',10),('views_handler_field_node_comment','class','sites/all/modules/views/modules/comment/views_handler_field_node_comment.inc','views',10),('views_handler_field_node_counter_timestamp','class','sites/all/modules/views/modules/statistics/views_handler_field_node_counter_timestamp.inc','views',10),('views_handler_field_node_language','class','sites/all/modules/views/modules/locale/views_handler_field_node_language.inc','views',10),('views_handler_field_node_link','class','sites/all/modules/views/modules/node/views_handler_field_node_link.inc','views',10),('views_handler_field_node_link_delete','class','sites/all/modules/views/modules/node/views_handler_field_node_link_delete.inc','views',10),('views_handler_field_node_link_edit','class','sites/all/modules/views/modules/node/views_handler_field_node_link_edit.inc','views',10),('views_handler_field_node_link_translate','class','sites/all/modules/views/modules/translation/views_handler_field_node_link_translate.inc','views',10),('views_handler_field_node_new_comments','class','sites/all/modules/views/modules/comment/views_handler_field_node_new_comments.inc','views',10),('views_handler_field_node_path','class','sites/all/modules/views/modules/node/views_handler_field_node_path.inc','views',10),('views_handler_field_node_revision','class','sites/all/modules/views/modules/node/views_handler_field_node_revision.inc','views',10),('views_handler_field_node_revision_link','class','sites/all/modules/views/modules/node/views_handler_field_node_revision_link.inc','views',10),('views_handler_field_node_revision_link_delete','class','sites/all/modules/views/modules/node/views_handler_field_node_revision_link_delete.inc','views',10),('views_handler_field_node_revision_link_revert','class','sites/all/modules/views/modules/node/views_handler_field_node_revision_link_revert.inc','views',10),('views_handler_field_node_translation_link','class','sites/all/modules/views/modules/translation/views_handler_field_node_translation_link.inc','views',10),('views_handler_field_node_type','class','sites/all/modules/views/modules/node/views_handler_field_node_type.inc','views',10),('views_handler_field_node_version_count','class','sites/all/modules/views/modules/node/views_handler_field_node_version_count.inc','views',10),('views_handler_field_numeric','class','sites/all/modules/views/handlers/views_handler_field_numeric.inc','views',10),('views_handler_field_prerender_list','class','sites/all/modules/views/handlers/views_handler_field_prerender_list.inc','views',10),('views_handler_field_profile_date','class','sites/all/modules/views/modules/profile/views_handler_field_profile_date.inc','views',10),('views_handler_field_profile_list','class','sites/all/modules/views/modules/profile/views_handler_field_profile_list.inc','views',10),('views_handler_field_search_score','class','sites/all/modules/views/modules/search/views_handler_field_search_score.inc','views',10),('views_handler_field_serialized','class','sites/all/modules/views/handlers/views_handler_field_serialized.inc','views',10),('views_handler_field_statistics_numeric','class','sites/all/modules/views/modules/statistics/views_handler_field_statistics_numeric.inc','views',10),('views_handler_field_taxonomy','class','sites/all/modules/views/modules/taxonomy/views_handler_field_taxonomy.inc','views',10),('views_handler_field_term_link_edit','class','sites/all/modules/views/modules/taxonomy/views_handler_field_term_link_edit.inc','views',10),('views_handler_field_term_node_tid','class','sites/all/modules/views/modules/taxonomy/views_handler_field_term_node_tid.inc','views',10),('views_handler_field_time_interval','class','sites/all/modules/views/handlers/views_handler_field_time_interval.inc','views',10),('views_handler_field_url','class','sites/all/modules/views/handlers/views_handler_field_url.inc','views',10),('views_handler_field_user','class','sites/all/modules/views/modules/user/views_handler_field_user.inc','views',10),('views_handler_field_user_language','class','sites/all/modules/views/modules/user/views_handler_field_user_language.inc','views',10),('views_handler_field_user_link','class','sites/all/modules/views/modules/user/views_handler_field_user_link.inc','views',10),('views_handler_field_user_link_cancel','class','sites/all/modules/views/modules/user/views_handler_field_user_link_cancel.inc','views',10),('views_handler_field_user_link_edit','class','sites/all/modules/views/modules/user/views_handler_field_user_link_edit.inc','views',10),('views_handler_field_user_mail','class','sites/all/modules/views/modules/user/views_handler_field_user_mail.inc','views',10),('views_handler_field_user_name','class','sites/all/modules/views/modules/user/views_handler_field_user_name.inc','views',10),('views_handler_field_user_permissions','class','sites/all/modules/views/modules/user/views_handler_field_user_permissions.inc','views',10),('views_handler_field_user_picture','class','sites/all/modules/views/modules/user/views_handler_field_user_picture.inc','views',10),('views_handler_field_user_roles','class','sites/all/modules/views/modules/user/views_handler_field_user_roles.inc','views',10),('views_handler_field_xss','class','sites/all/modules/views/handlers/views_handler_field.inc','views',10),('views_handler_filter','class','sites/all/modules/views/handlers/views_handler_filter.inc','views',10),('views_handler_filter_aggregator_category_cid','class','sites/all/modules/views/modules/aggregator/views_handler_filter_aggregator_category_cid.inc','views',10),('views_handler_filter_boolean_operator','class','sites/all/modules/views/handlers/views_handler_filter_boolean_operator.inc','views',10),('views_handler_filter_boolean_operator_string','class','sites/all/modules/views/handlers/views_handler_filter_boolean_operator_string.inc','views',10),('views_handler_filter_broken','class','sites/all/modules/views/handlers/views_handler_filter.inc','views',10),('views_handler_filter_combine','class','sites/all/modules/views/handlers/views_handler_filter_combine.inc','views',10),('views_handler_filter_comment_user_uid','class','sites/all/modules/views/modules/comment/views_handler_filter_comment_user_uid.inc','views',10),('views_handler_filter_date','class','sites/all/modules/views/handlers/views_handler_filter_date.inc','views',10),('views_handler_filter_entity_bundle','class','sites/all/modules/views/handlers/views_handler_filter_entity_bundle.inc','views',10),('views_handler_filter_equality','class','sites/all/modules/views/handlers/views_handler_filter_equality.inc','views',10),('views_handler_filter_fields_compare','class','sites/all/modules/views/handlers/views_handler_filter_fields_compare.inc','views',10),('views_handler_filter_field_list','class','sites/all/modules/views/modules/field/views_handler_filter_field_list.inc','views',10),('views_handler_filter_field_list_boolean','class','sites/all/modules/views/modules/field/views_handler_filter_field_list_boolean.inc','views',10),('views_handler_filter_file_status','class','sites/all/modules/views/modules/system/views_handler_filter_file_status.inc','views',10),('views_handler_filter_group_by_numeric','class','sites/all/modules/views/handlers/views_handler_filter_group_by_numeric.inc','views',10),('views_handler_filter_history_user_timestamp','class','sites/all/modules/views/modules/node/views_handler_filter_history_user_timestamp.inc','views',10),('views_handler_filter_in_operator','class','sites/all/modules/views/handlers/views_handler_filter_in_operator.inc','views',10),('views_handler_filter_locale_group','class','sites/all/modules/views/modules/locale/views_handler_filter_locale_group.inc','views',10),('views_handler_filter_locale_language','class','sites/all/modules/views/modules/locale/views_handler_filter_locale_language.inc','views',10),('views_handler_filter_locale_version','class','sites/all/modules/views/modules/locale/views_handler_filter_locale_version.inc','views',10),('views_handler_filter_many_to_one','class','sites/all/modules/views/handlers/views_handler_filter_many_to_one.inc','views',10),('views_handler_filter_ncs_last_updated','class','sites/all/modules/views/modules/comment/views_handler_filter_ncs_last_updated.inc','views',10),('views_handler_filter_node_access','class','sites/all/modules/views/modules/node/views_handler_filter_node_access.inc','views',10),('views_handler_filter_node_comment','class','sites/all/modules/views/modules/comment/views_handler_filter_node_comment.inc','views',10),('views_handler_filter_node_language','class','sites/all/modules/views/modules/locale/views_handler_filter_node_language.inc','views',10),('views_handler_filter_node_status','class','sites/all/modules/views/modules/node/views_handler_filter_node_status.inc','views',10),('views_handler_filter_node_tnid','class','sites/all/modules/views/modules/translation/views_handler_filter_node_tnid.inc','views',10),('views_handler_filter_node_tnid_child','class','sites/all/modules/views/modules/translation/views_handler_filter_node_tnid_child.inc','views',10),('views_handler_filter_node_type','class','sites/all/modules/views/modules/node/views_handler_filter_node_type.inc','views',10),('views_handler_filter_node_uid_revision','class','sites/all/modules/views/modules/node/views_handler_filter_node_uid_revision.inc','views',10),('views_handler_filter_node_version_count','class','sites/all/modules/views/modules/node/views_handler_filter_node_version_count.inc','views',10),('views_handler_filter_numeric','class','sites/all/modules/views/handlers/views_handler_filter_numeric.inc','views',10),('views_handler_filter_profile_selection','class','sites/all/modules/views/modules/profile/views_handler_filter_profile_selection.inc','views',10),('views_handler_filter_search','class','sites/all/modules/views/modules/search/views_handler_filter_search.inc','views',10),('views_handler_filter_string','class','sites/all/modules/views/handlers/views_handler_filter_string.inc','views',10),('views_handler_filter_system_type','class','sites/all/modules/views/modules/system/views_handler_filter_system_type.inc','views',10),('views_handler_filter_term_node_tid','class','sites/all/modules/views/modules/taxonomy/views_handler_filter_term_node_tid.inc','views',10),('views_handler_filter_term_node_tid_depth','class','sites/all/modules/views/modules/taxonomy/views_handler_filter_term_node_tid_depth.inc','views',10),('views_handler_filter_term_node_tid_depth_join','class','sites/all/modules/views/modules/taxonomy/views_handler_filter_term_node_tid_depth_join.inc','views',10),('views_handler_filter_tracker_boolean_operator','class','sites/all/modules/views/modules/tracker/views_handler_filter_tracker_boolean_operator.inc','views',10),('views_handler_filter_tracker_comment_user_uid','class','sites/all/modules/views/modules/tracker/views_handler_filter_tracker_comment_user_uid.inc','views',10),('views_handler_filter_user_current','class','sites/all/modules/views/modules/user/views_handler_filter_user_current.inc','views',10),('views_handler_filter_user_name','class','sites/all/modules/views/modules/user/views_handler_filter_user_name.inc','views',10),('views_handler_filter_user_permissions','class','sites/all/modules/views/modules/user/views_handler_filter_user_permissions.inc','views',10),('views_handler_filter_user_roles','class','sites/all/modules/views/modules/user/views_handler_filter_user_roles.inc','views',10),('views_handler_filter_vocabulary_machine_name','class','sites/all/modules/views/modules/taxonomy/views_handler_filter_vocabulary_machine_name.inc','views',10),('views_handler_filter_vocabulary_vid','class','sites/all/modules/views/modules/taxonomy/views_handler_filter_vocabulary_vid.inc','views',10),('views_handler_relationship','class','sites/all/modules/views/handlers/views_handler_relationship.inc','views',10),('views_handler_relationship_broken','class','sites/all/modules/views/handlers/views_handler_relationship.inc','views',10),('views_handler_relationship_entity_reverse','class','sites/all/modules/views/modules/field/views_handler_relationship_entity_reverse.inc','views',10),('views_handler_relationship_groupwise_max','class','sites/all/modules/views/handlers/views_handler_relationship_groupwise_max.inc','views',10),('views_handler_relationship_node_term_data','class','sites/all/modules/views/modules/taxonomy/views_handler_relationship_node_term_data.inc','views',10),('views_handler_relationship_translation','class','sites/all/modules/views/modules/translation/views_handler_relationship_translation.inc','views',10),('views_handler_sort','class','sites/all/modules/views/handlers/views_handler_sort.inc','views',10),('views_handler_sort_broken','class','sites/all/modules/views/handlers/views_handler_sort.inc','views',10),('views_handler_sort_comment_thread','class','sites/all/modules/views/modules/comment/views_handler_sort_comment_thread.inc','views',10),('views_handler_sort_date','class','sites/all/modules/views/handlers/views_handler_sort_date.inc','views',10),('views_handler_sort_group_by_numeric','class','sites/all/modules/views/handlers/views_handler_sort_group_by_numeric.inc','views',10),('views_handler_sort_menu_hierarchy','class','sites/all/modules/views/handlers/views_handler_sort_menu_hierarchy.inc','views',10),('views_handler_sort_ncs_last_comment_name','class','sites/all/modules/views/modules/comment/views_handler_sort_ncs_last_comment_name.inc','views',10),('views_handler_sort_ncs_last_updated','class','sites/all/modules/views/modules/comment/views_handler_sort_ncs_last_updated.inc','views',10),('views_handler_sort_node_language','class','sites/all/modules/views/modules/locale/views_handler_sort_node_language.inc','views',10),('views_handler_sort_node_version_count','class','sites/all/modules/views/modules/node/views_handler_sort_node_version_count.inc','views',10),('views_handler_sort_random','class','sites/all/modules/views/handlers/views_handler_sort_random.inc','views',10),('views_handler_sort_search_score','class','sites/all/modules/views/modules/search/views_handler_sort_search_score.inc','views',10),('views_join','class','sites/all/modules/views/includes/handlers.inc','views',10),('views_join_subquery','class','sites/all/modules/views/includes/handlers.inc','views',10),('views_many_to_one_helper','class','sites/all/modules/views/includes/handlers.inc','views',10),('views_object','class','sites/all/modules/views/includes/base.inc','views',10),('views_plugin','class','sites/all/modules/views/includes/plugins.inc','views',10),('views_plugin_access','class','sites/all/modules/views/plugins/views_plugin_access.inc','views',10),('views_plugin_access_none','class','sites/all/modules/views/plugins/views_plugin_access_none.inc','views',10),('views_plugin_access_perm','class','sites/all/modules/views/plugins/views_plugin_access_perm.inc','views',10),('views_plugin_access_role','class','sites/all/modules/views/plugins/views_plugin_access_role.inc','views',10),('views_plugin_argument_default','class','sites/all/modules/views/plugins/views_plugin_argument_default.inc','views',10),('views_plugin_argument_default_book_root','class','sites/all/modules/views/modules/book/views_plugin_argument_default_book_root.inc','views',10),('views_plugin_argument_default_current_user','class','sites/all/modules/views/modules/user/views_plugin_argument_default_current_user.inc','views',10),('views_plugin_argument_default_fixed','class','sites/all/modules/views/plugins/views_plugin_argument_default_fixed.inc','views',10),('views_plugin_argument_default_node','class','sites/all/modules/views/modules/node/views_plugin_argument_default_node.inc','views',10),('views_plugin_argument_default_php','class','sites/all/modules/views/plugins/views_plugin_argument_default_php.inc','views',10),('views_plugin_argument_default_raw','class','sites/all/modules/views/plugins/views_plugin_argument_default_raw.inc','views',10),('views_plugin_argument_default_taxonomy_tid','class','sites/all/modules/views/modules/taxonomy/views_plugin_argument_default_taxonomy_tid.inc','views',10),('views_plugin_argument_default_user','class','sites/all/modules/views/modules/user/views_plugin_argument_default_user.inc','views',10),('views_plugin_argument_validate','class','sites/all/modules/views/plugins/views_plugin_argument_validate.inc','views',10),('views_plugin_argument_validate_node','class','sites/all/modules/views/modules/node/views_plugin_argument_validate_node.inc','views',10),('views_plugin_argument_validate_numeric','class','sites/all/modules/views/plugins/views_plugin_argument_validate_numeric.inc','views',10),('views_plugin_argument_validate_php','class','sites/all/modules/views/plugins/views_plugin_argument_validate_php.inc','views',10),('views_plugin_argument_validate_taxonomy_term','class','sites/all/modules/views/modules/taxonomy/views_plugin_argument_validate_taxonomy_term.inc','views',10),('views_plugin_argument_validate_user','class','sites/all/modules/views/modules/user/views_plugin_argument_validate_user.inc','views',10),('views_plugin_cache','class','sites/all/modules/views/plugins/views_plugin_cache.inc','views',10),('views_plugin_cache_none','class','sites/all/modules/views/plugins/views_plugin_cache_none.inc','views',10),('views_plugin_cache_time','class','sites/all/modules/views/plugins/views_plugin_cache_time.inc','views',10),('views_plugin_display','class','sites/all/modules/views/plugins/views_plugin_display.inc','views',10),('views_plugin_display_attachment','class','sites/all/modules/views/plugins/views_plugin_display_attachment.inc','views',10),('views_plugin_display_block','class','sites/all/modules/views/plugins/views_plugin_display_block.inc','views',10),('views_plugin_display_default','class','sites/all/modules/views/plugins/views_plugin_display_default.inc','views',10),('views_plugin_display_embed','class','sites/all/modules/views/plugins/views_plugin_display_embed.inc','views',10),('views_plugin_display_extender','class','sites/all/modules/views/plugins/views_plugin_display_extender.inc','views',10),('views_plugin_display_feed','class','sites/all/modules/views/plugins/views_plugin_display_feed.inc','views',10),('views_plugin_display_page','class','sites/all/modules/views/plugins/views_plugin_display_page.inc','views',10),('views_plugin_ds_entity_view','class','sites/all/modules/ds/views/views_plugin_ds_entity_view.inc','ds',0),('views_plugin_ds_fields_view','class','sites/all/modules/ds/views/views_plugin_ds_fields_view.inc','ds',1),('views_plugin_exposed_form','class','sites/all/modules/views/plugins/views_plugin_exposed_form.inc','views',10),('views_plugin_exposed_form_basic','class','sites/all/modules/views/plugins/views_plugin_exposed_form_basic.inc','views',10),('views_plugin_exposed_form_input_required','class','sites/all/modules/views/plugins/views_plugin_exposed_form_input_required.inc','views',10),('views_plugin_localization','class','sites/all/modules/views/plugins/views_plugin_localization.inc','views',10),('views_plugin_localization_core','class','sites/all/modules/views/plugins/views_plugin_localization_core.inc','views',10),('views_plugin_localization_none','class','sites/all/modules/views/plugins/views_plugin_localization_none.inc','views',10),('views_plugin_localization_test','class','sites/all/modules/views/tests/views_plugin_localization_test.inc','views',10),('views_plugin_pager','class','sites/all/modules/views/plugins/views_plugin_pager.inc','views',10),('views_plugin_pager_full','class','sites/all/modules/views/plugins/views_plugin_pager_full.inc','views',10),('views_plugin_pager_mini','class','sites/all/modules/views/plugins/views_plugin_pager_mini.inc','views',10),('views_plugin_pager_none','class','sites/all/modules/views/plugins/views_plugin_pager_none.inc','views',10),('views_plugin_pager_some','class','sites/all/modules/views/plugins/views_plugin_pager_some.inc','views',10),('views_plugin_query','class','sites/all/modules/views/plugins/views_plugin_query.inc','views',10),('views_plugin_query_default','class','sites/all/modules/views/plugins/views_plugin_query_default.inc','views',10),('views_plugin_row','class','sites/all/modules/views/plugins/views_plugin_row.inc','views',10),('views_plugin_row_aggregator_rss','class','sites/all/modules/views/modules/aggregator/views_plugin_row_aggregator_rss.inc','views',10),('views_plugin_row_comment_rss','class','sites/all/modules/views/modules/comment/views_plugin_row_comment_rss.inc','views',10),('views_plugin_row_comment_view','class','sites/all/modules/views/modules/comment/views_plugin_row_comment_view.inc','views',10),('views_plugin_row_fields','class','sites/all/modules/views/plugins/views_plugin_row_fields.inc','views',10),('views_plugin_row_node_rss','class','sites/all/modules/views/modules/node/views_plugin_row_node_rss.inc','views',10),('views_plugin_row_node_view','class','sites/all/modules/views/modules/node/views_plugin_row_node_view.inc','views',10),('views_plugin_row_rss_fields','class','sites/all/modules/views/plugins/views_plugin_row_rss_fields.inc','views',10),('views_plugin_row_search_view','class','sites/all/modules/views/modules/search/views_plugin_row_search_view.inc','views',10),('views_plugin_row_user_view','class','sites/all/modules/views/modules/user/views_plugin_row_user_view.inc','views',10),('views_plugin_style','class','sites/all/modules/views/plugins/views_plugin_style.inc','views',10),('views_plugin_style_default','class','sites/all/modules/views/plugins/views_plugin_style_default.inc','views',10),('views_plugin_style_grid','class','sites/all/modules/views/plugins/views_plugin_style_grid.inc','views',10),('views_plugin_style_jump_menu','class','sites/all/modules/views/plugins/views_plugin_style_jump_menu.inc','views',10),('views_plugin_style_list','class','sites/all/modules/views/plugins/views_plugin_style_list.inc','views',10),('views_plugin_style_mapping','class','sites/all/modules/views/plugins/views_plugin_style_mapping.inc','views',10),('views_plugin_style_rss','class','sites/all/modules/views/plugins/views_plugin_style_rss.inc','views',10),('views_plugin_style_summary','class','sites/all/modules/views/plugins/views_plugin_style_summary.inc','views',10),('views_plugin_style_summary_jump_menu','class','sites/all/modules/views/plugins/views_plugin_style_summary_jump_menu.inc','views',10),('views_plugin_style_summary_unformatted','class','sites/all/modules/views/plugins/views_plugin_style_summary_unformatted.inc','views',10),('views_plugin_style_table','class','sites/all/modules/views/plugins/views_plugin_style_table.inc','views',10),('views_test_area_access','class','sites/all/modules/views/tests/test_handlers/views_test_area_access.inc','views',10),('views_test_plugin_access_test_dynamic','class','sites/all/modules/views/tests/test_plugins/views_test_plugin_access_test_dynamic.inc','views',10),('views_test_plugin_access_test_static','class','sites/all/modules/views/tests/test_plugins/views_test_plugin_access_test_static.inc','views',10),('views_test_plugin_style_test_mapping','class','sites/all/modules/views/tests/test_plugins/views_test_plugin_style_test_mapping.inc','views',10),('views_ui','class','sites/all/modules/views/plugins/export_ui/views_ui.class.php','views_ui',0);

--
-- Table structure for table `registry_file`
--

CREATE TABLE `registry_file` (
  `filename` varchar(255) NOT NULL COMMENT 'Path to the file.',
  `hash` varchar(64) NOT NULL COMMENT 'sha-256 hash of the file’s contents when last parsed.',
  PRIMARY KEY (`filename`)
) ENGINE=InnoDB DEFAULT CHARSET=utf8 COMMENT='Files parsed to build the registry.';

--
-- Dumping data for table `registry_file`
--

INSERT INTO `registry_file` VALUES ('includes/actions.inc','f36b066681463c7dfe189e0430cb1a89bf66f7e228cbb53cdfcd93987193f759'),('includes/ajax.inc','8d5ebead219c48d5929ee6a5a178a331471ee6ceb38653094514c952457eaebd'),('includes/archiver.inc','bdbb21b712a62f6b913590b609fd17cd9f3c3b77c0d21f68e71a78427ed2e3e9'),('includes/authorize.inc','3eb984facfe9e0228e4d01ece6345cf33dfcd2fcc9c291b15f2e4f782a6029a9'),('includes/batch.inc','756b66e69a05b74629dee0ff175385813b27eb635aa49380edd4a65532998825'),('includes/batch.queue.inc','554b2e92e1dad0f7fd5a19cb8dff7e109f10fbe2441a5692d076338ec908de0f'),('includes/bootstrap.inc','8de1ea7ee99c533262507f33a170965ce148ad6916638cb0208627d31da608b4'),('includes/cache-install.inc','e7ed123c5805703c84ad2cce9c1ca46b3ce8caeeea0d8ef39a3024a4ab95fa0e'),('includes/cache.inc','033c9bf2555dba29382b077f78cc00c82fd7f42a959ba31b710adddf6fdf24fe'),('includes/common.inc','3fe0f5d2609482a89a7abebd1d33e3dc7a6b7e969ffe72a731dd8ccdbc64879b'),('includes/database/database.inc','0409112ba028a31f3623ae3bbc462566600bf88aaf511dfe3ab728c8a32c3b68'),('includes/database/log.inc','9feb5a17ae2fabcf26a96d2a634ba73da501f7bcfc3599a693d916a6971d00d1'),('includes/database/mysql/database.inc','fb808762239838f920ffeb74a89db5894fb46131d8bb4c65a0caff82358562c6'),('includes/database/mysql/install.inc','6ae316941f771732fbbabed7e1d6b4cbb41b1f429dd097d04b3345aa15e461a0'),('includes/database/mysql/query.inc','cddf695f7dbd483591f93af805e7118a04eac3f21c0105326642c6463587670c'),('includes/database/mysql/schema.inc','c34aa7b7d2cb4662965497ff86f242224116bbd9b72ca6287c12039a65feb72e'),('includes/database/pgsql/database.inc','eb1bd4f8d53f207f3b074ebf7c811340b73a95e70515a85bcc2d6268a4c347f8'),('includes/database/pgsql/install.inc','39587f26a9e054afaab2064d996af910f1b201ef1c6b82938ef130e4ff8c6aab'),('includes/database/pgsql/query.inc','bb04ae9239c2179aeb3ef0a55596ee5ae0ddfb5dfd701896c41bf8c42a62280b'),('includes/database/pgsql/schema.inc','0eb77d1d8b30988ba89cbacbcbbc3b66d8ab98b8be8dfa4208a50a45ee77b6e2'),('includes/database/pgsql/select.inc','1e509bc97c58223750e8ea735145b316827e36f43c07b946003e41f5bca23659'),('includes/database/prefetch.inc','026b6b272a91bae5d9325477530167e737b29bf988553a28cdf72fc1d1ea57ed'),('includes/database/query.inc','5b77dd9d00b987e6b045ac2eb7890e6e3c85de881211640c049449e0a24c203c'),('includes/database/schema.inc','da9d48f26c3a47a91f1eb2fa216e9deab2ec42ba10c76039623ce7b6bc984a06'),('includes/database/select.inc','f941806c7489ea88c214cd7a4573a9e8fb95fe743d7c8643aa61110ce9323611'),('includes/database/sqlite/database.inc','22e80c5a02c143eace3628e196dded78552e6f2889d1989d052e2a37f46e7f0f'),('includes/database/sqlite/install.inc','6620f354aa175a116ba3a0562c980d86cc3b8b481042fc3cc5ed6a4d1a7a6d74'),('includes/database/sqlite/query.inc','5d4dc3ac34cb2dbc0293471e85e37c890da3da6cd8c0c540c6f33313e4c0cbe9'),('includes/database/sqlite/schema.inc','7bf3af0a255f374ba0c5db175548e836d953b903d31e1adb1e4d3df40d6fdb98'),('includes/database/sqlite/select.inc','8d1c426dbd337733c206cce9f59a172546c6ed856d8ef3f1c7bef05a16f7bf68'),('includes/date.inc','1de2c25e3b67a9919fc6c8061594442b6fb2cdd3a48ddf1591ee3aa98484b737'),('includes/entity.inc','c0b06ea5088fed2c6f00acd67dd8b4443fd317daa6d12ad68ac33e1848e66003'),('includes/errors.inc','64c7f438c4793fcaa94f1b26ca886068c2da15f88d2456356db7156540d441f5'),('includes/file.inc','7b7cb311994a2d45371264521cc2cf74104246a96b96d1529262df43ba86ae44'),('includes/file.mimetypes.inc','33266e837f4ce076378e7e8cef6c5af46446226ca4259f83e13f605856a7f147'),('includes/file.phar.inc','544df23f736ce49f458033d6515a301a8ca1c7a7d1bfd3f388caef910534abb3'),('includes/filetransfer/filetransfer.inc','764cc29ca923dbb55c9440ed3c5feb3b9e97ea27a28aba3011e8dbac0424f8bd'),('includes/filetransfer/ftp.inc','51eb119b8e1221d598ffa6cc46c8a322aa77b49a3d8879f7fb38b7221cf7e06d'),('includes/filetransfer/local.inc','7cbfdb46abbdf539640db27e66fb30e5265128f31002bd0dfc3af16ae01a9492'),('includes/filetransfer/ssh.inc','92f1232158cb32ab04cbc93ae38ad3af04796e18f66910a9bc5ca8e437f06891'),('includes/form.inc','c6f9db191716ae0ea71bd79951e55344825fbc600e8e07057557593d614f6f9c'),('includes/graph.inc','8e0e313a8bb33488f371df11fc1b58d7cf80099b886cd1003871e2c896d1b536'),('includes/image.inc','bcdc7e1599c02227502b9d0fe36eeb2b529b130a392bc709eb737647bd361826'),('includes/install.core.inc','b6f3e5d9bd4154f840253e34aed131bb401deb4fcb3421b379851231b8b4c149'),('includes/install.inc','dc7b5c97803df3e8e80e62984fe820de53ebc4141b645f66f6344f51ef4d5b19'),('includes/iso.inc','09f14cce40153fa48e24a7daa44185c09ec9f56a638b5e56e9390c67ec5aaec8'),('includes/json-encode.inc','02a822a652d00151f79db9aa9e171c310b69b93a12f549bc2ce00533a8efa14e'),('includes/language.inc','4e08f30843a7ccaeea5c041083e9f77d33d57ff002f1ab4f66168e2c683ce128'),('includes/locale.inc','3161313aaab94a956f855a2635d738806142b33f06734cdc3df81a3f3854fbdb'),('includes/lock.inc','a181c8bd4f88d292a0a73b9f1fbd727e3314f66ec3631f288e6b9a54ba2b70fa'),('includes/mail.inc','a7bef724e057f7410e42c8f33b00c9a0246a2ca2e856a113c9e20eecc49fc069'),('includes/menu.inc','9cbc6636d5c5f9c681eea9fd9c09973e2e29b66bca38420883b657f9e1c0800a'),('includes/module.inc','75720e119c7fdc82bdefdd43e36661c990da6f69c1008e6f7997a6081590c8db'),('includes/pager.inc','a596da575268e116c140b65e4ec98e4006c04a188f65a1c48b766b6ee276853f'),('includes/password.inc','fd9a1c94fe5a0fa7c7049a2435c7280b1d666b2074595010e3c492dd15712775'),('includes/path.inc','e399fc0af1f25cebda4b6c471ab203db8abe1a0fe15e632f19e614f32d71821e'),('includes/registry.inc','2067cc87973e7af23428d3f41b8f8739d80092bc3c9e20b5a8858e481d03f22c'),('includes/request-sanitizer.inc','770e8ece7b53d13e2b5ef99da02adb9a3d18071c6cd29eb01af30927cf749a73'),('includes/session.inc','9981d139191b6a983f837e867058a376b62ae7cf5df607aee29e3e322a927b50'),('includes/stream_wrappers.inc','3244dae1fa57557f8d0d805fc163830ac1263914587f652f009594a0fa51eeaf'),('includes/tablesort.inc','2d88768a544829595dd6cda2a5eb008bedb730f36bba6dfe005d9ddd999d5c0f'),('includes/theme.inc','ae46daba6419ca613bc6a08ba4d7f9bbab9b19889937099d2e4c1737e9e7b2df'),('includes/theme.maintenance.inc','39f068b3eee4d10a90d6aa3c86db587b6d25844c2919d418d34d133cfe330f5a'),('includes/token.inc','5e7898cd78689e2c291ed3cd8f41c032075656896f1db57e49217aac19ae0428'),('includes/unicode.entities.inc','2b858138596d961fbaa4c6e3986e409921df7f76b6ee1b109c4af5970f1e0f54'),('includes/unicode.inc','89636ce5847340fd19be319839b4203b0d4bbc3487973413d6de9b5f6f839222'),('includes/update.inc','25c30f1e61ef9c91a7bdeb37791c2215d9dc2ae07dba124722d783ca31bb01e7'),('includes/updater.inc','89c602fd46c6aebb87bd86d495a930fbb9811dd905859a48f36d05d6aa5c1efe'),('includes/utility.inc','3458fd2b55ab004dd0cc529b8e58af12916e8bd36653b072bdd820b26b907ed5'),('includes/xmlrpc.inc','ea24176ec445c440ba0c825fc7b04a31b440288df8ef02081560dc418e34e659'),('includes/xmlrpcs.inc','925c4d5bf429ad9650f059a8862a100bd394dce887933f5b3e7e32309a51fd8e'),('modules/block/block.test','b7794c581c0eeacc77fca184e52b416a65c6d51998728467f02e441d5ecabcd4'),('modules/color/color.test','9e05a4bbd51092c7fabe821fa1950a03347c4b2c0d15cdab91db0407b6e24b75'),('modules/comment/comment.module','fe34776a11e4302e6340ec2bc3afe687cbb9099683aeeb52fa82ea39ce262c3d'),('modules/comment/comment.test','80a93dae7ec0b9938b9bc5324fa5059356c2123090eb845c6c6b81e88df16100'),('modules/contextual/contextual.test','023dafa199bd325ecc55a17b2a3db46ac0a31e23059f701f789f3bc42427ba0b'),('modules/dashboard/dashboard.test','125df00fc6deb985dc554aa7807a48e60a68dbbddbad9ec2c4718da724f0e683'),('modules/dblog/dblog.test','87a38f90f57c8a7069e9b34d461049d41388981fe1e16a8c437f0ff12753702e'),('modules/field/field.attach.inc','2df4687b5ec078c4893dc1fea514f67524fd5293de717b9e05caf977e5ae2327'),('modules/field/field.info.class.inc','31deca748d873bf78cc6b8c064fdecc5a3451a9d2e9a131bc8c204905029e31f'),('modules/field/field.module','48b5b83f214a8d19e446f46c5d7a1cd35faa656ccb7b540f9f02462a440cacdd'),('modules/field/modules/field_sql_storage/field_sql_storage.test','dc04de608db0a295543c971ece47b87521a9b4e1ec4430c84caf2e97cc96afc9'),('modules/field/modules/list/tests/list.test','de28dee52081f7a5e75533073456fe13319b107ebba678843b202af45dd42c3f'),('modules/field/modules/number/number.test','4392f6fadf67c7533725e12bbe15ee2624cd54158e153f42f6cad3c28144395e'),('modules/field/modules/options/options.test','551435bcef7e44cff2c039df5ee8a18d3ed39dc1279ff528739aadccfe5dd3b5'),('modules/field/modules/text/text.test','b267aeb70e79d3a3f4ac45961f74c09a2ff7a114dcfee8b90d212d71e959e1a3'),('modules/field/tests/field.test','d6f29a2096e13e91fc403db710f1b2057c75e03c0083f51fc4a8e52816cd488c'),('modules/field_ui/field_ui.test','d7454403593e96b1da58a8934971b7c0ab53e3515bf8c3d3593a0fdf833e218a'),('modules/file/tests/file.test','01319d66426f978aa2a8b6114c8fb01809cf88455b3e21ea3049131b44dc497c'),('modules/filter/filter.test','f4aa37bb42e91fd7deb2c531a6752fb6fe85457e5e769aa39a58fa5e1999b70a'),('modules/help/help.test','49a161c0b5689b2c8a5e70d0e564682acd8ac64502a421d5a4faa9ba6a62801a'),('modules/image/image.test','27b17bd064c221ba07449a570d1fa676307bd0c061757a90443625aee1815bc7'),('modules/menu/menu.test','0e7bfc52a66124c5c6c1432d2be883da7d2091c86d36200e07da807fc7e03998'),('modules/node/node.module','a0431f275b291779ffd1061d7d98b6942106235350b807828e94c6929ad04a41'),('modules/node/node.test','de4fed92632a309ff1c63d42460eef161bb86c429f3a097118aecf262ebe598b'),('modules/path/path.test','2ae37a8d14eb8c115a0f9a4707a7e8e557afbf03d2f6bdf8e9e6920eb0d14695'),('modules/php/php.test','d234f9c1ab18a05834a3cb6dc532fb4c259aa25612551f953ba6e3bb714657b8'),('modules/rdf/rdf.test','8c2e69e0ba7b7593eb871cdc13148831f0859a1a7f7caccd15906c369294aecb'),('modules/search/search.extender.inc','1a92d28913cd9d7cd0d2ec007848e079c14e84a8bcb9423e70ad97309ac14eb6'),('modules/search/search.test','0843ebaa2c689574dcc7d2415b0569ac4d54133f302411371ba9d655a09bf791'),('modules/shortcut/shortcut.test','0d78280d4d0a05aa772218e45911552e39611ca9c258b9dd436307914ac3f254'),('modules/system/system.archiver.inc','05caceec7b3baecfebd053959c513f134a5ae4070749339495274a81bebb904a'),('modules/system/system.mail.inc','d2f4fca46269981db5edb6316176b7b8161de59d4c24c514b63fe3c536ebb4d6'),('modules/system/system.queue.inc','a77a5913d84368092805ac551ca63737c1d829455504fcccb95baa2932f28009'),('modules/system/system.tar.inc','2dd9560bddab659f0379ef9eca095fc65a364128420d9d9e540ef81ca649a7d6'),('modules/system/system.test','ea0cf65bfee589ac22618cdfc7ac9fb57d2ca1b72420d59df67d747833d02aa5'),('modules/system/system.updater.inc','9433fa8d39500b8c59ab05f41c0aac83b2586a43be4aa949821380e36c4d3c48'),('modules/taxonomy/taxonomy.module','b246e538820cbd80b972e8a16b488b8974eb5dcfc16578f5405927c9727441a6'),('modules/taxonomy/taxonomy.test','ea1efd0a632d26259ec167bf451689ee25957e1ef84fe80b989e43f098329fa0'),('modules/toolbar/toolbar.test','bc54751eaeb6d780bb7e0b7a91d6bf2b47cbc979db26b51ead5306bfb3d86381'),('modules/update/update.test','994b66b737f16eb98ee18c9e9ecd62e86de2792159e70b36982e95b48f2746a3'),('modules/user/user.module','417ef6ed68d72a573d50681055cbe7f814e40e321d38bc0d9a13abe4fbd70479'),('modules/user/user.test','34b201554098ebf1b5d19d7da334155876cbab06fcdf2f61bc82ed7bb0bda0e9'),('sites/all/modules/ckeditor/tests/ckeditor.test','0ec6f431d4694e8b3b437f17a7be8ec81bf4dd8090fccd8dcc3fb56ce7064833'),('sites/all/modules/css_injector/css_injector.admin.inc','d7f8245ddf1e041614669f16f1d66c09abd87798d5d3b166419632af62cfc773'),('sites/all/modules/css_injector/css_injector.install','238219255f14e66bcc68d7826944a93c651003ada36a8a1038360b27575498b3'),('sites/all/modules/css_injector/css_injector.module','07a4a74f67dd6d9bad712c6cbf0548cf2717ff4ebaf9db2645b0242afca34840'),('sites/all/modules/css_injector/css_injector.test','5eb864e17817a78e1d6cd4c50d153927b645db118993a5c845046d495eedb5fd'),('sites/all/modules/ctools/includes/context.inc','67977b84018dd7ab2811e01ce008e3e20edeb1cf3525bfd64ed17cc4bbc24f66'),('sites/all/modules/ctools/includes/css-cache.inc','db90ff67669d9fa445e91074ac67fb97cdb191a19e68d42744f0fd4158649cfa'),('sites/all/modules/ctools/includes/math-expr.inc','bd7d9b7391d3c200b5d2d5631a58715e71a991a3db1ceb95382bab545e8157bf'),('sites/all/modules/ctools/includes/stylizer.inc','a19b912a79e6d982a6bfbb660c108a047e41283a23e1b12e4b9c22af51771add'),('sites/all/modules/ctools/plugins/export_ui/ctools_export_ui.class.php','823a0bf3c24048693abd3331c1fa08156aac4c08f94970c4b7b497d5f9867fe7'),('sites/all/modules/ctools/tests/context.test','bc23a86c5c32a0335c970f1e51ad6d60cc02d006de3d5cb5ee0bbdaa84d5bcd3'),('sites/all/modules/ctools/tests/css.test','832c58634157083e988797bf878c5fd6b9640e187802a397763e25771eced028'),('sites/all/modules/ctools/tests/css_cache.test','331564b96148bb666b306ead748b8b18a7baf746e96d6564b9685a23ca47a888'),('sites/all/modules/ctools/tests/ctools.plugins.test','b1b6eb5a42dac301ac0e0c5f6ecf3fd79ff00adf74f123aa6ed8e0c49daa5f11'),('sites/all/modules/ctools/tests/ctools.test','427659c5c3db1e8638539b6dd1a440451e043129172a42f66f3f9bbd15e8db0b'),('sites/all/modules/ctools/tests/math_expression.test','0fa0cd1f54c9a3791a5d77220bfee16baa868d0911f0c834b9682346ba8c0df6'),('sites/all/modules/ctools/tests/math_expression_stack.test','203b98c797d7eaa787c6481c1ab9482c0ca45559314f79632d7c5efb51d7d170'),('sites/all/modules/ctools/tests/object_cache.test','0af88e1d17b8265ac621799922934dded7c44073c001acf8c1c47d0187cb52fa'),('sites/all/modules/ctools/tests/object_cache_unit.test','9fd7871c5f0307247469bcdd488f3086126f5f7978d6a470f8ecb8a6dc4b5a1e'),('sites/all/modules/ctools/tests/page_tokens.test','078f82bd0957d8821521388fa270e70e10e9f143c1012ebac60f2dfd4d9ab1a4'),('sites/all/modules/ds/tests/ds.base.test','c6a1c762bd26fe3a9d9854315c21621a0dd7be2e7c3afd3b65f5a88c437909fd'),('sites/all/modules/ds/tests/ds.entities.test','73ef31c49692e58f4983fce67bc6813008ccda02e604001366576ef1caf00a53'),('sites/all/modules/ds/tests/ds.exportables.test','e5f6fff14210003f5b6c13b9a2bbe29526f19dad7fbe6ed1b9741ac21d1226e0'),('sites/all/modules/ds/tests/ds.forms.test','dff5e208db6db6a854795b6b9a79c69ae9ed745692907f9f4f7c7ce4b1005485'),('sites/all/modules/ds/tests/ds.search.test','bd82fe154eebfd8f03b09d2c58a0e1cba224857416a097a25d8674074ab29a25'),('sites/all/modules/ds/tests/ds.views.test','74abaddaf9f98f78ee82c98c0526f83ba3937a074be31c966a2e5170695d4dc7'),('sites/all/modules/ds/views/views_plugin_ds_entity_view.inc','5b59c1be2b5ac68bf16a5a277aba44e8b32f2c2c4c63f68db17f31ba3a95fffc'),('sites/all/modules/ds/views/views_plugin_ds_fields_view.inc','a8f936d84100bf98de2603ed0bd0ca2d736abe89f435d1563c3e94a067c82048'),('sites/all/modules/jquery_update/tests/jquery_update.test','0890f9f016c1f0d3953e79c651dc1ae61d7651d09f264bc8c5edc1cf3d6eb0f9'),('sites/all/modules/media/file_entity/file_entity.field.inc','b8828e089a7f8a6fc9d1aa13ed0e0b23d45f98c028b58708e36476ca43f73237'),('sites/all/modules/media/includes/MediaReadOnlyStreamWrapper.inc','b7fd1711e3b345556b28392308f258358dd7e0c5a2cde296cf89c65786dd560d'),('sites/all/modules/media/modules/media_internet/includes/MediaInternetBaseHandler.inc','335e89b4a5bab36fd516b3dd85699e6dbde80dddce0440606cb96ed110e45ae1'),('sites/all/modules/media/modules/media_internet/includes/MediaInternetFileHandler.inc','b736b75be4afc1e5ec1c9343b3f1bc8f04989feef40f1f9c53ece45d1f86b9af'),('sites/all/modules/media/modules/media_internet/includes/MediaInternetNoHandlerException.inc','965083eebd48ea77d27027e11fdeb473f06b2e96e9b92565c7f7ef3b2a7ccbee'),('sites/all/modules/media/modules/media_internet/includes/MediaInternetValidationException.inc','fd563c33c456c0c8bcf67adcc964ab7c73f80b85e50cb2f1c56675ffd2c3d697'),('sites/all/modules/media/test/media.entity.test','08a74e926fe3b76270e90ecddd21f7f9c378fac9cb79d2540a5ebeae35b9f251'),('sites/all/modules/media/test/media.file.usage.test','1229cca1fd5ca2d2128838fff817859533b0067f5d9cfe041705b5159ce705e3'),('sites/all/modules/media/test/media.types.test','4d6266505a3d09ab19b8e299a1b867dca887ca617b8cc5102a4a0b4f95960bc2'),('sites/all/modules/media_youtube/includes/MediaInternetYouTubeHandler.inc','42b5900b7bfab1244d2583f11b8627b381e3f37e2cb714b59a4381da837b7629'),('sites/all/modules/media_youtube/includes/MediaYouTubeStreamWrapper.inc','4c07872574629495f895979f317f4cbabd32d767ddb26baaf886a002021d476e'),('sites/all/modules/media_youtube/media_youtube.test','44e519e8006770cb3c11a54f325dee0a90de4575a81a34c7f8167bd64cdfc554'),('sites/all/modules/references/node_reference/node_reference.test','5746afcbdfe47cfe75cce38c9690759cc2ab762bf2ae88d560aa0634dc671076'),('sites/all/modules/references/views/references_handler_argument.inc','8548d8cd4676fc24bb26d0cf1a81640bbb8e8528c4b5a49195ff6c3d1fc53c41'),('sites/all/modules/references/views/references_handler_relationship.inc','8fbf980fc3c9300ccb95e5efc4fa402233e4c9d4ed7a6d26b70264e37008c6e4'),('sites/all/modules/references/views/references_plugin_display.inc','eba22fcf16dff09cebd7f0864e8c7a51e1d1041e048dfda6160f6f7836741857'),('sites/all/modules/references/views/references_plugin_row_fields.inc','061ea853c8d82b60aa472f23fdbe050e089d52ea0ede9567ecb0fc21b0135f5b'),('sites/all/modules/references/views/references_plugin_style.inc','b1761b3fdcb1fed613799011f148358b2a618d3f32126ca1c0465191d9885f74'),('sites/all/modules/views/handlers/views_handler_area.inc','16085f6aff78a35dfb536909e82e0ebba99f382d4abfeea74f86dfbbe576938b'),('sites/all/modules/views/handlers/views_handler_area_messages.inc','a99ce6f396662fd511f0a5b4dd44289940c61eb19419fce952e8cd1d92fb540a'),('sites/all/modules/views/handlers/views_handler_area_result.inc','5c4452a2661ea6096f99f7e696d331dc72442380fda7557f83987a04e717ee5b'),('sites/all/modules/views/handlers/views_handler_area_text.inc','9b249c72a27c425e554ac5fc4f5bfe5030468e941197a5f2a728251e1a1709ba'),('sites/all/modules/views/handlers/views_handler_area_text_custom.inc','b834a5b12dcb0437734337d50d81af185e7e0149fbad853addec5d2c6992c8fd'),('sites/all/modules/views/handlers/views_handler_area_view.inc','62faaa2aa80df6c136814acde663a7055a5c17bc6e2975ff566464a8fb90a38e'),('sites/all/modules/views/handlers/views_handler_argument.inc','4cf555a30794cb468c4ddb38464a316ba359ad64fb6d7a514d43303370143c85'),('sites/all/modules/views/handlers/views_handler_argument_date.inc','a74a274dd15c9453b227c5fa78005ec64551d1d608c349f8cdfbb3966179797e'),('sites/all/modules/views/handlers/views_handler_argument_formula.inc','2090ca11e6328bb3b5c149a18027519bbfcbfdffed66d4c8c1e69316593199b3'),('sites/all/modules/views/handlers/views_handler_argument_group_by_numeric.inc','aa65e69556046558f52929009b129ea74ad4f4dd3c79dc517317082be298cad6'),('sites/all/modules/views/handlers/views_handler_argument_many_to_one.inc','e3b119709ebdae549a45a33751413d591fd29b886091257cb9f76afc87153612'),('sites/all/modules/views/handlers/views_handler_argument_null.inc','9c26fd85eccdb9fa5483ea9b556b61bfdab0c7e802ab8516f04fb54ce6e3c501'),('sites/all/modules/views/handlers/views_handler_argument_numeric.inc','366aa47d02f8c1f69cb9303bf56283601c07c7272a84ad4e6fe35b1bad49c8f3'),('sites/all/modules/views/handlers/views_handler_argument_string.inc','b9eb2bc894cd92ab51fe2e09f12b08965561c890df93029877ea520791a51e8b'),('sites/all/modules/views/handlers/views_handler_field.inc','34821017e970742130f19aa2b2afb95720b197597a7074ce3ab17069115942b2'),('sites/all/modules/views/handlers/views_handler_field_boolean.inc','c4b6fe66a0af7f21db4597f5f697c8a2d5ed5ea413471bb34c31a776b1250e6a'),('sites/all/modules/views/handlers/views_handler_field_contextual_links.inc','58adabc6212039a33d232130a07622ba281385ceb8e3b33ad688cd4aefc6754e'),('sites/all/modules/views/handlers/views_handler_field_counter.inc','701ade124c2e6c08a459ef5445ceffd3dc16348c752db8eba86d9182ebc93658'),('sites/all/modules/views/handlers/views_handler_field_ctools_dropdown.inc','77e35b9f6e95f16c41de1d7a1abc608e48b77aee36ca05874d3b69046e04e5a4'),('sites/all/modules/views/handlers/views_handler_field_custom.inc','d3c2b1df06ec7f74f52e1188c9cd26eef23b09928f2d0355bddb2d14a985d221'),('sites/all/modules/views/handlers/views_handler_field_date.inc','d17f8acd8004fba3c2ea6aa5e6196efb6ea721e3f5a87ec23c9ca636e352c676'),('sites/all/modules/views/handlers/views_handler_field_entity.inc','3e31614ec9158e9a8f81622a71e2d4772032f5e4da81c71d0884f96bdfa85b3c'),('sites/all/modules/views/handlers/views_handler_field_links.inc','8d1d612ccf6e0ad5c18086bb32ce9727dbf6ccd0520384cb6265cec42e9772c7'),('sites/all/modules/views/handlers/views_handler_field_machine_name.inc','edbe2e4a2911d4ecdbf1c58f6645dfddf28f4434be809ba64e01fe9ea94783d5'),('sites/all/modules/views/handlers/views_handler_field_markup.inc','94a925ba9dcc866929cbb30b895ae75aacae60688ac0e38a1a84cc90ebbd51e6'),('sites/all/modules/views/handlers/views_handler_field_math.inc','981d3357925a34ffe19d41bbcf5d1b570bff6ea2efd51d6aa29a60c5349c64e2'),('sites/all/modules/views/handlers/views_handler_field_numeric.inc','9819a35f3d341f7973653fbe141b920b288ace9c750ef65c0d6cb6d52887a22d'),('sites/all/modules/views/handlers/views_handler_field_prerender_list.inc','4332691d10f6d0ed91f3b4279499f12737314555fdd6c87a3556d998528545c9'),('sites/all/modules/views/handlers/views_handler_field_serialized.inc','14997b7d224d5dd50295f71cf626bd4e4eed0d906d6da32b92037cc734ccac1e'),('sites/all/modules/views/handlers/views_handler_field_time_interval.inc','4b6f36465710740d6e266f1cb731b3c0c72ba7455ee0fecee80a847131b3e7de'),('sites/all/modules/views/handlers/views_handler_field_url.inc','6633a403da44af6e82188fe1416bd06a6cb1f69e0546f162296d2c2e79af255b'),('sites/all/modules/views/handlers/views_handler_filter.inc','56e1e7be2c4fd2a16dfa481a927c9d8e853e7d071e77cf95367dffdec5ba71a3'),('sites/all/modules/views/handlers/views_handler_filter_boolean_operator.inc','e9089bb8135313d5650c6095d91fb0682f0a0509108b567ccb13f352bab14db0'),('sites/all/modules/views/handlers/views_handler_filter_boolean_operator_string.inc','fd2bd503b46361ada4e6b4ada3451b322f646c68de5591e13b194c733ad683f4'),('sites/all/modules/views/handlers/views_handler_filter_combine.inc','c600b737be08006dbdd9926d7648df21ffb32b5c9f25a1914a06791e7c6f03e9'),('sites/all/modules/views/handlers/views_handler_filter_date.inc','e0716b4853c982e665b33b2570c6c90a4b01cd9a505860ec9cb85517746034e8'),('sites/all/modules/views/handlers/views_handler_filter_entity_bundle.inc','c7e82ca67ac0e66740ce247829179158462dc4bf1d119407009460db1cca973e'),('sites/all/modules/views/handlers/views_handler_filter_equality.inc','8188497af26a099cdb0d7ca3feda14ce288eebe1d02f87348f30da1ef99993e2'),('sites/all/modules/views/handlers/views_handler_filter_fields_compare.inc','9639036d337eed13379a55ecbac33d1b059c2f38ce20ade614d6819cd0e29a26'),('sites/all/modules/views/handlers/views_handler_filter_group_by_numeric.inc','1258029768dbdcfcb5cfffcac09b22789fe36e91618a4a06e1e4a4b6c6c19d41'),('sites/all/modules/views/handlers/views_handler_filter_in_operator.inc','a635e43e9681754939405075368b40f94fb77761334a1ff9bf708bfb86058775'),('sites/all/modules/views/handlers/views_handler_filter_many_to_one.inc','e8cb18060c952bf11148c2247ec14201fd499ac005c092e7d96734d83ac9895a'),('sites/all/modules/views/handlers/views_handler_filter_numeric.inc','cdb51e786a1e32ed91d84f96085f72cf2b846afbf6d6e2860658604be294bbc5'),('sites/all/modules/views/handlers/views_handler_filter_string.inc','cf1da75621747176d5a582634205172fd718ea57548220b9aefc9aa9892c7944'),('sites/all/modules/views/handlers/views_handler_relationship.inc','56f8b9a3085aee56ffedc75f76a9334c57796f2cd3fe9706506683f46b85a0e4'),('sites/all/modules/views/handlers/views_handler_relationship_groupwise_max.inc','c6c4ec0c0c9663df5f2a665e12f9d0fff29fd26a7db9ef7c2640cf1a6ee72388'),('sites/all/modules/views/handlers/views_handler_sort.inc','36391f1498cce13b2f37343da53e61ec437f6f1afd0fa3f1cc4c0627ca42e2d3'),('sites/all/modules/views/handlers/views_handler_sort_date.inc','9949279b1d2f714afa51fba865749a40546ef434f9ba5e68bf8fe09ed056fed4'),('sites/all/modules/views/handlers/views_handler_sort_group_by_numeric.inc','ed4196d099a2c5112b46ce1cd256edf71793e130a5ed49631fff2a365fc3291b'),('sites/all/modules/views/handlers/views_handler_sort_menu_hierarchy.inc','60628a647e83f991b2fb42506b1c52fc8934cb19278fefb2ffe980065d027136'),('sites/all/modules/views/handlers/views_handler_sort_random.inc','672a9473a35bc811d8bb0365dedfff988671de9c00e0e703819e9adaa70db4ba'),('sites/all/modules/views/includes/base.inc','f8db4ecb8d51f38274fe560f3139a8aabd1a9a549a5112a1d4e1078eef6e5744'),('sites/all/modules/views/includes/handlers.inc','6a670760c47273bb427176c1214925f10318ae01310822739df831dc86d687ca'),('sites/all/modules/views/includes/plugins.inc','b41a59b67e719abc1df93d022a37c0cf701059d1cf566fab6edee6147bdf0369'),('sites/all/modules/views/includes/view.inc','edfa30ebb4fd6a04bc44e8499204ed23e09b269bc545d32aaeba3bc2ddf9bc82'),('sites/all/modules/views/modules/aggregator/views_handler_argument_aggregator_category_cid.inc','e67a696600c3c9a37f8c732b89813500f207eaad32766f2e804c02063cdfb17c'),('sites/all/modules/views/modules/aggregator/views_handler_argument_aggregator_fid.inc','51a2520546cac7d4c56a80f2b61dd41a878a4a75037f0739e214ff8155a0fef1'),('sites/all/modules/views/modules/aggregator/views_handler_argument_aggregator_iid.inc','c3045fdf47ae7639275090768d7d9a2358cd66e9de600e2cfc7ae52b5cd64c05'),('sites/all/modules/views/modules/aggregator/views_handler_field_aggregator_category.inc','9af125c4285d770572757e8ad114048e4243dd6710bcd992c3b8365aaf3d5cbb'),('sites/all/modules/views/modules/aggregator/views_handler_field_aggregator_title_link.inc','717fe70dc6f4a00a808d3ea478fd146c108be26e0c5773f4574b073bce0ef3b3'),('sites/all/modules/views/modules/aggregator/views_handler_field_aggregator_xss.inc','83ba99ebdc04ed18e266a41ed97c874c81002f13059815e353976668d68e6de3'),('sites/all/modules/views/modules/aggregator/views_handler_filter_aggregator_category_cid.inc','3d819f5de170c4d4f2e8d3348be5645f27059854169725375fbc5e4148e772e3'),('sites/all/modules/views/modules/aggregator/views_plugin_row_aggregator_rss.inc','e73716935ee6172dc5c6dbc6126c00decef6759da8cb05b278089328661583c1'),('sites/all/modules/views/modules/book/views_plugin_argument_default_book_root.inc','123eda93e4ad9da88a6dc3ffd771772ea71abdf1d749c8f2d17c48d656fb0d5f'),('sites/all/modules/views/modules/comment/views_handler_argument_comment_user_uid.inc','9955ba779f626be3dbc18a5d5c3b7e0d4638ea32ce606fbc9144044965b491a8'),('sites/all/modules/views/modules/comment/views_handler_field_comment.inc','beb5e6eb481aa5adbc347ed7ef31572fcd63a892aa83266b9000f9569508f7ee'),('sites/all/modules/views/modules/comment/views_handler_field_comment_depth.inc','d316270160be29bac6e50d990c34d51811f9520359458331fced5ea6535a920f'),('sites/all/modules/views/modules/comment/views_handler_field_comment_link.inc','77f3fdaef1bb183bc6f51f9bcdcff7f5c267f02d731c6e774d7964048674f635'),('sites/all/modules/views/modules/comment/views_handler_field_comment_link_approve.inc','3a1587ed47b306e0ff6dd0298e7a1cc0a899c91b814dc48239f7173027fb692f'),('sites/all/modules/views/modules/comment/views_handler_field_comment_link_delete.inc','03ca804e176402c955734151de2d8ec1f77a558efbeabdfc0a2550026805a986'),('sites/all/modules/views/modules/comment/views_handler_field_comment_link_edit.inc','4ea1157e43d2c04d15250aa2247223a5ebdb3cde5cd751ee8d9976ce09701fd5'),('sites/all/modules/views/modules/comment/views_handler_field_comment_link_reply.inc','c65548a886717de8cd8de65653866daad70395e396a77f67f0ba788eed29c1cf'),('sites/all/modules/views/modules/comment/views_handler_field_comment_node_link.inc','fc093dd213dd5a9b66830b51083e8c94af1a4cf66485d242199284b20e84bf84'),('sites/all/modules/views/modules/comment/views_handler_field_comment_username.inc','dce17ff9703a545bb55f10aa51e702ab318ba6652a308bd4bbf7ab509816fbee'),('sites/all/modules/views/modules/comment/views_handler_field_last_comment_timestamp.inc','3865475732389244162027b2a1dd5c847b97f8007bd08bb597ede0a2abc07a33'),('sites/all/modules/views/modules/comment/views_handler_field_ncs_last_comment_name.inc','227bf7ff4ba7464310b75196da3f85e3eb9a8da89f667b6153d5023d93034105'),('sites/all/modules/views/modules/comment/views_handler_field_ncs_last_updated.inc','3a75c18196f060e268ed4a764039f63cfde4d45d157673b19171a6eed5fa1c79'),('sites/all/modules/views/modules/comment/views_handler_field_node_comment.inc','a3e9f9cd9e251e866ec1fc6e6072fe90e83ff4b882a6aa2796ec8721129dc2cd'),('sites/all/modules/views/modules/comment/views_handler_field_node_new_comments.inc','089a6649c4039ec3a855798fa131c01a5c8930928e47493f3c3073fb9ffc040d'),('sites/all/modules/views/modules/comment/views_handler_filter_comment_user_uid.inc','fedb023952d2b1b418848293f45f4f33adf9c885d279655ac0f6761d2dca11d5'),('sites/all/modules/views/modules/comment/views_handler_filter_ncs_last_updated.inc','40f9157a53807537a7bd8d5989e6abafbbc3b9b296958207e97944165f9ef639'),('sites/all/modules/views/modules/comment/views_handler_filter_node_comment.inc','222e790fae64c087c755949bdd98b2f70851c20c22ba7a0a6eebeca1ccbff8ed'),('sites/all/modules/views/modules/comment/views_handler_sort_comment_thread.inc','91fb14f3058c409bef347a0a76c48fe9f4715fcfa49b35a19899e74dfb4e3358'),('sites/all/modules/views/modules/comment/views_handler_sort_ncs_last_comment_name.inc','1b988db986ba10fc1052297d6bf47ffed64272032a6aedadb742a7737a8a04bd'),('sites/all/modules/views/modules/comment/views_handler_sort_ncs_last_updated.inc','d7ce11c55dbeef236965d2708cf4ff3f6fd751835b0e63538031600c8dd6b48f'),('sites/all/modules/views/modules/comment/views_plugin_row_comment_rss.inc','661a484de92222f270d2894ad9b5372165e4a8beee815aa52628e656757f331e'),('sites/all/modules/views/modules/comment/views_plugin_row_comment_view.inc','33a763b97f3b8998011e01e967e1a92d988215af365b8db0ebd4bdbc9a081870'),('sites/all/modules/views/modules/contact/views_handler_field_contact_link.inc','94aae2c3ca97edaae19cf8291b9255a9f50e28507307ec3d6ee3b84729ece1ba'),('sites/all/modules/views/modules/field/views_handler_argument_field_list.inc','c2782930964ee2e312ca238357b7ee3e0769372cc1216c604b2633677729c58e'),('sites/all/modules/views/modules/field/views_handler_argument_field_list_string.inc','1e3d03b1338c2ea5c7550e0ae4966dcb8e163ce2b3538d8654c0c4d3620f0898'),('sites/all/modules/views/modules/field/views_handler_field_field.inc','ddd9b0e1e1f452218798b1d2e808d084528d90ab80a3f6b3d9db54513f36d612'),('sites/all/modules/views/modules/field/views_handler_filter_field_list.inc','77fcfe98e5fb1638c879a3fb2dc6769e49a79cf348e26e843566175b01358730'),('sites/all/modules/views/modules/field/views_handler_filter_field_list_boolean.inc','028a78d1bdb1b5495dbb1b484220a9d8e31ca7b69f20f119a35fb6d58c7a0160'),('sites/all/modules/views/modules/field/views_handler_relationship_entity_reverse.inc','b14ede644a0f64ad2eab73d8c09dca5859412fedbd97ee0580d1d6fcdecdc819'),('sites/all/modules/views/modules/filter/views_handler_field_filter_format_name.inc','2a0a6d07ec0352260fc3e94c6f08e15afb0888dcc05d4184ba49de01be8b9fea'),('sites/all/modules/views/modules/locale/views_handler_argument_locale_group.inc','146029dcd61642f86df74ea883c80bb52210d51470fce9cecb9d7fdcfe0f8e27'),('sites/all/modules/views/modules/locale/views_handler_argument_locale_language.inc','f99d8653e168f863c3e811d2cebfd538ae5ecb94cd0e82692f812555c028a38f'),('sites/all/modules/views/modules/locale/views_handler_field_locale_group.inc','fc6a3c57d9abffbe1cfb859c6adfdfed5f2c63cb645df1ec732f84ee2e8f4f4c'),('sites/all/modules/views/modules/locale/views_handler_field_locale_language.inc','431fc20daaf9cccd4d739b16a6cb9a732417b5b6079b12cbb73710fee2a51e9d'),('sites/all/modules/views/modules/locale/views_handler_field_locale_link_edit.inc','63dc823990a69622585a21212f2e162e2ce018a9c1348c148a3e5215d005e023'),('sites/all/modules/views/modules/locale/views_handler_field_node_language.inc','76e09d9b0f4c345425a52f9def5aae5e029e6ac9dd079a242dfa9aa98f6cf010'),('sites/all/modules/views/modules/locale/views_handler_filter_locale_group.inc','2c9da2c417de6cb48a13b4bb52dd9d9ec0a4f257ee4e26b7b99ca46b10334ceb'),('sites/all/modules/views/modules/locale/views_handler_filter_locale_language.inc','59749963fd5fbebff0a6e09b5553b0ae639bf2f053da7aab325d0662093f3b04'),('sites/all/modules/views/modules/locale/views_handler_filter_locale_version.inc','266f380b0488af0ebaec0c9b0f8168402bdc53dfdd29f6a81924c88c04829287'),('sites/all/modules/views/modules/locale/views_handler_filter_node_language.inc','70dd129038f85a61f1a4bb24ce4286520154546f5696a135de8f0f2caf39ac15'),('sites/all/modules/views/modules/locale/views_handler_sort_node_language.inc','7f24790cf76cf979e9314d12a269b39f2b10d2787b69dc8a3a9b51d0b3ed4ae8'),('sites/all/modules/views/modules/node/views_handler_argument_dates_various.inc','6308402609dbc7f92594e4e5d4f4f0cb5ba71e43c6f247cb71af111c53db83d6'),('sites/all/modules/views/modules/node/views_handler_argument_node_language.inc','85d5ec6d2cb7fe84ba59d27054f170207ee1b765366de7324d2f8b58feaae710'),('sites/all/modules/views/modules/node/views_handler_argument_node_nid.inc','1c3517c618dc4704d48702250075384b9bf3fac50d24d5eed832a17f5dfa2da3'),('sites/all/modules/views/modules/node/views_handler_argument_node_type.inc','a79d743f7e0300feed39d7e9f1cb46bfe470c4639abc47f0110190d413e1dbc0'),('sites/all/modules/views/modules/node/views_handler_argument_node_uid_revision.inc','04e049eb41769c91b3bbff1be5971bdba0b56d4c9e81f7b564c2ec0cc8c8227f'),('sites/all/modules/views/modules/node/views_handler_argument_node_vid.inc','2bb53e69fcf14294053c5610fe40408f6adb5b25bf6f0c6d66c0848cb90615bb'),('sites/all/modules/views/modules/node/views_handler_field_history_user_timestamp.inc','c9bae50db9659597b7e8c1533ac2606919517811ace4b7dc786b7f48a264020d'),('sites/all/modules/views/modules/node/views_handler_field_node.inc','e13196a84647ec0bd6a4dcb92cf5d6e340bab0e9aeadabe723567e8c7abf21af'),('sites/all/modules/views/modules/node/views_handler_field_node_link.inc','450c511b8fada8689fbecd1f92fd208c4add47699e97438bffdd682415e1fe00'),('sites/all/modules/views/modules/node/views_handler_field_node_link_delete.inc','ab50268cfb67a3deafa21a7f5acb5c908d378efe6dbfd6e1537cde1487fb0a09'),('sites/all/modules/views/modules/node/views_handler_field_node_link_edit.inc','91aebee3065d3880773b81d8d3f1d062804162454265f8be12bea3681d0791b0'),('sites/all/modules/views/modules/node/views_handler_field_node_path.inc','fe9bd2b94c7ac927c78aa559783e12bea69abf2f9bc1ad8bbd250826bb295597'),('sites/all/modules/views/modules/node/views_handler_field_node_revision.inc','d3c7c25c86da0615304764c09e76b2d3f94da06975add14e539964a53d0afab8'),('sites/all/modules/views/modules/node/views_handler_field_node_revision_link.inc','ea7b46f10f54fd565bdc6b6a78c581de9889b20afa1d2773bbb51f9dc9ce4da5'),('sites/all/modules/views/modules/node/views_handler_field_node_revision_link_delete.inc','329a3063a79278c72fbc7a3dd87d9a309a62f4dac039785ff3ac43000b48155f'),('sites/all/modules/views/modules/node/views_handler_field_node_revision_link_revert.inc','939815ed25649dc4646e26042868cc3eeabf618ba750e84900c74017d181a675'),('sites/all/modules/views/modules/node/views_handler_field_node_type.inc','48756a36b753eb6b6e7dba5bc187399d6ab11665f8b586fc4ecfa1243d859ca2'),('sites/all/modules/views/modules/node/views_handler_field_node_version_count.inc','42ed9bbe09e407f5452e8e8523cb8719c46a41d6a60eca449b0182e7dc9e9298'),('sites/all/modules/views/modules/node/views_handler_filter_history_user_timestamp.inc','83028bbcc531cd39d5368e4b2ec68c5569fb1d12f35712bf14c7cb3da4aa7e91'),('sites/all/modules/views/modules/node/views_handler_filter_node_access.inc','3f6a4da11b627de054c2e14b4869a521352d501d1be18a05f1c67db6ae73d18b'),('sites/all/modules/views/modules/node/views_handler_filter_node_status.inc','bc823f0c6771f62bb67e1ff79aa4542ebf9bfcee6f5b97d65a7a3b6d2df1ade3'),('sites/all/modules/views/modules/node/views_handler_filter_node_type.inc','a49a3da3983e79c4aa9ff237f1db5fd808117e939d7c619d62b63f95ad333582'),('sites/all/modules/views/modules/node/views_handler_filter_node_uid_revision.inc','40c2c6b4437e1446cfa41ac45fe29ebeeaa2a37796582c068dc37c6c35a1c88c'),('sites/all/modules/views/modules/node/views_handler_filter_node_version_count.inc','62d2b9095bced391c270d5293d239dba135955dc9157db747d01dca64c45bc56'),('sites/all/modules/views/modules/node/views_handler_sort_node_version_count.inc','b3b3012e04c2d90f7ae810f41748eea58062f291794a840d5ca951dadf22906b'),('sites/all/modules/views/modules/node/views_plugin_argument_default_node.inc','acd3fd318bcfcee6eac4381b260a539d6d79c63bc0f350932565b0dbe7e05961'),('sites/all/modules/views/modules/node/views_plugin_argument_validate_node.inc','2c8100dcf21a8d1f24a5e8621f9bbc6d7bfdd3c41b7a191d904f8c854df6d02b'),('sites/all/modules/views/modules/node/views_plugin_row_node_rss.inc','e9f5f676c0be810ccd6aca1f3c28f8ddcbf8af4b19a9bf6b049e6056b15461bc'),('sites/all/modules/views/modules/node/views_plugin_row_node_view.inc','2b64a6646cb8cfcbc0448133802d6d5effae2afc53d312ed783a87d2125f890e'),('sites/all/modules/views/modules/profile/views_handler_field_profile_date.inc','f1f23952836ebc20b7507250adc6ad0544e070a5b9e373afe3825b68c5caacb7'),('sites/all/modules/views/modules/profile/views_handler_field_profile_list.inc','f938abe03f7889fe51db5904c7ca40d0675cf3f6d452684dde3eacaef5aa6db6'),('sites/all/modules/views/modules/profile/views_handler_filter_profile_selection.inc','ca90aa667fcf313dd5676556b8fda60c587063cab3e9a42695199886f978239c'),('sites/all/modules/views/modules/search/views_handler_argument_search.inc','8bca051703deede7e59cc3da73c68dcc77952899f76c3308e4853111f744ae5c'),('sites/all/modules/views/modules/search/views_handler_field_search_score.inc','b70e66940c7ddf22a9f51475edb99124faf3a1a9fe94cc9131ad5118e49b80f3'),('sites/all/modules/views/modules/search/views_handler_filter_search.inc','940712aa47b2eb502a7bc8b255250bb7e915e8f89875798f4a0d41013b131e3f'),('sites/all/modules/views/modules/search/views_handler_sort_search_score.inc','a9736feee51cb2f54bc5af8a4120aa6027bf6b44d394dc4ac308999f138fe842'),('sites/all/modules/views/modules/search/views_plugin_row_search_view.inc','c8d6a5b3f0b2c795b6e7efe9de0c7598ff709aec09455de22b3b26bc366c65a6'),('sites/all/modules/views/modules/statistics/views_handler_field_accesslog_path.inc','e514b0ac78bbce36f6fa94bc3d7f39e3506de9bf8f5ffc149efd341f940b246c'),('sites/all/modules/views/modules/statistics/views_handler_field_node_counter_timestamp.inc','9493e13b361038b41959974e8c9eb9dec7970024d1dc8754c8a5f1044567d7f2'),('sites/all/modules/views/modules/statistics/views_handler_field_statistics_numeric.inc','e29fc2f1fe0e5e87cc594ec21dd81a778b7eac3e99518aad1820a3cb0c68aa86'),('sites/all/modules/views/modules/system/views_handler_argument_file_fid.inc','2e836d50b8a5fffa2e30cb35a2361aae8aef2f2138e90d12f9de20d74c77b622'),('sites/all/modules/views/modules/system/views_handler_field_file.inc','b8a83503931abf9d0804b865f28cc9725520afaefde2a36ee8369670098013b3'),('sites/all/modules/views/modules/system/views_handler_field_file_extension.inc','83f2f4de5bcad4c04c9f338c6afb1cd321f1325cd6908b65bf246626b62cacf4'),('sites/all/modules/views/modules/system/views_handler_field_file_filemime.inc','8a83f83bd135c71fe2b763f31aaebe6df392a46eee88e8251c15a1be7a96c1da'),('sites/all/modules/views/modules/system/views_handler_field_file_status.inc','e61cefaeb45471b0d95d756ac9bba45fe8dca0fb10ac9bd82fd9a32385175118'),('sites/all/modules/views/modules/system/views_handler_field_file_uri.inc','8edae85b8a83b5439962e73cae1cf1834b77d9c4a157035e2c1b3b265a9e75a4'),('sites/all/modules/views/modules/system/views_handler_filter_file_status.inc','630e79a1e4186e955fea776b0d6ce4316d30daf0c1b9594a654cd875f8139e17'),('sites/all/modules/views/modules/system/views_handler_filter_system_type.inc','024f4708e1ad9e626c56dd288590d39ac2b4be316cf265099a9fe7ad0169a97c'),('sites/all/modules/views/modules/taxonomy/views_handler_argument_taxonomy.inc','64d79041c19de4a04675db80cbdeb195bd4b7348f05eadc658fec9103d452d47'),('sites/all/modules/views/modules/taxonomy/views_handler_argument_term_node_tid.inc','fe5278a0ca737d4f207fa956f2adf8f875936903af0965f61d1b436ca4546fb4'),('sites/all/modules/views/modules/taxonomy/views_handler_argument_term_node_tid_depth.inc','8484fb40ef7ee4b295d7999960129e45661a62a9499585edce700526d362499b'),('sites/all/modules/views/modules/taxonomy/views_handler_argument_term_node_tid_depth_join.inc','9b11138ad7e437ba054f3538f5056dc0e40caead7660dca6141e2d3f84219d50'),('sites/all/modules/views/modules/taxonomy/views_handler_argument_term_node_tid_depth_modifier.inc','a4ae0d39e66a051c3ee6b5e490887c3a12679854e98b620e061bd6e06849db01'),('sites/all/modules/views/modules/taxonomy/views_handler_argument_vocabulary_machine_name.inc','53bd1e4831645069b13f9a9646ae9b74c09e07b997ce10a552c32138d685969d'),('sites/all/modules/views/modules/taxonomy/views_handler_argument_vocabulary_vid.inc','5187c6e68cbc69b6f9a01513f3a8de5384a9b8795bf68415decdcc08995caf3c'),('sites/all/modules/views/modules/taxonomy/views_handler_field_taxonomy.inc','8c57d2bd1f41bcaddb5eefe70dfd6ec98b3f22cf8f37d860f7f6e67c3592f1dc'),('sites/all/modules/views/modules/taxonomy/views_handler_field_term_link_edit.inc','5aa6148b1866311d455897c6c62a773b98fa9988a94187eb0e9fb43c76925cc0'),('sites/all/modules/views/modules/taxonomy/views_handler_field_term_node_tid.inc','82608d9d6109d1446f70caf5ad176cbdfcef283a1e5fa2d5565c0572f3a9613d'),('sites/all/modules/views/modules/taxonomy/views_handler_filter_term_node_tid.inc','bc4d5a8b9cc3215a2283ea6725ebfbe0cda867b694491d02235abdc621179e57'),('sites/all/modules/views/modules/taxonomy/views_handler_filter_term_node_tid_depth.inc','1fc479f4666696940f59cf330cfe22298d77e6587d16b281948ad05a2b1840f1'),('sites/all/modules/views/modules/taxonomy/views_handler_filter_term_node_tid_depth_join.inc','52821fd9d53a62ba65e24cb050edc3a7da78a7192e17e2202a8ce996a715dba0'),('sites/all/modules/views/modules/taxonomy/views_handler_filter_vocabulary_machine_name.inc','b8851e7c67a22e8c472417a97a528db0085b9cff614ac43edaf720378d643c8e'),('sites/all/modules/views/modules/taxonomy/views_handler_filter_vocabulary_vid.inc','f15850128ed9a2c4b7b5964e31faf10570a0fa3670cd72afc09589cc0c432995'),('sites/all/modules/views/modules/taxonomy/views_handler_relationship_node_term_data.inc','9dff3dd77766232a4c83cfc92197424d4d2839052f7b91326dda39a81d484f34'),('sites/all/modules/views/modules/taxonomy/views_plugin_argument_default_taxonomy_tid.inc','3e6610928bbadd83e10f67ec4d508e2f3f848cc9d7a672c122038ccd3d73f315'),('sites/all/modules/views/modules/taxonomy/views_plugin_argument_validate_taxonomy_term.inc','3ef7a8d1ce5be4885c8d9b6df3fa578acecea6908bbca1f3baa80b511dab426d'),('sites/all/modules/views/modules/tracker/views_handler_argument_tracker_comment_user_uid.inc','e2040743a77ba6ffad50b1601df62f6649747496f180a6e481f59cd320fd81ed'),('sites/all/modules/views/modules/tracker/views_handler_filter_tracker_boolean_operator.inc','0d0dca36d526ed1bd99f52dd91f113fb7fd3740778fb3ce2072bc39f90b9bb17'),('sites/all/modules/views/modules/tracker/views_handler_filter_tracker_comment_user_uid.inc','a3cc9f7b3e6052973bea54dd354116eee5962a9b8e57636ee3f1c87577e85d51'),('sites/all/modules/views/modules/translation/views_handler_argument_node_tnid.inc','d0493e7d7a6e182b77748ff44e71ed34999a20ac89830654c113e7c9a0d478f5'),('sites/all/modules/views/modules/translation/views_handler_field_node_link_translate.inc','fc540176d6cc1d8e756a872f9e3285b607bf255f4b3ee0d9eb29d107df0dd401'),('sites/all/modules/views/modules/translation/views_handler_field_node_translation_link.inc','91caa7ac0bc4f465c9a5eb7e79ee63474d59e65ba9e2b6a9b5f466ab51d23031'),('sites/all/modules/views/modules/translation/views_handler_filter_node_tnid.inc','fb4016b1bca5ac50c5445458a8a7318c9a723d8e4667018d44e0621da82732ce'),('sites/all/modules/views/modules/translation/views_handler_filter_node_tnid_child.inc','8b1282ee8b48c61782239982a7c3426033664d2c96c41896ef7decdba00a7655'),('sites/all/modules/views/modules/translation/views_handler_relationship_translation.inc','9d1ea9929aa0b5cf606732ca713bc6095902be0270ebe3e6a75620afc28be65a'),('sites/all/modules/views/modules/user/views_handler_argument_users_roles_rid.inc','31d6f0e24e88473a4790f9f97a80d0467a53ae1774583f71f7fce6c9edc1edf2'),('sites/all/modules/views/modules/user/views_handler_argument_user_uid.inc','6a4ca265f1585c08a7efb5667d0808683d6b1ecb831228b0928d0c7a1a946c41'),('sites/all/modules/views/modules/user/views_handler_field_user.inc','96b990f39f2ae5c99324b12b4f0d893c4c2b4b14b212261fdd5d0ddc0e95c409'),('sites/all/modules/views/modules/user/views_handler_field_user_language.inc','156da9e421dd38f498f008c142e6dd515d5da67c44ff0ece4caff9c8f9b70f67'),('sites/all/modules/views/modules/user/views_handler_field_user_link.inc','d13886bf45cb49d2dee4823ff21106a10bdd0aa8ac0e387ca69f66729e203fe0'),('sites/all/modules/views/modules/user/views_handler_field_user_link_cancel.inc','988c31b68a7e71dc4433ca4a72b692b0b9cfddd6d91ecec62435c882fbd88919'),('sites/all/modules/views/modules/user/views_handler_field_user_link_edit.inc','0224a0f9268705e02e400125243540a5fb4ceda5fb12e700a6c9300df5f595cf'),('sites/all/modules/views/modules/user/views_handler_field_user_mail.inc','90d20da35decf9afe27f3cf7665a0738ea972e9d3114114d274fb17054b59c97'),('sites/all/modules/views/modules/user/views_handler_field_user_name.inc','b791ae2231d2dbfcdeebf4dcdac2b130d101392b2a93d7e1e0ca42eceaa1fb76'),('sites/all/modules/views/modules/user/views_handler_field_user_permissions.inc','b0cbd86a6bd690f28b9b2d3c633d7f93153fac910be9dd25b248f7e628d4dfa7'),('sites/all/modules/views/modules/user/views_handler_field_user_picture.inc','d8b780012df737e968f83682fc6de9dfbe3a2b81ade2803d68626d77fdf84dab'),('sites/all/modules/views/modules/user/views_handler_field_user_roles.inc','248953e670fd9c6ee52486d218843e8c19b49f890df41396bf08d519c1392e16'),('sites/all/modules/views/modules/user/views_handler_filter_user_current.inc','79b9f735c96e097366659876f85668547f788ca22a89edff9e1f8f84e0a4962a'),('sites/all/modules/views/modules/user/views_handler_filter_user_name.inc','cc4e089e3c8ac6fea8d1470a2badc46b2bae858e8776b7da62b7b81a69d2636f'),('sites/all/modules/views/modules/user/views_handler_filter_user_permissions.inc','fd6fb28955a81b8003b739a07226463019126c11fa55e5b71373c519edf63759'),('sites/all/modules/views/modules/user/views_handler_filter_user_roles.inc','742caf6b6e989b6a2fedf793d8e3d72e7e0444bf3f29b67c7f359fa333c870fd'),('sites/all/modules/views/modules/user/views_plugin_argument_default_current_user.inc','30ba56c9372cbb73ad332146a795a13058239925e5660e8ef1a2a0a22cf34ba4'),('sites/all/modules/views/modules/user/views_plugin_argument_default_user.inc','e187ae191a4cbcceeef81ffe9bf3b4e32300da0763018bf168d274622ec5f168'),('sites/all/modules/views/modules/user/views_plugin_argument_validate_user.inc','38259ced6b64580ed263571e8dbaded1fa12a8ea61b7790ba5c9f8b2e29108b3'),('sites/all/modules/views/modules/user/views_plugin_row_user_view.inc','22c5ecc1886ef06a6faa6ebc22d8c6991af31b518dceb98eae54fcf18e8acc23'),('sites/all/modules/views/plugins/export_ui/views_ui.class.php','f201f1086f4346a65dbecd1e90f94a44c7ace030b226854dc69188cf0e8570ac'),('sites/all/modules/views/plugins/views_plugin_access.inc','e1528e2faa60f47fd397fc6e272f88fcd1914c41bd942bb0a0f4a5073fbe1b6d'),('sites/all/modules/views/plugins/views_plugin_access_none.inc','48f988d8d0611949de80df2c09670aebef524001eebc6ae1f828df3a7e07f2bf'),('sites/all/modules/views/plugins/views_plugin_access_perm.inc','f88fa2a6898e13bbcde8fe8a5786f3a2014b8b7ac830b6c848e6163d0454a5f1'),('sites/all/modules/views/plugins/views_plugin_access_role.inc','061fdcf1410bb0f785333a23e1293b369993ee6dcd95bfdaf686eb56335a91ed'),('sites/all/modules/views/plugins/views_plugin_argument_default.inc','04cb62069593b0d3de1e00b0eabd5e0b7aa4e8eeb0989713bb343edf229e5925'),('sites/all/modules/views/plugins/views_plugin_argument_default_fixed.inc','e1f7aca5a279585aa6a4ff7e88fb896f25a6a91abab7cee2d8cf5b34f5b409b4'),('sites/all/modules/views/plugins/views_plugin_argument_default_php.inc','ffcd3d49b72d8de2e73836d02ff00f9b0c6b9b4ddcf4a41cc32e35df3c426931'),('sites/all/modules/views/plugins/views_plugin_argument_default_raw.inc','ed0f90f89a3618bacbf26377d499cc572c19eceb299bba4ed48fb2b97421321e'),('sites/all/modules/views/plugins/views_plugin_argument_validate.inc','9ae75fc5b1bf52f923c089ff03be6d0b13d3db1fec7c57d2d61765b57438ce28'),('sites/all/modules/views/plugins/views_plugin_argument_validate_numeric.inc','d895dec65ea4948641a3c58bdacd6482b37b1d1c6bdec3f35b6a0d2e42329277'),('sites/all/modules/views/plugins/views_plugin_argument_validate_php.inc','d3468db246b5f1274bd35e1926b515f06d3cd3ecfd54d26a914f3b28491a2c71'),('sites/all/modules/views/plugins/views_plugin_cache.inc','132f3259383b48564759486bb306a8314716a1dd2c09072b8be41870947dccf7'),('sites/all/modules/views/plugins/views_plugin_cache_none.inc','5ce14a8ca7887019cacded3bccd24f566519c24452f86baec422d2197b3bc5e0'),('sites/all/modules/views/plugins/views_plugin_cache_time.inc','3783386fae8966111917f2311055c37f8fcad181aa438d5d0637db05dccbe0e4'),('sites/all/modules/views/plugins/views_plugin_display.inc','07d94f204b3ee9083c9645b400cc49643b40418129a4cc48cf6bdc7b76e00bef'),('sites/all/modules/views/plugins/views_plugin_display_attachment.inc','28c57a31b2f6134ec3cad4449f775d3385caf998499e11505a5cde415f75330b'),('sites/all/modules/views/plugins/views_plugin_display_block.inc','2576c20a994008569bb335ccf82b2c0a0d11606e8f8c962532407e0ea4a1b759'),('sites/all/modules/views/plugins/views_plugin_display_default.inc','8281d7b9440e796ba34baa7a1ced323010d7a99d6a5e713d6cf79167a2352863'),('sites/all/modules/views/plugins/views_plugin_display_embed.inc','400651e11fe9e0e59540eae0f6f8549b7d6f6c1aabe8818f7f6c4c11ad501bf9'),('sites/all/modules/views/plugins/views_plugin_display_extender.inc','fdb3b0cc4d6f9eedb74c92563b94a7fdfe53e0f2dac89fe212a6624ac3469f92'),('sites/all/modules/views/plugins/views_plugin_display_feed.inc','273e09db4caa06702fd743419f3abcfcee2e34abbcbcd6f4f77cc65c4783a507'),('sites/all/modules/views/plugins/views_plugin_display_page.inc','6a9c460898edd9e34d570e4a771443c41a35b2cc8b958638e5df7da6a4fbee6f'),('sites/all/modules/views/plugins/views_plugin_exposed_form.inc','b4dcb8efd12f4738000ff50339d60ccd79047308d44fe74d86ade2ccd467a913'),('sites/all/modules/views/plugins/views_plugin_exposed_form_basic.inc','75f0c8630ec72a143e95e3695f379b0ee154d80773633f15de0ce80439e930aa'),('sites/all/modules/views/plugins/views_plugin_exposed_form_input_required.inc','72f41fbb87e87b78f69639e9d81b9f0d341995c882a5a93a7a8327b0e1bc8b0a'),('sites/all/modules/views/plugins/views_plugin_localization.inc','157a13a1d7c6d472f2ef179f74389fa31dce9cab1897363f8c45ce9557ce12e8'),('sites/all/modules/views/plugins/views_plugin_localization_core.inc','8feab7c01df92b1a7c6bbfbcaf4f0adf82b6f2adcbd4f50c7680ab3f8ba648aa'),('sites/all/modules/views/plugins/views_plugin_localization_none.inc','b868a55335aef5eb7cd7c0d1fef4878d5ae5a58b76625ec0b1988f073bae4c02'),('sites/all/modules/views/plugins/views_plugin_pager.inc','1d90d441e667df2d8306380305a9a054062379a74548e4e789bfbba725c1c222'),('sites/all/modules/views/plugins/views_plugin_pager_full.inc','ab7a1b468a3fd28aaa0cdb3374bdac558861875604e8c8528e9352f8142a1a9d'),('sites/all/modules/views/plugins/views_plugin_pager_mini.inc','95802b0ef913a5d57b869075ffbcbd1912950c5bcda4cc1fd78e7715a35c6f01'),('sites/all/modules/views/plugins/views_plugin_pager_none.inc','f8bb711d9edede86814821f1f6d2ca940c5b488eeb8980b0ad3b69b69a93e9a8'),('sites/all/modules/views/plugins/views_plugin_pager_some.inc','272f71363f2a94a32997717ef89dcc4683f63b04b8a2a01a9b6dbbea89fcf97c'),('sites/all/modules/views/plugins/views_plugin_query.inc','a7e36dc3066067004199fa090602e5a9a7869711e3506b6cddb52f48184eb511'),('sites/all/modules/views/plugins/views_plugin_query_default.inc','7784d112378707052a517a8e8a73ecb2817d9142c80636d18edb22349f0b8bc1'),('sites/all/modules/views/plugins/views_plugin_row.inc','f525a18d9b273a890256bcd07caf6dacb1fcc2a38b65b866c16cd006e92de83d'),('sites/all/modules/views/plugins/views_plugin_row_fields.inc','3030f871c046548365156fdb5d7821104408fddeb327f6c685a72b213276eeae'),('sites/all/modules/views/plugins/views_plugin_row_rss_fields.inc','a37c50686477ed30b3d2a8688ef418e0862ec729ae749b346cc396bcda0be392'),('sites/all/modules/views/plugins/views_plugin_style.inc','4f0212c1946c61a2875600258749ae025de525d1bbc4fb352128b05f812f90e7'),('sites/all/modules/views/plugins/views_plugin_style_default.inc','1adf156419a1d7748e3633a8ade693b995902c1eca3452c5cf06da4857a961aa'),('sites/all/modules/views/plugins/views_plugin_style_grid.inc','b055853b4a0d58ceb2e2e761b515734f952073c0bed0725794745b1343ab8573'),('sites/all/modules/views/plugins/views_plugin_style_jump_menu.inc','4a1774572476db596bbf4263685f7c760537c08fc4d571a49e2d0df1a8755949'),('sites/all/modules/views/plugins/views_plugin_style_list.inc','fe74e3fecf15d8579d5e24d25be48dc4214af08775700eccc7b05b5abebbc951'),('sites/all/modules/views/plugins/views_plugin_style_mapping.inc','c078643b9c6e23e85e83cb9add17ef928556a5339b5bb55422689cdc6edf2523'),('sites/all/modules/views/plugins/views_plugin_style_rss.inc','a3e57703c3eb05dd8611ecb0d52c5d5aa516e91462cbed9d0f896528ec9ba98f'),('sites/all/modules/views/plugins/views_plugin_style_summary.inc','957f53e4a431f25a653bb0b7e14e43cf568c88c9504fcc75a93c7faa91c9752e'),('sites/all/modules/views/plugins/views_plugin_style_summary_jump_menu.inc','49748cf89291980ee67706b7880e4e117891e8cfbe7d502c4cb30055981df684'),('sites/all/modules/views/plugins/views_plugin_style_summary_unformatted.inc','dc49a759f04a7da8dd69a88ba57796ace9960b18bd183926bae43e91b59e723a'),('sites/all/modules/views/plugins/views_plugin_style_table.inc','26bbbf4a72a486e5b64edeb935c89be7956ce4486c4b38db980a3e0d7ef17e49'),('sites/all/modules/views/plugins/views_wizard/views_ui_base_views_wizard.class.php','24d6c57d5fc2aba0aad8d66d77af80395c6e08e57afcb71a083887c4aeb6a505'),('sites/all/modules/views/plugins/views_wizard/views_ui_comment_views_wizard.class.php','afde10deab03ebf2a9a92847b755520263182f726c0fe1b60b8b50a552c8c131'),('sites/all/modules/views/plugins/views_wizard/views_ui_file_managed_views_wizard.class.php','f2ede8d652be4383ea7adf9b6587169b593af44c5b6a39690f732cb5075d21fd'),('sites/all/modules/views/plugins/views_wizard/views_ui_node_revision_views_wizard.class.php','d733679e11f542d586d5fbcf3d1e09c1ea8eef83321c401bd8413986c30b847b'),('sites/all/modules/views/plugins/views_wizard/views_ui_node_views_wizard.class.php','86d7195aa3ef75293cfd933558a7127f6b3554db575911ed5a11b6b1b3c7c536'),('sites/all/modules/views/plugins/views_wizard/views_ui_taxonomy_term_views_wizard.class.php','cac9cd982e2f31ad72b2c850e459423fed0c392a4a239a6dd80e31964ef5592a'),('sites/all/modules/views/plugins/views_wizard/views_ui_users_views_wizard.class.php','854dd402224c6bfb6a0811a54eecc7655d13efc9b094621a5e8415ad27197048'),('sites/all/modules/views/tests/comment/views_handler_argument_comment_user_uid.test','ec9e9668eb1ae33364125feae864e2984b731cc6d6f66874f9b56c5729a42cc3'),('sites/all/modules/views/tests/comment/views_handler_filter_comment_user_uid.test','d62fe3f3257efc0eaf742e3c177ea3f1bd5efb9fc8f91dc1bc5e9e6196085bd7'),('sites/all/modules/views/tests/field/views_fieldapi.test','a85c1dddb1c128b40dabbcb02c7013ae96b2da15a2df766b5317483fd4484aba'),('sites/all/modules/views/tests/handlers/views_handlers.test','44f3dd30909d43e250c726e312290a522131c7f0d3048fc5f8583fc8c5986f72'),('sites/all/modules/views/tests/handlers/views_handler_area_text.test','3553a85c6d86992a17029eac182b486940393cee0c06380cf9f60ed208a57b5f'),('sites/all/modules/views/tests/handlers/views_handler_argument_null.test','e9adbe3e322cc8b536d79b5b915cab97102199abf2a14ad7a6374cfd18246372'),('sites/all/modules/views/tests/handlers/views_handler_field.test','d4a833179c4f9aa57c42ef951b9e6d5a9304281e7aeb8c7dbe92ed6b24251cb4'),('sites/all/modules/views/tests/handlers/views_handler_field_boolean.test','c9f409147fe545a413b365ee37e0758a47291165effc76f0ae8743f84915053d'),('sites/all/modules/views/tests/handlers/views_handler_field_counter.test','86f4514cfa72192034db1ef70723cb2b2b1ffde6e4e5fb4212ec959cd5697ba6'),('sites/all/modules/views/tests/handlers/views_handler_field_custom.test','57d1f7d01e57f8e2a9694340684344f5e7d6d5c90bad8679aba591192c1f6a2d'),('sites/all/modules/views/tests/handlers/views_handler_field_date.test','27f9b23bc31068a3f2a2f5b6678388dd4175b66f758b60e9a996e061a2e3a789'),('sites/all/modules/views/tests/handlers/views_handler_field_file_extension.test','0f9c376f31ca47ecc0f01548d451c548ef7bebe8a07974def77e6725badda4e6'),('sites/all/modules/views/tests/handlers/views_handler_field_file_size.test','9c951d86dad9df3fca72b20abcb1345a0473578324a454c75d8a5a22e8b68015'),('sites/all/modules/views/tests/handlers/views_handler_field_math.test','bbf418c1be15c20d4ddf09add1620f19ff91dc66611e8426a5528900ad9baf60'),('sites/all/modules/views/tests/handlers/views_handler_field_url.test','0c0e54a93ffd5890b81807e0d0440d061f771fafc6d99943d5d9dfc4a1702686'),('sites/all/modules/views/tests/handlers/views_handler_field_xss.test','17f33ec5473f0ddf8fbce6a3dfe3e65c0e51b7b13a0afc1b6d3dcf3667d4d83b'),('sites/all/modules/views/tests/handlers/views_handler_filter_combine.test','40dd1c5db7f8f225999dd1f7acd616269ad6d67155dcb8f843349597ac5a0a13'),('sites/all/modules/views/tests/handlers/views_handler_filter_date.test','a26c239c803507d2716ad35c4b3ee6b5339628f45d46dcd2a5d505769309c503'),('sites/all/modules/views/tests/handlers/views_handler_filter_equality.test','df783f081546df2f3f77ac69665cd95a5725bdccc5673ab35a79a59aca08ce1a'),('sites/all/modules/views/tests/handlers/views_handler_filter_in_operator.test','89420a4071677232e0eb82b184b37b818a82bdb2ff90a8b21293f9ecb21808bf'),('sites/all/modules/views/tests/handlers/views_handler_filter_numeric.test','818f73baea9d062dbc7e4ef35444c6cbb26b4b60ed3972c6d9e697162c755d05'),('sites/all/modules/views/tests/handlers/views_handler_filter_string.test','33eec214b52abf24b54fa7eae0758f9f0cd59468c11829f87f575baa2017b84e'),('sites/all/modules/views/tests/handlers/views_handler_manytoone.test','378fed0a25f7466666441a8d1f6692b9434c026d8b31c1a8659d54f1026fbbf6'),('sites/all/modules/views/tests/handlers/views_handler_sort.test','ace33efab99798d8221871038b2298b9e645f22278dd015dda5fac6688ee54ee'),('sites/all/modules/views/tests/handlers/views_handler_sort_date.test','4f997b2d2afdb64747b087c7e118287bc58872d72740e5004e17e5ee6ef643c7'),('sites/all/modules/views/tests/handlers/views_handler_sort_random.test','9ff72485303fd209ef748c65d0cb52078400985b54f256b82f1b3bb28a323a1f'),('sites/all/modules/views/tests/node/views_node_revision_relations.test','108f56a3381d1c9a72f85d5a681ebeff66c587d032d13ed229dfc32c7d0195d7'),('sites/all/modules/views/tests/plugins/views_plugin_display.test','fb9399398d003056fe5b7d79f67de93b6a79a2a651f1041c73d5beedf632bfde'),('sites/all/modules/views/tests/styles/views_plugin_style.test','ec6258fd8ae26ac1832cf2ad9d0f5625965168126413ed6dc7798d09b658db03'),('sites/all/modules/views/tests/styles/views_plugin_style_base.test','54fb7816d18416d8b0db67e9f55aa2aa50ac204eb9311be14b6700b7d7a95ae7'),('sites/all/modules/views/tests/styles/views_plugin_style_jump_menu.test','a78de0a289d2813b8b0c4a841c147d8e9c4a2dd6f6b8a7c89b7a62a9daee2520'),('sites/all/modules/views/tests/styles/views_plugin_style_mapping.test','c0e4768100d803b5f1e48c2883ebb9951e538bd72cf4a7325a7c5c7970c2967a'),('sites/all/modules/views/tests/styles/views_plugin_style_unformatted.test','d22239d0812c2f28df86b1742a0968c8ce76f120072a7bf5631b839967ff757a'),('sites/all/modules/views/tests/taxonomy/views_handler_relationship_node_term_data.test','6c4b72146690700987abca3f746e01278c0866438d5324263766fc4493802e12'),('sites/all/modules/views/tests/test_handlers/views_test_area_access.inc','bcf28fc741476430d6904d35a81c5d11ae2b99b91a44b513fedfe452d66e2cb6'),('sites/all/modules/views/tests/test_plugins/views_test_plugin_access_test_dynamic.inc','92afd82b6176ad3dd6a4946914c61f83b354974d0207a95d86a36cc83a23ff41'),('sites/all/modules/views/tests/test_plugins/views_test_plugin_access_test_static.inc','38578c3e1ca4cec8e75fa088fc274390baf01335c226e4791b2a498bb62b0633'),('sites/all/modules/views/tests/test_plugins/views_test_plugin_style_test_mapping.inc','d5a1752b2d751359aaa6600f94f9e2cda903ffb580781cedc0ded7ea795f6024'),('sites/all/modules/views/tests/user/views_handler_field_user_name.test','fa92b2055c02ea2c3cd5f9619848f299cc83a3d21638a7dd44804ea9e0644ad0'),('sites/all/modules/views/tests/user/views_user.test','59c88fe311319773d8d2e9d76b4f6b6f5731c86797e47760ec585295c376853c'),('sites/all/modules/views/tests/user/views_user_argument_default.test','a2026a55bec3bfd84601f4c03ba5a284732f9797c61c175a906b11a8fbe8effc'),('sites/all/modules/views/tests/user/views_user_argument_validate.test','954b4b5886e74f20a113032734dfca6e5c1cfc068d31a5b9ba428337659a44e3'),('sites/all/modules/views/tests/views_access.test','1a1183f30ff961b78890be2a31f1ba08a5aea0c79633e1f42950dfb7df76283e'),('sites/all/modules/views/tests/views_ajax.test','9741ae5e85382066f5a6401d1d85b333dedd741d13194c4dafcdc0ca81441e7b'),('sites/all/modules/views/tests/views_analyze.test','f521c5e3c781d6eaf1ad58536a875c2c8cefc973a23087073653f397b7de89df'),('sites/all/modules/views/tests/views_argument_default.test','de7a8eb60e71b6bc2996d636bb91aa6c9c3adca6f857300b13c1e650d07ad66e'),('sites/all/modules/views/tests/views_argument_validator.test','8fe3d99942cd98f981a08ab49b09eb8bb2cf1e2fb09b53dc1030abb59611edba'),('sites/all/modules/views/tests/views_basic.test','e3715a9df468b1c2decb4d8a068a68ca6a3f8bd467066634075ee643d6cabb60'),('sites/all/modules/views/tests/views_cache.test','325ac3e8100fe1c9aa065a72bdd238c863bf51da269d2a686a36060d05ede112'),('sites/all/modules/views/tests/views_clone.test','99176a985b8e7ce8a83214f2a98a66394a2ebe7a852192e82f50d359bee89052'),('sites/all/modules/views/tests/views_exposed_form.test','0427bd048cab45f3f07aca9f96e8e8f083f464ca61975c107f63988ec9fbc9a1'),('sites/all/modules/views/tests/views_glossary.test','777f21f55146c0f54a8fc3326a40cda1d47cfb8c4267c646ad38c76c9b1eb226'),('sites/all/modules/views/tests/views_groupby.test','db01e228395517ed4d0d8fa234a63a14781068f60e54d07e40ae7ef12052394d'),('sites/all/modules/views/tests/views_handlers.test','87f9e7bd3afa75f79bb1f3cdfff0b76fc4199174e197459b7c3f985c8256ffcd'),('sites/all/modules/views/tests/views_handler_filter.test','39f2aade9f7d32ca2dd3d22fe3c36eb973695e315e8bca6dd76cb72fd5734779'),('sites/all/modules/views/tests/views_module.test','2640ac503d4a832258f8836459b9228a6ce39849d199d407f85ff4a9d939c7a8'),('sites/all/modules/views/tests/views_pager.test','fd1e54a66c8f4c4b7bc811cf0466ea1c7bb8d961b8b592d2101ae168dbc8f613'),('sites/all/modules/views/tests/views_plugin_localization_test.inc','db13bd5e57b137f6cf0d06789b2429e33b429d5e001e1e99c6afbac38944d050'),('sites/all/modules/views/tests/views_query.test','66adee5519be5275b3f91c2e2746298cd5b4d2c816f5bbe09191021eec10d9c9'),('sites/all/modules/views/tests/views_test.views_default.inc','d0206587172a15406f3cee95754251f0f52787a05e1ae4559d018bba7f3a2ab1'),('sites/all/modules/views/tests/views_translatable.test','09e2091a84268085a75992b30b761c76a58b8ca2c1612e41d899c180ff8d9066'),('sites/all/modules/views/tests/views_ui.test','fbd2f7ed1320f28dc7ac17949296199218f9f10ee18bdc6c35c75c75e68876fb'),('sites/all/modules/views/tests/views_upgrade.test','ebebe64dc1fd8b70908e11e6ad4e7b81c4ab472d3da4773fd6f46932764fc60e'),('sites/all/modules/views/tests/views_view.test','9fc3e62bfa6ad01bbf71b9b2ff065466290de378bd7adc28943dba1c1364fc83'),('sites/all/modules/youtube/youtube.migrate.inc','c09fe1951daa50ce3bf7229767d9a27bd5896a99bd8c76129820062c45ecdf1c'),('sites/all/modules/youtubechannel/youtubechannel.admin.inc','7e3e00b6803317686d76a8cbba4276877a6ba3af366fd5bdd4386a8422b0f4a9'),('sites/all/modules/youtubechannel/youtubechannel.module','520bbfcc2e42c24c7386de93ce71d8ac437704e533b6fc2183b6cbe2335727c3'),('sites/all/modules/youtubechannel/youtubechannel_videos.tpl.php','adebd825e7b92eefb96009e7835629fc11c05418cf228b17c3ae0bca6b7d2d19');

--
-- Table structure for table `role`
--

CREATE TABLE `role` (
  `rid` int(10) unsigned NOT NULL AUTO_INCREMENT COMMENT 'Primary Key: Unique role ID.',
  `name` varchar(64) NOT NULL DEFAULT '' COMMENT 'Unique role name.',
  `weight` int(11) NOT NULL DEFAULT '0' COMMENT 'The weight of this role in listings and the user interface.',
  PRIMARY KEY (`rid`),
  UNIQUE KEY `name` (`name`),
  KEY `name_weight` (`name`,`weight`)
) ENGINE=InnoDB AUTO_INCREMENT=5 DEFAULT CHARSET=utf8 COMMENT='Stores user roles.';

--
-- Dumping data for table `role`
--

INSERT INTO `role` VALUES (3,'administrator',2),(1,'anonymous user',0),(2,'authenticated user',1),(4,'editor',3);

--
-- Table structure for table `role_permission`
--

CREATE TABLE `role_permission` (
  `rid` int(10) unsigned NOT NULL COMMENT 'Foreign Key: role.rid.',
  `permission` varchar(128) NOT NULL DEFAULT '' COMMENT 'A single permission granted to the role identified by rid.',
  `module` varchar(255) NOT NULL DEFAULT '' COMMENT 'The module declaring the permission.',
  PRIMARY KEY (`rid`,`permission`),
  KEY `permission` (`permission`)
) ENGINE=InnoDB DEFAULT CHARSET=utf8 COMMENT='Stores the permissions assigned to user roles.';

--
-- Dumping data for table `role_permission`
--

INSERT INTO `role_permission` VALUES (1,'access comments','comment'),(1,'access content','node'),(1,'use text format filtered_html','filter'),(1,'view media','media'),(2,'access comments','comment'),(2,'access content','node'),(2,'post comments','comment'),(2,'skip comment approval','comment'),(2,'use text format filtered_html','filter'),(2,'view media','media'),(3,'access administration pages','system'),(3,'access all views','views'),(3,'access comments','comment'),(3,'access content','node'),(3,'access content overview','node'),(3,'access contextual links','contextual'),(3,'access dashboard','dashboard'),(3,'access overlay','overlay'),(3,'access site in maintenance mode','system'),(3,'access site reports','system'),(3,'access toolbar','toolbar'),(3,'access user profiles','user'),(3,'add media from remote sources','media_internet'),(3,'administer actions','system'),(3,'administer blocks','block'),(3,'administer ckeditor','ckeditor'),(3,'administer comments','comment'),(3,'administer content types','node'),(3,'administer css injection','css_injector'),(3,'administer fields','field'),(3,'administer filters','filter'),(3,'administer flickr','flickr'),(3,'administer image styles','image'),(3,'administer media','media'),(3,'administer menu','menu'),(3,'administer modules','system'),(3,'administer nodes','node'),(3,'administer permissions','user'),(3,'administer search','search'),(3,'administer shortcuts','shortcut'),(3,'administer site configuration','system'),(3,'administer software updates','system'),(3,'administer taxonomy','taxonomy'),(3,'administer themes','system'),(3,'administer url aliases','path'),(3,'administer users','user'),(3,'administer views','views'),(3,'administer youtube','youtube'),(3,'administer youtubechannel','youtubechannel'),(3,'admin_classes','ds_ui'),(3,'admin_display_suite','ds'),(3,'admin_fields','ds_ui'),(3,'admin_view_modes','ds_ui'),(3,'block IP addresses','system'),(3,'bypass node access','node'),(3,'cancel account','user'),(3,'change own username','user'),(3,'create article content','node'),(3,'create page content','node'),(3,'create url aliases','path'),(3,'customize ckeditor','ckeditor'),(3,'customize shortcut links','shortcut'),(3,'delete any article content','node'),(3,'delete any page content','node'),(3,'delete own article content','node'),(3,'delete own page content','node'),(3,'delete revisions','node'),(3,'delete terms in 1','taxonomy'),(3,'edit any article content','node'),(3,'edit any page content','node'),(3,'edit media','media'),(3,'edit own article content','node'),(3,'edit own comments','comment'),(3,'edit own page content','node'),(3,'edit terms in 1','taxonomy'),(3,'import media','media'),(3,'post comments','comment'),(3,'revert revisions','node'),(3,'search content','search'),(3,'select account cancellation method','user'),(3,'skip comment approval','comment'),(3,'switch shortcut sets','shortcut'),(3,'use advanced search','search'),(3,'use ctools import','ctools'),(3,'use PHP for settings','php'),(3,'use text format filtered_html','filter'),(3,'use text format full_html','filter'),(3,'view all flickr photos','flickr'),(3,'view media','media'),(3,'view own flickr photos','flickr'),(3,'view own unpublished content','node'),(3,'view revisions','node'),(3,'view the administration theme','system'),(4,'administer blocks','block'),(4,'administer menu','menu'),(4,'administer nodes','node'),(4,'create article content','node'),(4,'create page content','node'),(4,'create video content','node'),(4,'delete any article content','node'),(4,'delete any news content','node'),(4,'delete any page content','node'),(4,'delete any video content','node'),(4,'delete own article content','node'),(4,'delete own news content','node'),(4,'delete own page content','node'),(4,'delete own video content','node'),(4,'edit any accomodation content','node'),(4,'edit any article content','node'),(4,'edit any assets content','node'),(4,'edit any ceremonies content','node'),(4,'edit any competition content','node'),(4,'edit any comp_result content','node'),(4,'edit any country content','node'),(4,'edit any news content','node'),(4,'edit any page content','node'),(4,'edit any video content','node'),(4,'edit own accomodation content','node'),(4,'edit own article content','node'),(4,'edit own assets content','node'),(4,'edit own ceremonies content','node'),(4,'edit own competition content','node'),(4,'edit own comp_result content','node'),(4,'edit own country content','node'),(4,'edit own news content','node'),(4,'edit own page content','node'),(4,'edit own video content','node'),(4,'use text format full_html','filter'),(4,'view media','media');

--
-- Table structure for table `search_dataset`
--

CREATE TABLE `search_dataset` (
  `sid` int(10) unsigned NOT NULL DEFAULT '0' COMMENT 'Search item ID, e.g. node ID for nodes.',
  `type` varchar(16) NOT NULL COMMENT 'Type of item, e.g. node.',
  `data` longtext NOT NULL COMMENT 'List of space-separated words from the item.',
  `reindex` int(10) unsigned NOT NULL DEFAULT '0' COMMENT 'Set to force node reindexing.',
  PRIMARY KEY (`sid`,`type`)
) ENGINE=InnoDB DEFAULT CHARSET=utf8 COMMENT='Stores items that will be searched.';

--
-- Dumping data for table `search_dataset`
--

INSERT INTO `search_dataset` VALUES (1,'node',' contact information director naval warfare center col per jenvald project officer noca lt cdr henrik ramner 46 70 572 65 85 sporting events tobias svensson 46 70 317 99 88 sailing lt cdr johan lindquist 46 70 965 2 73 protocol officer lt n martin malmgren 46 70 349 71 80 liaison officer ships lt cdr johnny landgren 46 70 864 38 66 noca info center cadets messing and transports slt bengt håkansson 46 76 639 92 52 cadets living lt n lars andersson 46 70 280 12 67 noca info and web andreas nilsson 46 76 649 25 33 michaela linge 46 72 386 86 83 first aid nurse eva okmark 46 76 639 92 97 chaplain birgitta åman 46 76 869 60 92  ',0),(4,'node',' welcome to the nordic cadet meeting 2015 it is a great honour for me as the new director of the swedish naval warfare centre to welcome you all to ystad and noca 2015 in 1948 the first nordic cadet meeting was held in lysekil sweden the main purpose of the meeting at that time was to let the nordic cadets meet colleagues from their neighbour countries and under friendly and informal conditions get to know each other both as humans and as professionals the idea is the same today nordic relations have always been important and relations between the armed forces of our nations have strengthened over the last years by meeting and participating in this kind of event we create prerequisites for successful cooperation between the armed forces of our nations noca is a good opportunity and a starting point to lay the foundation not only for professional cooperation between the nations but also for personal development i hope that we all will learn from each other and through sports seminars and social events will make new friends per jenvald director swedish naval warfare centre  ',0),(5,'node',' fotball ssdf gsdf gsdf g  ',0),(6,'node',' naval academy personnel accommodation for naval academy personnel is at hotel continental at hamngatan 13 411137   ',0),(7,'node',' cadets accommodation for cadets on own vessels or at norreportskolan gosselmansgatan 12 dining for cadets accommodated in norreportskolan breakfast 6300800 lunch 11001300 on thursday 10451210 dinner 16301800  breakfast buffet oatmeal porridge jam cereal served with raisins sunflower seeds linseeds and processed sour milk two types of soft bread crisp bread butter ham turkey meat salami liver pâté served daily hard cheese boiled eggs and caviar mixed fruits and vegetables coffee tea water menu wednesday 58  dinner  ovenroasted fillet of salmon with boiled potatoes cold herb sauce green peas and lemon thursday 68  lunch   mince meat sauce served with pasta ketchup grated cheese and boiled broccoli  dinner  mediterranean fish served with sundried tomatoes boiled potatoes pickled beets and romanesco broccoli friday 78 lunch  indian chicken stew served with rice roasted pieces of coconut mango chutney and roasted vegetables dinner   garlic flavoured potato gratin served with fried cutlet gravy and ratatouille saturday 88 lunch  house s own rissole served with fried onion boiled potatoes cream sauce raw lingonberries and boiled cauliflower sunday 98 lunch  taco lasagne served with tzatziki all meals are served with a wide choice of vegetables crisp bread and milk finish you meal off with tea or coffee please note that drinking or storage of alcohol at norreportskolan is not allowed  ',0),(8,'node',' ceremoni sdf gsdf  ',0),(9,'node',' nocatent welcome to the nocatent after a hard dayof competition we all gather in nocatent where the price giving ceremonies will take place live music will be played and you will be given the opportunity to buy drinks at reasonable prices uniformed officers and cadets have access to nocatent civilians and family members will be issued with a pass  opening hours theme  wednesday 19002400 cocktailparty thursday 22302400 friday 19002400 prize ceremoney and viking challange discount prices daily special themes messgames and more fun activities  welcome to noca in ystad  ',0),(10,'node',' fredag fg hdf lögkdöfl ghdf  ',0),(11,'node',' fredag eftermiddag vb nmvb mvb  ',0),(12,'node',' welcome to the nordic cadet meeting 2015 it is a great honour for me as the new director of the swedish naval warfare centre to welcome you all to ystad and noca 2015 in 1948 the first nordic cadet meeting was held in lysekil sweden the main purpose of the meeting at that time was to let the nordic cadets meet colleagues from their neighbour countries and under friendly and informal conditions get to know each other both as humans and as professionals the idea is the same today nordic relations have always been important and relations between the armed forces of our nations have strengthened over the last years by meeting and participating in this kind of event we create prerequisites for successful cooperation between the armed forces of our nations noca is a good opportunity and a starting point to lay the foundation not only for professional cooperation between the nations but also for personal development i hope that we all will learn from each other and through sports seminars and social events will make new friends per jenvald director swedish naval warfare centre  ',0),(13,'node',' welcome to kalmar   it s a great pleasure and honor for us to welcome all the participants of the 2019 nordic cadet meeting to kalmar kalmar is a baltic coastal city in the southeast corner of sweden with close to 69  inhabitants the city is the capital of kalmar county and the regional center for public administration business culture and environmentally sustainable innovations we are also home of the linnaeus university during the last three years we have grown with 3000 persons making us the fastest growing city in the region and one of the fastest growing cities in sweden kalmar is a modern city a meeting place full of contrasts offering a wide variety of experienceswherever you go you can feel the echoes of history historic structures cobblestone streets and lovely parks give the city charm and character many of the old buildings host a broad range of restaurants pubs charming shops and galleries well worth a visit when in kalmar you will feel close to the sea as we are surrounded by water the city centre itself kvarnholmen is situated on its own island in how many cities can you go swimming at the end of the main street or find a guest harbour in the very centre of town we are proud of our history our presence and we are looking at a bright future welcome to kalmar enjoy your stay johan persson mayor city of kalmar  ',0),(14,'node',' football team  1 the cadets form a national team of 7 players and maximum 7 substitutes resolutions  2 gametime is 2 x 15 min to 25 min and 5 min break in halftime 3 the number of changes per match is not limited 4 every team will play against each other 5 order of matches is determined by drawing lots 6 points are given as follows 3 points for a match won 1 points for a draw  points for a lost match 7 if more than one team has the same number of points the winning team will be the one which has won the mutual game if the winner still cannot be found the goal difference will decide the winner if goal difference also is the same the team which has scored most goals will win rules  8 otherwise the event will be played according to the international soccer rules fifa rules 9 the host nation is responsible for recruiting and using a referee referees that are officially accepted by the host nation s national football association placing  10 the nation with the most points is the winner and gets 4 points the second best gets 3 points etc  football football football football  ',0),(16,'node',' volleyball  all teams will play against each other order of matches is determined by drawing lots at the sports officers meeting resolutions  every team will play against each other the height of the net during competition shell be 235 m order of matches is determined by drawing lots ranging will be found by highest number of points mutual match difference in sets ball difference most ballpoints winning nation will receive 4 points 2nd place will receive 3 points and so on in each match there will be played best of three sets two sets of 25 points and if necessary a third set of 15 point running score  rules   international volleyball rules international volleyball rules  volleyball volleyball volleyball volleyball  ',0),(17,'node',' swimming   4 x 75 m lifesaving 1 lifesaving is to be performed wearing swimsuit with start from the starting stand distance 75 m 2 the first 15 m the swimmer has to be fully submerged if the swimmer does not complete the underwater swimming he or she is given a penalty of 5 seconds after the underwater swimming 35 m of free swimming 3 the end of the pool has to be touched with at least any bodypart after the first 50 m before diving after the dummy dept about 3 m if the swimmer does not touch the end he or she is to be given a penalty of 5 seconds the swimming with the dummy is freestyle the time stops when the swimmer touches the end of the pool with any part of the body still carrying the dummy 4 seeding the fastest swimmer swims in the last heat reference to regulations cism seaweek regulations naval pentathlon nordic regulations for naval pentathlon and naval triathlon placing  5 each nation participates with 4 swimmers their times are summed up 6 the nation with the best time is the winner and gets 4 points the second best gets 3 points etc 7 if two nations get the same time the nation with the best personal time wins  8 x 50 m relay swimming 8 each participant swims 50 m free swimming in case of false start the nation is given a penalty of 10 seconds placing  9 the nation with the best time is the winner and gets 4 points the second best gets 3 points etc the winner of the competition  10 the winner of the swimming competition is the nation that gets the highest score all in all after the two competitions 11 if two nations get the same score the nation with the best time in the two competitions wins if these are equal it is the nation that has the best time in the lifesaving competition that wins regulations  12 after a second false start any swimmer who makes a new false start is to be given a penalty of 15 seconds it is the same regulations in the relay swimming disqualifications can only be stated by the jury 13 on the 850m relay the handicap for each female competitor is 3 seconds the number of female competitors is not limited the handicap is noted in the starting times 14 on the 475m lifesaving event the handicap for a female competitor is 10 of the concerned female swimmer s individual time which is calculated in the final results after the race15 division of the lanes is to be drawn at the sports officers meeting 16 the lanes are to be marked with the nations flag in every heat reference to regulations  cism seaweek regulations nordic regulations for naval pentathlon and fina handbook naval pentathlon rules and fina rules   4 x 25m staff relay swimming  1 an unofficial relay between the schools staff and or officers 2 each participant swims 25 m free swimming 3 the participants must be 35 years or more  order for completing the swimming disciplines lifesaving race old boys relay swimming 8 x 50 m relay swimming  swimming swimming swimming swimming  ',0),(18,'node',' tug of war general regulations every team will play against each other the competition is carried out in accordance with the international tug of war international federation twif  international tug of war rules order of matches is determined by drawing lots at the sports officers meeting ground marking will consist of 3 parallel lines 4 meters apart at the commencement of each pull after the strain has been taken the umpire will tie a marker around the rope directly above the middle ground line a team will win a pull when the marker around the rope has crossed the outer ground line nearest the team any kind of military boots can be used no studs or spikes are allowed no indents may be dug in the ground prior to the order pull each match consists of 3 pulls the team winning 2 pulls is the winner team change ends after each pull pulling direction for the first pull will be decided by lot the rope shall not be less than 32 meters long and shall be approximately 10 centimetres in circumference the following orders will be used to start each pull pick up the rope take the strain pull 11 any queries or disputes will be settled by the umpire whose decision is final 12 nations flag should be used to mark the pulling tracks 13 the teams must wear national colours 14 a team consist of 11 people 1 team captain 8 pulling athletes and 2 substitutes substitutes may only enter the pulling team if an athlete is injured placing  ranging will be found by highest number of points mutual match the winning nation receives 4 points the second best receives 3 points etc  tug war tug war tug war tug war  ',0),(19,'node',' cross country run general regulations  the course shall be approx 4 km held on a mix of grass gravel and concrete not only concrete each nation must participate with one team consisting of a minimum of 10 athletes their times are summed up mass start the track may consist of up to four laps females receive a 15 corrections in their times can be solved by starting them 2 min prior to males the athletes wear their national colours starting tracks are drawn at sports officers meeting reference to regulations  international regulations for cross country running placing  the nation with the lowest total time is the winner if the times are equal the school with the best individual time wins then the second best etc the winning nation receives 4 points the second best receives 3 points etc  cross country run cross country run cross country run cross country run  ',0),(20,'node',' naval combat course general regulations  the cadets form a national team consisting of four team members the competition consists of 6 heats one athlete from each nation per heat times are summed up the athletes wear their national colours division of the lanes is to be drawn at the sports officers meeting it is mandatory for the athletes to carry the rifle at all time during the race accomplishment  the event is accomplished on a crosscountry or similar course that is approximately 25 km in length females receive a 15 corrections in their times the course will contain the following obstacles disciplines paddling hand grenade throwing rope pulling shooting the obstacles disciplines are separated by approx 600m running the host nation decides the order of the obstacles disciplines paddling obstacle  the paddling obstacle will contain the following elements distance 50100m lifevests provided by the host nation releasing the shackles and bring it ashore one shackle per boat athlete penalties 100m penalty lap for lost shackle  hand grenade throwing  the hand grenade throwing will contain the following elements one single ring or square target approximately 22 metres the distance to the targets shall be 25 m for male and 15 m for female competitors six grenades a touch of the thrown grenade in the ring counts as a hit penalties 100m penalty lap if no hits  rope pulling  the rope pulling consist of following elements the rope must be pulled 10 m over the ground the rope must have a circumference between 100 and 125 mm the weight should be around 40 kg the weight and all of the rope must pass the target line  shooting airrifle  the shooting airrifle discipline will contain the following elements each team shoots with the host nations rifles every nation shall be able to train with the guns upon arrival 5 targets distance and 7 bullets 10 metres target system are balloons falling targets or similar shooting position stance is optional penalties 50 m penalty lap for every missed target  reference to regulations  nordic regulations for naval pentathlon and naval triathlon placing  the team with the lowest total time is the winner the winning nation receives 4 points the second best receives 3 points etc  naval combat course naval combat course naval combat course naval combat course  ',0),(21,'node',' academic seminar  final results  russian policies toward the nordic baltic regionpdf nocaseminarpdf ',0),(24,'node',' opening and closing cermonies the official opening of noca 2015 takes place on thursday at 1300 1330 on sunday the event ends with a closing ceremony at 1015 both acitivities in the harbour  ',0),(25,'node',' general instructions clothing during ceremonies service uniform during sport events white shirt no tie or sportswear with noca tshirt other program white shirt no tie it s allowed not to wear caps after 1800 every nation makes its own decision rainwear sleeping bag towels mustering mustering all mornings at 800 outside norreportskolan by each country alcohol drink responsibly it is forbidden to drink alcohol during daytime between 7 am and 6 pm it is forbidden to store alcohol in norreportskolan travel information swe  amiralitetskyrkan wednesday 1230 departure norreportskolan sunday 1400 take care have fun and make new nordic friends ',0),(26,'node',' church service the church service will be a joint nordic service with communion and is taking place in sankta maria church on sunday 98 at 1100  ',0),(27,'node',' noca web ready for release on april 30 the web will be ready for release  ',0),(29,'node',' no one basic page  the first and so far the only basic page  ',0),(30,'node',' history text  ',0),(31,'node',' sweden col1  col2  result   sweden sweden sweden sweden sweden sweden sweden  ',0),(32,'node',' finland col1  col2  result   finland finland finland finland finland finland finland  ',0),(33,'node',' norway col1  col2  result   norway norway norway norway norway norway norway  ',0),(34,'node',' denmark col1  col2  result   denmark denmark denmark denmark denmark denmark denmark  ',0),(39,'node',' vidoe 1 embedded video for vidoe 1 ',0),(40,'node',' video 2 embedded video for video 2 ',0),(41,'node',' photos you can follow noca photostream directly on noca sjöstridsskolan at flickr   ',0),(42,'node',' hiss hejsan detta är en body embedded video for hiss ',0),(43,'node',' football de competition reference  football points 2 country reference  denmark ',0),(44,'node',' football se competition reference  football points 3 country reference  sweden ',0),(45,'node',' volleyball se competition reference  volleyball points 3 country reference  sweden ',0),(46,'node',' results all competitions competition sweden finland norway denmark football     sailing     volleyball     swimming     tug of war     cross country run     naval combat course     sum      ',0),(47,'node',' football no competition reference  football points 4 country reference  norway ',0),(48,'node',' football fi competition reference  football points 1 country reference  finland ',0),(49,'node',' volleyball no competition reference  volleyball points 4 country reference  norway ',0),(50,'node',' volleyball fi competition reference  volleyball points 2 country reference  finland ',0),(51,'node',' volleyball de competition reference  volleyball points 1 country reference  denmark ',0),(53,'node',' the planning of noca 2015 runs smoothly lieutenant commander henrik ramner project manager for noca 2015 has been working more or less throughout the year to complete the arrangement of noca 2015 in ystad there is still some work to be done but we are down to bits and pieces now says ramner he has good experience of the work as he was the project manager for the past two noca meetings arranged by sweden and the naval warfare centre 2011 in varberg and 2007 in karlshamn i have almost daily contact with my counterparts in norway finland and denmark and i am confident that everything will work as planned the only thing i do not control is the weather it will be as it gets  ',0),(55,'node',' assets files  jpjpg programnoca 2019pdf cssswelcomenoca2019pdf mjjpg generalinstructionspdf map2png bild1png dsc4496jpg dsc4574jpg ',0),(56,'node',' cross country run dk competition reference  cross country run points 2 country reference  denmark ',0),(57,'node',' cross country run fi competition reference  cross country run points 1 country reference  finland ',0),(58,'node',' cross country run no competition reference  cross country run points 4 country reference  norway ',0),(59,'node',' cross country run se competition reference  cross country run points 3 country reference  sweden ',0),(60,'node',' naval combat course no competition reference  naval combat course points 3 country reference  norway ',0),(61,'node',' naval combat course fi competition reference  naval combat course points 2 country reference  finland ',0),(62,'node',' naval combat course de competition reference  naval combat course points 1 country reference  denmark ',0),(63,'node',' naval combat course se competition reference  naval combat course points 4 country reference  sweden ',0),(64,'node',' sailing fi competition reference  sailing points 2 country reference  finland ',0),(65,'node',' sailing de competition reference  sailing points 1 country reference  denmark ',0),(66,'node',' sailing no competition reference  sailing points 4 country reference  norway ',0),(67,'node',' sailing se competition reference  sailing points 3 country reference  sweden ',0),(68,'node',' swimming de competition reference  swimming points 3 country reference  denmark ',0),(69,'node',' swimming fi competition reference  swimming points 1 country reference  finland ',0),(70,'node',' swimming no competition reference  swimming points 2 country reference  norway ',0),(71,'node',' swimming se competition reference  swimming points 4 country reference  sweden ',0),(72,'node',' tug of war de competition reference  tug of war points 4 country reference  denmark ',0),(73,'node',' tug of war fi competition reference  tug of war points 2 country reference  finland ',0),(74,'node',' tug of war no competition reference  tug of war points 3 country reference  norway ',0),(75,'node',' tug of war se competition reference  tug of war points 1 country reference  sweden ',0),(80,'node',' a warm welcome to ystad  we are very pleased and honoured that the naval warfare academies of sweden norway denmark and finland have chosen to hold the 2015 nordic cadet meeting in ystad the last time noca was held in ystad was 1970 45 years ago ystad has a long and proud maritime history we have a soft spot for hiorten the original sailed between ystad and wittow and stralsund in swedish pomerania during the 1600s to deliver the mail sweden s first regular overseas route hiorten actually has its own jetty in ystad marina ystad was populated by fishermen as early as the 1100s at that time the shoreline was several hundred metres further up towards stortorget the main square in the 1300s ystad was characterised by the hanseatic league the medieval period brought trade in oxskins salt and herring engelska bryggan our harbour in the 1600s is now a reef running a few hundred metres from shore near the sandskogen sports ground it has become a popular spot for sea anglers during the napoleonic period and continental blockade ystad grew rich thanks to its shrewd merchants this explains the town s mix of small medieval halftimbered houses and large empirestyle stone houses today ystad is sweden s thirdlargest passenger port serving over 17 million travellers annually you will get to see all the vessels up close nowadays ystad is known for its many events and festivals detective novels and films and sport you will visit some of our fine sports arenas and you will run into wallander fans from different parts of the world on the sports side ystad can proudly claim world stars in everything from handball and swimming to boxing when you are in ystad the jazz festival visitors will have just gone home and the tattoo visitors will have just arrived ystad s military history as a base for dragoon airdefence infantry and tank regiments makes it an ideal venue for a military music festival which you will all be able to experience we wish you a warm welcome to sweden s riviera and hope you will also find time to enjoy our 40 kilometres of wonderful sandy beaches good luck with all your events kaj jönsson mayor  ',0),(89,'node',' recrutment event at hms gladan navigation officer stuxgren showing a small group around gladan   there are a lot of different tasks for hms gladan and hms falken and today informing and recruting was on the schedule first as you can see on the picture there was a tour of the ship and general information about the structure onboard functions and seamanship hopefully it straightened out questions about what it takes to be a sailor after the tour we had some coffe and talked about the tests to go through to be accepted to the basic military training and the different functions to apply for onboard a warship we ll cross our fingers and hope that these two girls have satisfactory results on the test that s comming up soon we might see them again at the naval base in karlskrona next spring      ',0),(90,'node',' sailing day one today is another sunny day here in ystad and the first day of the sailing competition is underway eight boats two boats per country and three sailors in each boat preparation is crucial to succeed as a crew everybody needs to know their role and place in the small sailing boat before departure the crews mops up every drop of water in the boat to make it lighter each country has its own tactic to win and was not very keen to reveal anything prior to the competition norway has won several times and last year was no exception the norwegians believe in their team and sees sweden as its biggest competitor sweden believe that this year will be their year finland wants revenge on the swedes from last year who beat them with less than a ship length they are hoping for the best but the most important thing for them is to have fun denmark has a new crew but is eager to give the norwegians a fight for the gold the sailing competition will continue tomorrow and todays results will come up later today  ',0),(91,'node',' grand opening noca 2015 the harbour was all crowded and flags were fluttering in the wind as per jenvald the director of the swedish naval warfare centre opened the nordic cadet meeting 2015 kaj jönsson mayor of ystad also greeted all noca participants welcome to the summer town ystad cadets from sweden norway denmark and finland marched through the central parts of ystad with the royal swedish cadet band in front this was the starting point for three days of comptetitions meetings and social events for the cadets  ',0),(92,'node',' football tournament noca 2015 on sandskogen ip has 4 countries in 2x15 minutes in 22 degrees in the hot sun challenged each other at football despite the hard game which is obviously during international matches it has been fair play and with a glint in the eye the grass was green the referees was fair the matches even and it took up until last game before the final outcome would be determined which nation would take the title as the best football nation of noca 2015 which became norway so we from the editorial staff want to give our congratulations to norway for your fine game  surprisingly high level of the game  tobias swedish naval cadet participated last year noca 2014 in kotka and think that the nations have come more prepare in this year because there is a surprisingly high level of the game which makes it more enjoyable for both players and supporters   great supporters  it is not just a fight on the football field but it also occurs on the side in the form of supporter battle it was clear that the norwegians had practiced in noca tent the night before and kept a high level straight through the tournament denmark which is traditionally being a strong supporter nation still managed to deliver however we at the editorial office think that they have more to give finland delivers with their drums but sweden have development potential the swedish supporters are many in numbers but they should be able to use their voices more ahead of future competitions supporters battle  norway sweden denmark finland max 5 stars  results  sweden norway  24 1 11 12 13 14 24  denmark norway  13 1 2 12 13  norway finland  61 10 20 30 40 41 51 61  sweden denmark   sweden finland  11 1 11  finland denmark  11 10 11    first place norway second place sweden third place denmark fourth place finland ',0),(93,'node',' tug of war noca 2015 when we arrived to sandskogens ip a great battle between countries had just begun battleshouts from the participating countries clashed together above the streched rope which were pulled by the selected strong from each naval academy first out to show some muscle were team norway against team finland a moment of rest before the whistle sounded then as if someone opened the hot water tap the heat skyrocketed around the rope after a though and exhausting fight the round was over finland had come out victorious in the first match no team seemed to have it easy against the others and after six matches the game was over team finland climed out on top with team norway taking second place above team denmark which came in third team sweden came in forth place tags  tug of war noca noca2015 ',0),(96,'node',' noca 2015 sailing embedded video for noca 2015 sailing ',0),(97,'node',' noca 2015v norwegian victory embedded video for noca 2015v norwegian victory ',0),(98,'node',' football warmup embedded video for football warmup ',0),(99,'node',' academic seminar at norreportsskolan every year there is a academic seminar held at noca the topics are chosen from military related subjects such as peace and conflict this year the topic were officer education where eight cadets from each nation split up and formed four mixed groups that discussed the topic after sharing information comparing the differences and similarities between the respective naval acadamies the groups analyzed their data and constructed a presentation each groups presentation proved to be a bit different but they all had important points on what could be done to improve the education for everyone all in all this was a good way of getting to know the other nations and a splendid method to make new connections between cadets and officers alike tags  academic seminar noca noca2015 2015 norreportsskolan ',0),(100,'node',' cross country run the big running competition was today the track was dry and hard and the weather was damp but cloudy witch the runners appreciated there was about 70 cadets and a few officers even though it was mass start everybody made it out in the track without injuries there was a lot of supporters and bystanders music cheering and penguins at the finishline it was a great atmosphere if you want to se the finish the start or some other short videos go to https wwwyoutubecom channel uclheocuzunz5q5spczt0epw results are coming up soon  ',0),(101,'node',' nordic cadetmeeting swimming ystad 2015 early on friday morning from cadets to admirals gathered in ystad arena to make up the 5 x 75 m lifesaving 10 x 50 m relay swimming and last but not the least the prestigious 4 x 25m old boys relay swimming the crowd was excited to see if last year s winner who is also the favorite denmark would take home the victory again this year or would the host country get revenge and not take a bottom position again this year the competition opened with 5 x 75 m lifesaving where all participants were quick enough to be worthy of participating in a baywatchssection however as finland proved to be the fastest when they could combine flexibility with strength and take home the victory then it was time for our dear officers to show the cadet how it should be done in the 4 x 25m old boys relay swimming which they did brilliantly for both the audience and the cadets were impressed when officerna threw off the white shirt and delivered amazing times winner of old boy relay eventually became norway last but not least it was time for the 10 x 50 m relay swimming where the focus is on endurance and explosiveness which can be difficult for some because of yesterday s event in nocatent finland demonstrated both good tactics of swimmers and good team spirit which resulted in victory in this event the overall winner of noca 2015 swimming competition finally became finland and we on the editorial staff congratulates finland for their brave effort besides finland win in the swimming competition norway supporters win supporters battle with a huge commitment also fun to see that finland has take up the fight of the supports battle supporters battle  norway sweden denmark finland max 5 stars  results  5 x 75 m lifesaving 10 x 50 m fiinland denmark norway sweden  4 x 25m old boys relay norway finland denmark sweden  10 x 50 m relay finland denmark norway sweden overall result first place finland second place denmark third place norway fourth place sweden  ',0),(102,'node',' cross country run the finish embedded video for cross country run the finish ',0),(103,'node',' boot tossing at viking challange embedded video for boot tossing at viking challange ',0),(104,'node',' cross country results summarized times from top ten athletes from each country  nor 1465427 swe 1531932 dnk 1601966 fin 1621681 top 3 times  134349 nor 134959 nor 135214 nor  top 3 by country  if anyone wants their names shown contact noca2019 expedition norway  134349 134959 135214 sweden  145303 150160 150736 denmark  140320 151535 152774 finland  135684 144711 145697   minutesseconds decimals  ',0),(108,'node',' noca volleyball tournament we re at what s to be considered one of the most prestigeful events at noca the volleyball tournament after a intense practice and warm up session the tournament started off with sweden vs norway and finland vs denmark as always the norweigians show the rest of the countries how to properly support your athletes they had flags wigs pompoms bells music mascots cheering and drums after three fierce rounds the score was settled the norweigians won the tournament with only one lost set congratulations  ',0),(109,'node',' naval combat course the weather cleared up right in time for ncc it was hot for the runners who probably found the obstacle where they paddel rubber boats refreshing the supporters were in a really good mood and enjoyed themselfs with cheering dancing and running alongside their countrymen on the final sprint under competitions you can find the rules and execution of ncc and also the resoults for today s event  ',0),(110,'node',' throwing of handgranates at ncc embedded video for throwing of handgranates at ncc ',0),(111,'node',' ncc atmosphere 2 embedded video for ncc atmosphere 2 ',0),(112,'node',' ncc atmosphere 1 embedded video for ncc atmosphere 1 ',0),(113,'node',' swimming results total score and points awarded  sweden 4 4 4p denmark 3 2 3p norway 1 3 2p finland 2 1 1p 75m lifesaving competition sweden 4p denmark 3p finland 2p norway 1p 8x50m mixed swim summarized times sweden 34032 4p norway 34915 3p finland 40012 2p denmark 40077 1p top 5 times lifesaving competition 1 fin 5139 2 den 5191 3 swe 5748 4 swe 5786 5 swe 5796  we are working on the individual times from the relay swimming competition ',0),(114,'node',' naval combat course results summarized times and points awarded  swe 782100 4p nor 784469 3p fin 785708 2p den 833940 1p top 5 times 1 nor 121650 2 den 122426 3 swe 122885 4 swe 123129 5 nor 124050  ',0),(115,'node',' tug of war results points awarded  denmark 4p norway 3p finland 2p sweden 1p  match results  fin 2   swe nor   2 den fin 1  2 nor den 2   swe den 2   fin swe   2 nor ',0),(116,'node',' volleyball results points awarded  norway 4p sweden 3p finland 2p denmark 1p match results  nor 2   fin fin 24  26 nor  fin 12  25 nor   swe 2   den  swe 25  16 den  swe 25  15 fin   2 swe    swe 25  12  swe 25  12  nor 2   den  nor 25  5 den  nor 25  8 den  fin 2  1 den  fin 26  24 den fin 16  25 den   fin 15  7 den swe   2 nor   swe 12  25 nor  swe 16  25 nor  ',0),(117,'node',' football results match results fin 1 1 dnk nor 4  1 swe fin   3 swe nor 5   dnk swe 3  1 dnk fin   8 nor  total points read competition rules for clarification  norway 9 point s  sweden 6 point s  denmark 1 point s  finland 1 point s  ',0),(118,'node',' cross country run how did the cadets feel when they crossed the line what color is that swedish shirt and who won  embedded video for cross country run ',0),(119,'node',' photos ',0),(120,'node',' photos instagram feed ',0),(122,'node',' map ',0),(123,'node',' welcome to noca 2019 it is a great honour for me as the director of the swedish naval warfare centre to welcome you all to kalmar and noca 2019 in 1948 the first nordic cadet meeting was held in lysekil sweden the main purpose of the meeting at that time was to let the nordic cadets meet colleagues from their neighbouring countries and under friendly and informal conditions get to know each other both as friends and as professionals that idea is still valid nordic relations have always been important and relations between the armed forces of our nations have strengthened over the last years by meeting and participating in this kind of event we create prerequisites for successful cooperation between the armed forces of our nations noca is a perfect opportunity and a good starting point to lay the foundation not only for professional cooperation between our nations but also for personal development i hope that we all will learn from each other and through the sport competitions seminars and social events will make new friends magnus jönsson director swedish naval warfare centre  ',0),(125,'node',' wifi at stagnelius school to use wifi at stagnelius school the accommodation for cadets and other areas where kalmar municipality provides an open wifi use kkguest and enter pw kungsgatan  ',0),(127,'node',' photos at the web page it seems to be a short delay for pics to be published from instagram to this web page but make sure to post pics on your own instaaccount and mark them noca2019 and they shall be visible after 12 hours twice a day you can of course search directly on insta for pics with noca2019  edit instagram feed operational many of the pictures represent large galleries click them for more tagging individual pictures with noca2019 puts them on the feed after a short delay   tags   noca2019 ',0),(128,'node',' detailed results from thursday available  cross country and football results posted any competitors who wants their fame public contact the noca expedition and we ll add names to your times everyone is currently anonymous make sure to tag photos from the events with  noca2019  pictures are added daily tags   noca2019 ',0),(129,'node',' competition results final results for the offical competitions are now posted  if you competed in any event and want your name and times public contact the noca expedition tags   noca2019 ',0),(130,'node',' noca 2019 winner announcement  congratulations to norway  once again with an amazing showing at our friendly noca competition it was a close race all the way to the end the entire competition undecided until the last tugofwar match between sweden and norway make sure to watch the official closing of the competition at stortorget in kalmar today at 930 tags   noca2019 ',0);

--
-- Table structure for table `search_index`
--

CREATE TABLE `search_index` (
  `word` varchar(50) NOT NULL DEFAULT '' COMMENT 'The search_total.word that is associated with the search item.',
  `sid` int(10) unsigned NOT NULL DEFAULT '0' COMMENT 'The search_dataset.sid of the searchable item to which the word belongs.',
  `type` varchar(16) NOT NULL COMMENT 'The search_dataset.type of the searchable item to which the word belongs.',
  `score` float DEFAULT NULL COMMENT 'The numeric score of the word, higher being more important.',
  PRIMARY KEY (`word`,`sid`,`type`),
  KEY `sid_type` (`sid`,`type`)
) ENGINE=InnoDB DEFAULT CHARSET=utf8 COMMENT='Stores the search index, associating words, items and...';

--
-- Dumping data for table `search_index`
--

INSERT INTO `search_index` VALUES ('1',14,'node',2),('1',17,'node',1.82206),('1',18,'node',0.916736),('1',39,'node',37),('1',48,'node',1),('1',51,'node',1),('1',57,'node',1),('1',62,'node',1),('1',65,'node',1),('1',69,'node',1),('1',75,'node',1),('1',92,'node',10.1117),('1',112,'node',37),('1',113,'node',3),('1',114,'node',1),('1',115,'node',1),('1',116,'node',1),('1',117,'node',12),('10',14,'node',1),('10',17,'node',2.8867),('10',18,'node',1),('10',19,'node',1),('10',20,'node',1.79415),('10',92,'node',6.6458),('10',101,'node',8.76773),('100',20,'node',0.923838),('100m',20,'node',1.96109),('1015',24,'node',1),('10451210',7,'node',1),('11',17,'node',0.976851),('11',18,'node',1.91758),('11',92,'node',16.5829),('1100',26,'node',1),('11001300',7,'node',1),('1100s',80,'node',1),('12',1,'node',1),('12',7,'node',1),('12',17,'node',0.96498),('12',18,'node',0.968904),('12',92,'node',6.78693),('12',116,'node',4),('12',127,'node',1),('121650',114,'node',1),('122426',114,'node',1),('122885',114,'node',1),('1230',25,'node',1),('123129',114,'node',1),('124050',114,'node',1),('125',20,'node',0.920273),('13',6,'node',1),('13',17,'node',0.931053),('13',18,'node',0.945829),('13',92,'node',10.156),('1300',24,'node',1),('1300s',80,'node',1),('1330',24,'node',1),('134349',104,'node',2),('134959',104,'node',2),('135214',104,'node',2),('135684',104,'node',1),('14',17,'node',0.899454),('14',18,'node',0.923838),('14',92,'node',3.39329),('1400',25,'node',1),('140320',104,'node',1),('144711',104,'node',1),('145303',104,'node',1),('145697',104,'node',1),('1465427',104,'node',1),('15',14,'node',1),('15',16,'node',1),('15',17,'node',1.9496),('15',19,'node',1),('15',20,'node',1.99315),('15',116,'node',5),('150160',104,'node',1),('150736',104,'node',1),('151535',104,'node',1),('152774',104,'node',1),('1531932',104,'node',1),('16',17,'node',0.848323),('16',116,'node',3),('1600s',80,'node',2),('1601966',104,'node',1),('1621681',104,'node',1),('16301800',7,'node',1),('17',80,'node',0.902857),('1800',25,'node',1),('19002400',9,'node',2),('1948',4,'node',1),('1948',12,'node',1),('1948',123,'node',1),('1970',80,'node',1),('2',1,'node',1),('2',14,'node',2),('2',17,'node',1.81367),('2',18,'node',1.90286),('2',19,'node',1),('2',40,'node',37),('2',43,'node',1),('2',50,'node',1),('2',56,'node',1),('2',61,'node',1),('2',64,'node',1),('2',70,'node',1),('2',73,'node',1),('2',92,'node',3.38129),('2',111,'node',37),('2',113,'node',3),('2',114,'node',1),('2',115,'node',24),('2',116,'node',24),('20',92,'node',3.34579),('2007',53,'node',1),('2011',53,'node',1),('2014',92,'node',1),('2015',4,'node',27),('2015',12,'node',27),('2015',24,'node',1),('2015',53,'node',28),('2015',80,'node',1),('2015',91,'node',27),('2015',92,'node',27),('2015',93,'node',26),('2015',96,'node',37),('2015',99,'node',11),('2015',101,'node',26.9203),('2015v',97,'node',37),('2019',13,'node',1),('2019',123,'node',27),('2019',130,'node',26),('2019pdf',55,'node',11),('22',20,'node',1),('22',92,'node',4),('22302400',9,'node',1),('235',16,'node',1),('24',92,'node',6.83592),('24',116,'node',2),('25',1,'node',1),('25',14,'node',1),('25',16,'node',1),('25',17,'node',0.813674),('25',20,'node',1.99731),('25',116,'node',40),('25m',17,'node',15.7274),('25m',101,'node',5.38129),('26',116,'node',8),('280',1,'node',1),('2nd',16,'node',1),('2x15',92,'node',4),('3',14,'node',3),('3',16,'node',1),('3',17,'node',5.72414),('3',18,'node',2.85135),('3',19,'node',1),('3',20,'node',0.786915),('3',44,'node',1),('3',45,'node',1),('3',59,'node',1),('3',60,'node',1),('3',67,'node',1),('3',68,'node',1),('3',74,'node',1),('3',104,'node',8),('3',113,'node',3),('3',114,'node',1),('3',117,'node',8),('30',27,'node',1),('30',92,'node',3.33412),('3000',13,'node',1),('317',1,'node',1),('32',18,'node',1),('33',1,'node',1),('34032',113,'node',1),('349',1,'node',1),('34915',113,'node',1),('35',17,'node',1.80545),('38',1,'node',1),('386',1,'node',1),('4',14,'node',2),('4',16,'node',1),('4',17,'node',38.7274),('4',18,'node',1.85746),('4',19,'node',2),('4',20,'node',0.797402),('4',47,'node',1),('4',49,'node',1),('4',58,'node',1),('4',63,'node',1),('4',66,'node',1),('4',71,'node',1),('4',72,'node',1),('4',92,'node',4),('4',101,'node',5.38129),('4',113,'node',3),('4',114,'node',1),('4',117,'node',4),('40',20,'node',0.906287),('40',80,'node',0.716357),('40',92,'node',3.32253),('40012',113,'node',1),('40077',113,'node',1),('41',92,'node',3.31103),('411137',6,'node',1),('45',80,'node',1),('46',1,'node',11),('475m',17,'node',0.896076),('5',14,'node',2),('5',17,'node',3),('5',20,'node',0.857458),('5',92,'node',0.873132),('5',101,'node',6.24768),('5',113,'node',2),('5',114,'node',2),('5',116,'node',1),('5',117,'node',4),('50',17,'node',21.7843),('50',20,'node',0.830633),('50',101,'node',8.76773),('50100m',20,'node',1),('51',92,'node',3.2996),('5139',113,'node',1),('5191',113,'node',1),('52',1,'node',1),('572',1,'node',1),('5748',113,'node',1),('5786',113,'node',1),('5796',113,'node',1),('58',7,'node',4),('6',14,'node',1),('6',17,'node',1),('6',20,'node',1),('6',25,'node',1),('6',117,'node',4),('60',1,'node',1),('600m',20,'node',1),('61',92,'node',6.65763),('6300800',7,'node',1),('639',1,'node',2),('649',1,'node',1),('65',1,'node',1),('66',1,'node',1),('67',1,'node',1),('68',7,'node',4),('69',13,'node',1),('7',14,'node',3),('7',17,'node',1),('7',20,'node',0.854391),('7',25,'node',1),('7',116,'node',1),('70',1,'node',6),('70',100,'node',1),('71',1,'node',1),('72',1,'node',1),('73',1,'node',1),('75',17,'node',20),('75',101,'node',5.39329),('75m',113,'node',1),('76',1,'node',4),('78',7,'node',4),('782100',114,'node',1),('784469',114,'node',1),('785708',114,'node',1),('8',14,'node',1),('8',17,'node',20.7843),('8',18,'node',0.909743),('8',116,'node',1),('8',117,'node',4),('80',1,'node',1),('800',25,'node',1),('83',1,'node',1),('833940',114,'node',1),('85',1,'node',1),('850m',17,'node',0.927431),('86',1,'node',1),('864',1,'node',1),('869',1,'node',1),('88',1,'node',1),('88',7,'node',3.98922),('8x50m',113,'node',1),('9',14,'node',1),('9',17,'node',1),('9',117,'node',4),('92',1,'node',3),('930',130,'node',1),('965',1,'node',1),('97',1,'node',1),('98',7,'node',3.84435),('98',26,'node',1),('99',1,'node',1),('able',20,'node',0.873132),('able',80,'node',0.733888),('able',92,'node',0.896076),('about',17,'node',1),('about',89,'node',3),('about',100,'node',1),('above',18,'node',1),('above',93,'node',2),('acadamies',99,'node',1),('academic',21,'node',26),('academic',99,'node',38),('academies',80,'node',1),('academy',6,'node',27),('academy',93,'node',1),('accepted',14,'node',1),('accepted',89,'node',1),('access',9,'node',1),('accommodated',7,'node',1),('accommodation',6,'node',1),('accommodation',7,'node',1),('accommodation',125,'node',1),('accomplished',20,'node',1),('accomplishment',20,'node',4),('accordance',18,'node',1),('according',14,'node',1),('acitivities',24,'node',1),('activities',9,'node',1),('actually',80,'node',1),('add',128,'node',1),('added',128,'node',1),('administration',13,'node',1),('admirals',101,'node',4),('after',9,'node',1),('after',17,'node',5.81191),('after',18,'node',2),('after',25,'node',1),('after',89,'node',1),('after',93,'node',2),('after',99,'node',1),('after',108,'node',2),('after',127,'node',2),('again',89,'node',1),('again',101,'node',2),('again',130,'node',1),('against',14,'node',1),('against',16,'node',2),('against',18,'node',1),('against',93,'node',2),('ago',80,'node',1),('ahead',92,'node',0.886095),('aid',1,'node',4),('airdefence',80,'node',0.754681),('airrifle',20,'node',4.47703),('alcohol',7,'node',0.896076),('alcohol',25,'node',6),('alike',99,'node',1),('all',4,'node',2),('all',7,'node',0.945829),('all',9,'node',1),('all',12,'node',2),('all',13,'node',1),('all',16,'node',1),('all',17,'node',1.9658),('all',20,'node',1.90286),('all',25,'node',1),('all',46,'node',26),('all',80,'node',2.30988),('all',91,'node',2),('all',99,'node',3),('all',101,'node',1),('all',123,'node',2),('all',130,'node',1),('allowed',7,'node',0.889397),('allowed',18,'node',1),('allowed',25,'node',1),('almost',53,'node',1),('alongside',109,'node',1),('also',4,'node',1),('also',12,'node',1),('also',13,'node',1),('also',14,'node',1),('also',80,'node',0.722831),('also',91,'node',1),('also',92,'node',1),('also',101,'node',1.87634),('also',109,'node',1),('also',123,'node',1),('always',4,'node',1),('always',12,'node',1),('always',108,'node',1),('always',123,'node',1),('åman',1,'node',1),('amazing',101,'node',1),('amazing',130,'node',1),('amiralitetskyrkan',25,'node',1),('analyzed',99,'node',1),('and',1,'node',8),('and',4,'node',9),('and',7,'node',9.89634),('and',9,'node',5),('and',12,'node',9),('and',13,'node',7.9496),('and',14,'node',4),('and',16,'node',2),('and',17,'node',5.47788),('and',18,'node',1.90286),('and',19,'node',1),('and',20,'node',5.48712),('and',24,'node',26),('and',25,'node',5),('and',26,'node',1),('and',29,'node',1),('and',53,'node',5),('and',80,'node',14.3248),('and',89,'node',8),('and',90,'node',6.99731),('and',91,'node',3),('and',92,'node',4.98493),('and',93,'node',2),('and',99,'node',6),('and',100,'node',5),('and',101,'node',7.84005),('and',108,'node',3),('and',109,'node',4),('and',113,'node',4),('and',114,'node',4),('and',118,'node',1),('and',123,'node',9),('and',125,'node',2),('and',127,'node',2),('and',128,'node',2),('and',129,'node',8),('and',130,'node',1),('andersson',1,'node',1),('andreas',1,'node',1),('anglers',80,'node',0.997306),('announcement',130,'node',26),('annually',80,'node',0.892724),('anonymous',128,'node',1),('another',90,'node',1),('any',17,'node',2.96109),('any',18,'node',1.99315),('any',128,'node',1),('any',129,'node',4),('anyone',104,'node',4),('anything',90,'node',1),('apart',18,'node',1),('apply',89,'node',1),('appreciated',100,'node',1),('approx',19,'node',1),('approx',20,'node',1),('approximately',18,'node',1),('approximately',20,'node',2),('april',27,'node',1),('are',7,'node',0.938382),('are',13,'node',3.91068),('are',14,'node',2),('are',17,'node',2.81423),('are',18,'node',1),('are',19,'node',3),('are',20,'node',2.84532),('are',53,'node',1),('are',80,'node',1.78178),('are',89,'node',1),('are',90,'node',1),('are',92,'node',0.909743),('are',99,'node',1),('are',100,'node',1),('are',113,'node',4),('are',128,'node',1),('are',129,'node',1),('areas',125,'node',1),('arena',101,'node',4),('arenas',80,'node',0.830633),('armed',4,'node',2),('armed',12,'node',2),('armed',123,'node',2),('around',18,'node',2),('around',20,'node',0.909743),('around',89,'node',4),('around',93,'node',1),('arranged',53,'node',1),('arrangement',53,'node',1),('arrival',20,'node',0.860547),('arrived',80,'node',0.76431),('arrived',93,'node',1),('ashore',20,'node',1),('assets',55,'node',26),('association',14,'node',1),('athlete',18,'node',0.892724),('athlete',20,'node',2),('athletes',18,'node',0.906287),('athletes',19,'node',2),('athletes',20,'node',2),('athletes',104,'node',4),('athletes',108,'node',1),('atmosphere',100,'node',1),('atmosphere',111,'node',37),('atmosphere',112,'node',37),('audience',101,'node',1),('available',128,'node',26),('awarded',113,'node',4),('awarded',114,'node',4),('awarded',115,'node',4),('awarded',116,'node',4),('bag',25,'node',1),('ball',16,'node',1),('balloons',20,'node',0.845322),('ballpoints',16,'node',1),('baltic',13,'node',1),('baltic',21,'node',11),('band',91,'node',1),('base',80,'node',0.759465),('base',89,'node',1),('basic',29,'node',27),('basic',89,'node',1),('battle',92,'node',4.50535),('battle',93,'node',1),('battle',101,'node',5.18883),('battleshouts',93,'node',1),('baywatchssection',101,'node',1),('beaches',80,'node',0.707906),('beat',90,'node',1),('became',92,'node',1),('became',101,'node',1.91674),('because',92,'node',1),('because',101,'node',0.968904),('become',80,'node',1),('been',4,'node',1),('been',12,'node',1),('been',18,'node',1),('been',53,'node',1),('been',92,'node',1),('been',123,'node',1),('beets',7,'node',1),('before',17,'node',1),('before',90,'node',1),('before',92,'node',1.98493),('before',93,'node',1),('begun',93,'node',1),('being',92,'node',0.96498),('believe',90,'node',2),('bells',108,'node',1),('bengt',1,'node',1),('besides',101,'node',0.896076),('best',14,'node',1),('best',16,'node',1),('best',17,'node',6.93784),('best',18,'node',0.854391),('best',19,'node',3),('best',20,'node',0.78951),('best',90,'node',1),('best',92,'node',1),('between',4,'node',3),('between',12,'node',3),('between',17,'node',0.819249),('between',20,'node',0.927431),('between',25,'node',1),('between',80,'node',1),('between',93,'node',1),('between',99,'node',2),('between',123,'node',3),('between',130,'node',1),('big',100,'node',1),('biggest',90,'node',1),('bild1png',55,'node',11),('birgitta',1,'node',1),('bit',99,'node',1),('bits',53,'node',1),('blockade',80,'node',0.98493),('boat',20,'node',1),('boat',90,'node',3),('boats',90,'node',2),('boats',109,'node',1),('body',17,'node',1),('body',42,'node',1),('bodypart',17,'node',1),('boiled',7,'node',5.94978),('boot',103,'node',37),('boots',18,'node',1),('both',4,'node',1),('both',12,'node',1),('both',24,'node',1),('both',92,'node',1),('both',101,'node',1.9496),('both',123,'node',1),('bottom',101,'node',1),('boxing',80,'node',0.786915),('boy',101,'node',1),('boys',17,'node',0.786915),('boys',101,'node',5.38129),('brave',101,'node',0.902857),('bread',7,'node',2.92743),('break',14,'node',1),('breakfast',7,'node',5),('bright',13,'node',0.945829),('brilliantly',101,'node',1),('bring',20,'node',1),('broad',13,'node',1),('broccoli',7,'node',2),('brought',80,'node',1),('bryggan',80,'node',1),('buffet',7,'node',4),('buildings',13,'node',1),('bullets',20,'node',0.851346),('business',13,'node',1),('but',4,'node',1),('but',12,'node',1),('but',53,'node',1),('but',90,'node',2),('but',92,'node',2.81973),('but',99,'node',1),('but',100,'node',1),('but',101,'node',1.99315),('but',123,'node',1),('but',127,'node',1),('butter',7,'node',1),('buy',9,'node',1),('bystanders',100,'node',1),('cadet',4,'node',27),('cadet',12,'node',27),('cadet',13,'node',1),('cadet',80,'node',1),('cadet',91,'node',2),('cadet',92,'node',1),('cadet',101,'node',1),('cadet',123,'node',1),('cadetmeeting',101,'node',26),('cadets',1,'node',8),('cadets',4,'node',1),('cadets',7,'node',28),('cadets',9,'node',1),('cadets',12,'node',1),('cadets',14,'node',1),('cadets',20,'node',1),('cadets',91,'node',2),('cadets',99,'node',2),('cadets',100,'node',1),('cadets',101,'node',5),('cadets',118,'node',1),('cadets',123,'node',1),('cadets',125,'node',1),('calculated',17,'node',0.879565),('came',93,'node',2),('can',13,'node',1.99731),('can',17,'node',0.945829),('can',18,'node',1),('can',19,'node',1),('can',41,'node',1),('can',80,'node',0.805455),('can',89,'node',1),('can',101,'node',0.980874),('can',109,'node',1),('can',127,'node',1),('cannot',14,'node',1),('capital',13,'node',1),('caps',25,'node',1),('captain',18,'node',0.913226),('care',25,'node',4),('carried',18,'node',1),('carry',20,'node',1),('carrying',17,'node',1),('case',17,'node',1),('cauliflower',7,'node',0.968904),('caviar',7,'node',1),('cdr',1,'node',3),('center',1,'node',8),('center',13,'node',1),('centimetres',18,'node',1),('central',91,'node',1),('centre',4,'node',2),('centre',12,'node',2),('centre',13,'node',1.96498),('centre',53,'node',1),('centre',91,'node',1),('centre',123,'node',2),('cereal',7,'node',1),('ceremoney',9,'node',1),('ceremoni',8,'node',26),('ceremonies',9,'node',1),('ceremonies',25,'node',1),('ceremony',24,'node',1),('cermonies',24,'node',26),('challange',9,'node',1),('challange',103,'node',37),('challenged',92,'node',1),('change',18,'node',1),('changes',14,'node',1),('channel',100,'node',11),('chaplain',1,'node',4),('character',13,'node',1),('characterised',80,'node',1),('charm',13,'node',1),('charming',13,'node',1),('cheering',100,'node',1),('cheering',108,'node',1),('cheering',109,'node',1),('cheese',7,'node',2),('chicken',7,'node',1),('choice',7,'node',0.931053),('chosen',80,'node',1),('chosen',99,'node',1),('church',26,'node',28),('chutney',7,'node',1),('circumference',18,'node',1),('circumference',20,'node',0.931053),('cism',17,'node',1.83645),('cities',13,'node',1.99731),('city',13,'node',6.91674),('civilians',9,'node',1),('claim',80,'node',0.800068),('clarification',117,'node',1),('clashed',93,'node',1),('clear',92,'node',1),('cleared',109,'node',1),('click',127,'node',7),('climed',93,'node',1),('close',13,'node',2),('close',80,'node',0.869951),('close',130,'node',1),('closing',24,'node',27),('closing',130,'node',1),('clothing',25,'node',4),('cloudy',100,'node',1),('coastal',13,'node',1),('cobblestone',13,'node',1),('cocktailparty',9,'node',1),('coconut',7,'node',1),('coffe',89,'node',1),('coffee',7,'node',1.91323),('col',1,'node',1),('col1',31,'node',1),('col1',32,'node',1),('col1',33,'node',1),('col1',34,'node',1),('col2',31,'node',1),('col2',32,'node',1),('col2',33,'node',1),('col2',34,'node',1),('cold',7,'node',1),('colleagues',4,'node',1),('colleagues',12,'node',1),('colleagues',123,'node',1),('color',118,'node',1),('colours',18,'node',0.927431),('colours',19,'node',1),('colours',20,'node',1),('combat',20,'node',60.3981),('combat',46,'node',1),('combat',60,'node',28.2),('combat',61,'node',28.2),('combat',62,'node',28.2),('combat',63,'node',28.2),('combat',109,'node',26),('combat',114,'node',26),('combine',101,'node',1),('come',90,'node',0.989021),('come',92,'node',1),('come',93,'node',1),('coming',100,'node',1),('commander',53,'node',1),('commencement',18,'node',1),('comming',89,'node',1),('commitment',101,'node',0.879565),('communion',26,'node',1),('comparing',99,'node',1),('competed',129,'node',4),('competition',9,'node',1),('competition',16,'node',1),('competition',17,'node',5.96229),('competition',18,'node',1),('competition',20,'node',1),('competition',43,'node',1),('competition',44,'node',1),('competition',45,'node',1),('competition',46,'node',1),('competition',47,'node',1),('competition',48,'node',1),('competition',49,'node',1),('competition',50,'node',1),('competition',51,'node',1),('competition',56,'node',1),('competition',57,'node',1),('competition',58,'node',1),('competition',59,'node',1),('competition',60,'node',1),('competition',61,'node',1),('competition',62,'node',1),('competition',63,'node',1),('competition',64,'node',1),('competition',65,'node',1),('competition',66,'node',1),('competition',67,'node',1),('competition',68,'node',1),('competition',69,'node',1),('competition',70,'node',1),('competition',71,'node',1),('competition',72,'node',1),('competition',73,'node',1),('competition',74,'node',1),('competition',75,'node',1),('competition',90,'node',3),('competition',100,'node',1),('competition',101,'node',2.80967),('competition',113,'node',6),('competition',117,'node',1),('competition',129,'node',26),('competition',130,'node',3),('competitions',17,'node',1.95373),('competitions',46,'node',26),('competitions',92,'node',0.879565),('competitions',109,'node',1),('competitions',123,'node',1),('competitions',129,'node',1),('competitor',17,'node',1.80613),('competitor',90,'node',1),('competitors',17,'node',0.909743),('competitors',20,'node',0.989021),('competitors',128,'node',1),('complete',17,'node',1),('complete',53,'node',1),('completing',17,'node',15.1506),('comptetitions',91,'node',1),('concerned',17,'node',0.889397),('concrete',19,'node',2),('conditions',4,'node',1),('conditions',12,'node',1),('conditions',123,'node',1),('confident',53,'node',1),('conflict',99,'node',1),('congratulates',101,'node',0.909743),('congratulations',92,'node',1),('congratulations',108,'node',1),('congratulations',130,'node',4),('connections',99,'node',1),('considered',108,'node',1),('consist',18,'node',1.92027),('consist',19,'node',1),('consist',20,'node',0.957226),('consisting',19,'node',1),('consisting',20,'node',1),('consists',18,'node',1),('consists',20,'node',1),('constructed',99,'node',1),('contact',1,'node',26),('contact',53,'node',1),('contact',104,'node',4),('contact',128,'node',1),('contact',129,'node',4),('contain',20,'node',3.8894),('continental',6,'node',1),('continental',80,'node',0.989021),('continue',90,'node',1),('contrasts',13,'node',1),('control',53,'node',1),('cooperation',4,'node',2),('cooperation',12,'node',2),('cooperation',123,'node',2),('corner',13,'node',1),('corrections',19,'node',1),('corrections',20,'node',1),('could',99,'node',1),('could',101,'node',1),('counterparts',53,'node',1),('countries',4,'node',1),('countries',12,'node',1),('countries',92,'node',4),('countries',93,'node',2),('countries',108,'node',1),('countries',123,'node',1),('country',19,'node',71),('country',25,'node',1),('country',43,'node',1),('country',44,'node',1),('country',45,'node',1),('country',46,'node',1),('country',47,'node',1),('country',48,'node',1),('country',49,'node',1),('country',50,'node',1),('country',51,'node',1),('country',56,'node',29.2),('country',57,'node',29.2),('country',58,'node',29.2),('country',59,'node',29.2),('country',60,'node',1),('country',61,'node',1),('country',62,'node',1),('country',63,'node',1),('country',64,'node',1),('country',65,'node',1),('country',66,'node',1),('country',67,'node',1),('country',68,'node',1),('country',69,'node',1),('country',70,'node',1),('country',71,'node',1),('country',72,'node',1),('country',73,'node',1),('country',74,'node',1),('country',75,'node',1),('country',90,'node',2),('country',100,'node',26),('country',101,'node',1),('country',102,'node',37),('country',104,'node',34),('country',118,'node',37),('country',128,'node',1),('countrymen',109,'node',1),('counts',20,'node',0.968904),('county',13,'node',1),('course',19,'node',1),('course',20,'node',62.3981),('course',46,'node',1),('course',60,'node',28.2),('course',61,'node',28.2),('course',62,'node',28.2),('course',63,'node',28.2),('course',109,'node',26),('course',114,'node',26),('course',127,'node',1),('cream',7,'node',0.980874),('create',4,'node',1),('create',12,'node',1),('create',123,'node',1),('crew',90,'node',2),('crews',90,'node',1),('crisp',7,'node',1.92743),('cross',19,'node',71),('cross',46,'node',1),('cross',56,'node',28.2),('cross',57,'node',28.2),('cross',58,'node',28.2),('cross',59,'node',28.2),('cross',89,'node',1),('cross',100,'node',26),('cross',102,'node',37),('cross',104,'node',26),('cross',118,'node',37),('cross',128,'node',1),('crosscountry',20,'node',1),('crossed',18,'node',1),('crossed',118,'node',1),('crowd',101,'node',1),('crowded',91,'node',1),('crucial',90,'node',1),('cssswelcomenoca2019pdf',55,'node',11),('culture',13,'node',1),('currently',128,'node',1),('cutlet',7,'node',1),('daily',7,'node',1),('daily',9,'node',1),('daily',53,'node',1),('daily',128,'node',1),('damp',100,'node',1),('dancing',109,'node',1),('data',99,'node',1),('day',90,'node',28),('day',127,'node',1),('dayof',9,'node',1),('days',91,'node',1),('daytime',25,'node',1),('dear',101,'node',1),('decide',14,'node',1),('decided',18,'node',1),('decides',20,'node',1),('decimals',104,'node',4),('decision',18,'node',0.976851),('decision',25,'node',1),('degrees',92,'node',4),('delay',127,'node',2),('deliver',80,'node',1),('deliver',92,'node',0.949597),('delivered',101,'node',1),('delivers',92,'node',0.931053),('demonstrated',101,'node',0.953396),('den',113,'node',1),('den',114,'node',2),('den',115,'node',12),('den',116,'node',12),('denmark',34,'node',103),('denmark',43,'node',2.2),('denmark',46,'node',1),('denmark',51,'node',2.2),('denmark',53,'node',1),('denmark',56,'node',2.2),('denmark',62,'node',2.2),('denmark',65,'node',2.2),('denmark',68,'node',2.2),('denmark',72,'node',2.2),('denmark',80,'node',1),('denmark',90,'node',1),('denmark',91,'node',1),('denmark',92,'node',7.58231),('denmark',93,'node',1),('denmark',101,'node',7.76292),('denmark',104,'node',4),('denmark',108,'node',1),('denmark',113,'node',3),('denmark',115,'node',1),('denmark',116,'node',1),('denmark',117,'node',4),('departure',25,'node',1),('departure',90,'node',1),('dept',17,'node',1),('despite',92,'node',1),('detailed',128,'node',26),('detective',80,'node',0.851346),('determined',14,'node',1),('determined',16,'node',2),('determined',18,'node',1),('determined',92,'node',1),('detta',42,'node',1),('development',4,'node',1),('development',12,'node',1),('development',92,'node',0.916736),('development',123,'node',1),('did',101,'node',1),('did',118,'node',1),('difference',14,'node',2),('difference',16,'node',2),('differences',99,'node',1),('different',80,'node',0.816452),('different',89,'node',2),('different',99,'node',1),('difficult',101,'node',0.976851),('dining',7,'node',1),('dinner',7,'node',13),('direction',18,'node',1),('directly',18,'node',1),('directly',41,'node',1),('directly',127,'node',1),('director',1,'node',4),('director',4,'node',2),('director',12,'node',2),('director',91,'node',1),('director',123,'node',2),('discipline',20,'node',0.892724),('disciplines',17,'node',15.1003),('disciplines',20,'node',3),('discount',9,'node',1),('discussed',99,'node',1),('disputes',18,'node',0.989021),('disqualifications',17,'node',0.949597),('distance',17,'node',1),('distance',20,'node',2.85439),('diving',17,'node',1),('division',17,'node',0.866793),('division',20,'node',1),('dnk',104,'node',1),('dnk',117,'node',3),('does',17,'node',2),('done',53,'node',1),('done',99,'node',1),('done',101,'node',1),('down',53,'node',1),('dragoon',80,'node',0.757065),('draw',14,'node',1),('drawing',14,'node',1),('drawing',16,'node',2),('drawing',18,'node',1),('drawn',17,'node',0.860547),('drawn',19,'node',1),('drawn',20,'node',1),('drink',25,'node',2),('drinking',7,'node',0.902857),('drinks',9,'node',1),('drop',90,'node',1),('drums',92,'node',0.923838),('drums',108,'node',1),('dry',100,'node',1),('dsc4496jpg',55,'node',11),('dsc4574jpg',55,'node',11),('dug',18,'node',1),('dummy',17,'node',3),('during',13,'node',1),('during',16,'node',1),('during',20,'node',1),('during',25,'node',3),('during',80,'node',1.99315),('during',92,'node',1),('each',4,'node',2),('each',12,'node',2),('each',14,'node',1),('each',16,'node',3),('each',17,'node',3.73395),('each',18,'node',5),('each',19,'node',1),('each',20,'node',1.8894),('each',25,'node',1),('each',90,'node',2),('each',92,'node',1),('each',93,'node',1),('each',99,'node',2),('each',104,'node',4),('each',123,'node',2),('eager',90,'node',1),('early',80,'node',1),('early',101,'node',4),('easy',93,'node',1),('echoes',13,'node',1),('edit',127,'node',7),('editorial',92,'node',1.94209),('editorial',101,'node',0.916736),('education',99,'node',2),('effort',101,'node',0.899454),('eftermiddag',11,'node',26),('eggs',7,'node',1),('eight',90,'node',1),('eight',99,'node',1),('elements',20,'node',3.84279),('embedded',39,'node',11),('embedded',40,'node',11),('embedded',42,'node',11),('embedded',96,'node',11),('embedded',97,'node',11),('embedded',98,'node',11),('embedded',102,'node',11),('embedded',103,'node',11),('embedded',110,'node',11),('embedded',111,'node',11),('embedded',112,'node',11),('embedded',118,'node',11),('empirestyle',80,'node',0.931053),('end',13,'node',0.993146),('end',17,'node',3),('end',130,'node',1),('ends',18,'node',1),('ends',24,'node',1),('endurance',101,'node',0.989021),('engelska',80,'node',1),('enjoy',13,'node',0.938382),('enjoy',80,'node',0.718502),('enjoyable',92,'node',1),('enjoyed',109,'node',1),('enough',101,'node',1),('enter',18,'node',0.896076),('enter',125,'node',1),('entire',130,'node',1),('environmentally',13,'node',1),('equal',17,'node',0.968904),('equal',19,'node',1),('etc',14,'node',1),('etc',17,'node',2),('etc',18,'node',0.851346),('etc',19,'node',2),('etc',20,'node',0.784336),('eva',1,'node',1),('even',92,'node',1),('even',100,'node',1),('event',4,'node',1),('event',12,'node',1),('event',14,'node',1),('event',17,'node',0.892724),('event',20,'node',1),('event',24,'node',1),('event',89,'node',26),('event',101,'node',1.88852),('event',109,'node',1),('event',123,'node',1),('event',129,'node',4),('events',1,'node',4),('events',4,'node',1),('events',12,'node',1),('events',25,'node',1),('events',80,'node',1.55508),('events',91,'node',1),('events',108,'node',1),('events',123,'node',1),('events',128,'node',1),('eventually',101,'node',1),('every',14,'node',1),('every',16,'node',1),('every',17,'node',0.839384),('every',18,'node',1),('every',20,'node',1.70409),('every',25,'node',1),('every',90,'node',1),('every',99,'node',1),('everybody',90,'node',1),('everybody',100,'node',1),('everyone',99,'node',1),('everyone',128,'node',1),('everything',53,'node',1),('everything',80,'node',0.794753),('exception',90,'node',1),('excited',101,'node',1),('execution',109,'node',1),('exhausting',93,'node',1),('expedition',104,'node',4),('expedition',128,'node',1),('expedition',129,'node',1),('experience',53,'node',1),('experience',80,'node',0.731649),('experienceswherever',13,'node',1),('explains',80,'node',0.957226),('explosiveness',101,'node',0.98493),('eye',92,'node',1),('fair',92,'node',2),('falken',89,'node',1),('falling',20,'node',0.842342),('false',17,'node',2.91068),('fame',128,'node',1),('family',9,'node',1),('fans',80,'node',0.819249),('far',29,'node',1),('fastest',13,'node',2),('fastest',17,'node',1),('fastest',101,'node',1),('favorite',101,'node',1),('federation',18,'node',1),('feed',120,'node',11),('feed',127,'node',8),('feel',13,'node',2),('feel',118,'node',1),('female',17,'node',3.60551),('female',20,'node',0.993146),('females',19,'node',1),('females',20,'node',1),('festival',80,'node',1.51537),('festivals',80,'node',0.854391),('few',80,'node',1),('few',100,'node',1),('field',92,'node',1),('fierce',108,'node',1),('fifa',14,'node',11),('fight',90,'node',1),('fight',92,'node',1),('fight',93,'node',1),('fight',101,'node',0.866793),('fiinland',101,'node',0.848323),('files',55,'node',1),('fillet',7,'node',1),('films',80,'node',0.845322),('fin',104,'node',1),('fin',113,'node',1),('fin',114,'node',1),('fin',115,'node',6),('fin',116,'node',17),('fin',117,'node',3),('fina',17,'node',9.94177),('final',17,'node',0.876337),('final',18,'node',0.972861),('final',21,'node',1),('final',92,'node',1),('final',109,'node',1),('final',129,'node',1),('finally',101,'node',0.920273),('find',13,'node',0.980874),('find',80,'node',0.72066),('find',109,'node',1),('fine',80,'node',0.833529),('fine',92,'node',1),('fingers',89,'node',1),('finish',7,'node',0.927431),('finish',100,'node',1),('finish',102,'node',37),('finishline',100,'node',1),('finland',32,'node',103),('finland',46,'node',1),('finland',48,'node',2.2),('finland',50,'node',2.2),('finland',53,'node',1),('finland',57,'node',2.2),('finland',61,'node',2.2),('finland',64,'node',2.2),('finland',69,'node',2.2),('finland',73,'node',2.2),('finland',80,'node',1),('finland',90,'node',1),('finland',91,'node',1),('finland',92,'node',7.53021),('finland',93,'node',3),('finland',101,'node',11.4596),('finland',104,'node',4),('finland',108,'node',1),('finland',113,'node',3),('finland',115,'node',1),('finland',116,'node',1),('finland',117,'node',4),('first',1,'node',4),('first',4,'node',1),('first',12,'node',1),('first',17,'node',2),('first',18,'node',1),('first',29,'node',1),('first',80,'node',1),('first',89,'node',1),('first',90,'node',1),('first',92,'node',3.28826),('first',93,'node',2),('first',101,'node',0.842342),('first',123,'node',1),('fish',7,'node',1),('fishermen',80,'node',1),('flag',17,'node',0.842342),('flag',18,'node',0.961087),('flags',91,'node',1),('flags',108,'node',1),('flavoured',7,'node',1),('flexibility',101,'node',1),('flickr',41,'node',11),('fluttering',91,'node',1),('focus',101,'node',0.993146),('follow',41,'node',1),('following',18,'node',1),('following',20,'node',4.84279),('follows',14,'node',1),('football',14,'node',71),('football',43,'node',28.2),('football',44,'node',28.2),('football',46,'node',1),('football',47,'node',28.2),('football',48,'node',28.2),('football',92,'node',29),('football',98,'node',37),('football',117,'node',26),('football',128,'node',1),('for',4,'node',4),('for',6,'node',1),('for',7,'node',2),('for',12,'node',4),('for',13,'node',2),('for',14,'node',4),('for',17,'node',18.7967),('for',18,'node',1),('for',19,'node',1),('for',20,'node',5.63746),('for',27,'node',27),('for',39,'node',11),('for',40,'node',11),('for',42,'node',11),('for',53,'node',2),('for',80,'node',4.35602),('for',89,'node',2),('for',90,'node',3),('for',91,'node',2),('for',92,'node',2),('for',96,'node',11),('for',97,'node',11),('for',98,'node',11),('for',99,'node',1),('for',101,'node',4.87229),('for',102,'node',11),('for',103,'node',11),('for',109,'node',3),('for',110,'node',11),('for',111,'node',11),('for',112,'node',11),('for',117,'node',1),('for',118,'node',11),('for',123,'node',4),('for',125,'node',1),('for',127,'node',9),('for',129,'node',1),('forbidden',25,'node',2),('forces',4,'node',2),('forces',12,'node',2),('forces',123,'node',2),('form',14,'node',1),('form',20,'node',1),('form',92,'node',1),('formed',99,'node',1),('forth',93,'node',1),('fotball',5,'node',26),('found',14,'node',1),('found',16,'node',1),('found',18,'node',0.879565),('found',109,'node',1),('foundation',4,'node',1),('foundation',12,'node',1),('foundation',123,'node',1),('four',19,'node',1),('four',20,'node',1),('four',99,'node',1),('fourth',92,'node',3.24366),('fourth',101,'node',0.830633),('fredag',10,'node',26),('fredag',11,'node',26),('free',17,'node',2.81092),('freestyle',17,'node',1),('friday',7,'node',4),('friday',9,'node',1),('friday',101,'node',4),('fried',7,'node',1.98493),('friendly',4,'node',1),('friendly',12,'node',1),('friendly',123,'node',1),('friendly',130,'node',1),('friends',4,'node',1),('friends',12,'node',1),('friends',25,'node',4),('friends',123,'node',2),('from',4,'node',2),('from',12,'node',2),('from',17,'node',1),('from',20,'node',1),('from',80,'node',2.60857),('from',90,'node',1),('from',91,'node',1),('from',92,'node',1),('from',93,'node',2),('from',99,'node',2),('from',101,'node',4),('from',104,'node',8),('from',113,'node',4),('from',123,'node',2),('from',127,'node',1),('from',128,'node',27),('front',91,'node',1),('fruits',7,'node',1),('full',13,'node',1),('fully',17,'node',1),('fun',9,'node',1),('fun',25,'node',4),('fun',90,'node',1),('fun',101,'node',0.876337),('functions',89,'node',2),('further',80,'node',1),('future',13,'node',0.942091),('future',92,'node',0.882818),('galleries',13,'node',1),('galleries',127,'node',7),('game',14,'node',1),('game',92,'node',8),('game',93,'node',1),('gametime',14,'node',1),('garlic',7,'node',1),('gather',9,'node',1),('gathered',101,'node',4),('general',18,'node',4),('general',19,'node',4),('general',20,'node',4),('general',25,'node',26),('general',89,'node',1),('generalinstructionspdf',55,'node',11),('get',4,'node',1),('get',12,'node',1),('get',17,'node',1.97286),('get',80,'node',0.882818),('get',101,'node',1),('get',123,'node',1),('gets',14,'node',2),('gets',17,'node',4.99315),('gets',53,'node',1),('getting',99,'node',1),('ghdf',10,'node',1),('girls',89,'node',1),('give',13,'node',1),('give',90,'node',1),('give',92,'node',4.9347),('given',9,'node',1),('given',14,'node',1),('given',17,'node',3.9496),('giving',9,'node',1),('gladan',89,'node',31),('glint',92,'node',1),('goal',14,'node',2),('goals',14,'node',1),('gold',90,'node',1),('gone',80,'node',0.771698),('good',4,'node',1),('good',12,'node',1),('good',53,'node',1),('good',80,'node',0.705825),('good',99,'node',1),('good',101,'node',1.88798),('good',109,'node',1),('good',123,'node',1),('gosselmansgatan',7,'node',1),('grand',91,'node',26),('grass',19,'node',1),('grass',92,'node',1),('grated',7,'node',1),('gratin',7,'node',1),('gravel',19,'node',1),('gravy',7,'node',1),('great',4,'node',1),('great',12,'node',1),('great',13,'node',1),('great',92,'node',4),('great',93,'node',1),('great',100,'node',1),('great',123,'node',1),('green',7,'node',1),('green',92,'node',1),('greeted',91,'node',1),('grenade',20,'node',6.9689),('grenades',20,'node',0.980874),('grew',80,'node',0.980874),('ground',18,'node',4),('ground',20,'node',0.938382),('ground',80,'node',1),('group',89,'node',4),('groups',99,'node',3),('growing',13,'node',2),('grown',13,'node',1),('gsdf',5,'node',2),('gsdf',8,'node',1),('guest',13,'node',0.976851),('guns',20,'node',0.866793),('had',89,'node',1),('had',92,'node',1),('had',93,'node',2),('had',99,'node',1),('had',108,'node',1),('håkansson',1,'node',1),('halftimbered',80,'node',0.942091),('halftime',14,'node',1),('ham',7,'node',1),('hamngatan',6,'node',1),('hand',20,'node',6),('handball',80,'node',0.792123),('handbook',17,'node',0.833529),('handgranates',110,'node',37),('handicap',17,'node',2.71609),('hanseatic',80,'node',1),('harbour',13,'node',0.972861),('harbour',24,'node',1),('harbour',80,'node',1),('harbour',91,'node',1),('hard',7,'node',1),('hard',9,'node',1),('hard',92,'node',1),('hard',100,'node',1),('has',14,'node',3),('has',17,'node',2.96498),('has',18,'node',2),('has',53,'node',2),('has',80,'node',3),('has',90,'node',3),('has',92,'node',5),('has',101,'node',0.869951),('have',4,'node',2),('have',9,'node',1),('have',12,'node',2),('have',13,'node',1),('have',20,'node',0.934703),('have',25,'node',4),('have',53,'node',1),('have',80,'node',3.5385),('have',89,'node',1),('have',90,'node',1),('have',92,'node',2.85144),('have',93,'node',1),('have',123,'node',2),('hdf',10,'node',1),('heat',17,'node',1.83645),('heat',20,'node',1),('heat',93,'node',1),('heats',20,'node',1),('height',16,'node',1),('hejsan',42,'node',1),('held',4,'node',1),('held',12,'node',1),('held',19,'node',1),('held',80,'node',1),('held',99,'node',1),('held',123,'node',1),('henrik',1,'node',1),('henrik',53,'node',1),('herb',7,'node',1),('here',90,'node',1),('herring',80,'node',1),('high',92,'node',5.98087),('highest',16,'node',1),('highest',17,'node',0.993146),('highest',18,'node',0.876337),('hiorten',80,'node',2),('hiss',42,'node',37),('historic',13,'node',1),('history',13,'node',1.9534),('history',30,'node',26),('history',80,'node',1.75946),('hit',20,'node',0.96498),('hits',20,'node',0.961087),('hms',89,'node',28),('hold',80,'node',1),('home',13,'node',1),('home',80,'node',0.769219),('home',101,'node',2),('honor',13,'node',1),('honour',4,'node',1),('honour',12,'node',1),('honour',123,'node',1),('honoured',80,'node',1),('hope',4,'node',1),('hope',12,'node',1),('hope',80,'node',0.725015),('hope',89,'node',1),('hope',123,'node',1),('hopefully',89,'node',1),('hoping',90,'node',1),('host',13,'node',1),('host',14,'node',2),('host',20,'node',2.88282),('host',101,'node',1),('hot',92,'node',4),('hot',93,'node',1),('hot',109,'node',1),('hotel',6,'node',1),('hours',9,'node',4),('hours',127,'node',1),('house',7,'node',0.993146),('houses',80,'node',1.86222),('how',13,'node',1),('how',101,'node',1),('how',108,'node',1),('how',118,'node',1),('however',92,'node',0.945829),('however',101,'node',1),('https',100,'node',11),('huge',101,'node',0.882818),('humans',4,'node',1),('humans',12,'node',1),('hundred',80,'node',2),('idea',4,'node',1),('idea',12,'node',1),('idea',123,'node',1),('ideal',80,'node',0.742984),('important',4,'node',1),('important',12,'node',1),('important',90,'node',1),('important',99,'node',1),('important',123,'node',1),('impressed',101,'node',1),('improve',99,'node',1),('indents',18,'node',1),('indian',7,'node',1),('individual',17,'node',0.886095),('individual',19,'node',1),('individual',113,'node',4),('individual',127,'node',1),('infantry',80,'node',0.752312),('info',1,'node',8),('informal',4,'node',1),('informal',12,'node',1),('informal',123,'node',1),('information',1,'node',26),('information',25,'node',4),('information',89,'node',1),('information',99,'node',1),('informing',89,'node',1),('inhabitants',13,'node',1),('injured',18,'node',0.889397),('injuries',100,'node',1),('innovations',13,'node',1),('insta',127,'node',1),('instaaccount',127,'node',1),('instagram',120,'node',11),('instagram',127,'node',8),('instructions',25,'node',26),('intense',108,'node',1),('international',14,'node',1),('international',16,'node',12),('international',18,'node',13),('international',19,'node',1),('international',92,'node',1),('into',80,'node',0.824901),('island',13,'node',1),('issued',9,'node',1),('its',13,'node',1),('its',25,'node',1),('its',80,'node',2.82945),('its',90,'node',2),('itself',13,'node',1),('jam',7,'node',1),('jazz',80,'node',0.781775),('jenvald',1,'node',1),('jenvald',4,'node',1),('jenvald',12,'node',1),('jenvald',91,'node',1),('jetty',80,'node',1),('johan',1,'node',1),('johan',13,'node',0.927431),('johnny',1,'node',1),('joint',26,'node',1),('jönsson',80,'node',0.695602),('jönsson',91,'node',1),('jönsson',123,'node',1),('jpjpg',55,'node',11),('jury',17,'node',0.934703),('just',80,'node',1.5385),('just',92,'node',1),('just',93,'node',1),('kaj',80,'node',0.697623),('kaj',91,'node',1),('kalmar',13,'node',32.8551),('kalmar',123,'node',1),('kalmar',125,'node',1),('kalmar',130,'node',1),('karlshamn',53,'node',1),('karlskrona',89,'node',1),('keen',90,'node',1),('kept',92,'node',0.98493),('ketchup',7,'node',1),('kilometres',80,'node',0.714225),('kind',4,'node',1),('kind',12,'node',1),('kind',18,'node',1),('kind',123,'node',1),('kkguest',125,'node',1),('know',4,'node',1),('know',12,'node',1),('know',90,'node',1),('know',99,'node',1),('know',123,'node',1),('known',80,'node',0.863659),('kotka',92,'node',1),('kungsgatan',125,'node',1),('kvarnholmen',13,'node',1),('landgren',1,'node',1),('lanes',17,'node',1.70898),('lanes',20,'node',1),('lap',20,'node',2.78884),('laps',19,'node',1),('large',80,'node',0.934703),('large',127,'node',7),('lars',1,'node',1),('lasagne',7,'node',0.953396),('last',4,'node',1),('last',12,'node',1),('last',13,'node',1),('last',17,'node',1),('last',80,'node',1),('last',90,'node',2),('last',92,'node',2),('last',101,'node',2.99315),('last',123,'node',1),('last',130,'node',1),('later',90,'node',0.98493),('lay',4,'node',1),('lay',12,'node',1),('lay',123,'node',1),('league',80,'node',1),('learn',4,'node',1),('learn',12,'node',1),('learn',123,'node',1),('least',17,'node',1),('least',101,'node',1.99315),('lemon',7,'node',1),('length',20,'node',1),('length',90,'node',1),('less',18,'node',1),('less',53,'node',1),('less',90,'node',1),('let',4,'node',1),('let',12,'node',1),('let',123,'node',1),('level',92,'node',5.98087),('liaison',1,'node',4),('lieutenant',53,'node',1),('lifesaving',17,'node',22.6498),('lifesaving',101,'node',5.39329),('lifesaving',113,'node',2),('lifevests',20,'node',1),('lighter',90,'node',1),('limited',14,'node',1),('limited',17,'node',0.906287),('lindquist',1,'node',1),('line',18,'node',2),('line',20,'node',0.899454),('line',118,'node',1),('lines',18,'node',1),('linge',1,'node',1),('lingonberries',7,'node',0.972861),('linnaeus',13,'node',1),('linseeds',7,'node',1),('live',9,'node',1),('liver',7,'node',1),('living',1,'node',4),('lögkdöfl',10,'node',1),('long',18,'node',1),('long',80,'node',1),('looking',13,'node',0.949597),('lost',14,'node',1),('lost',20,'node',1),('lost',108,'node',1),('lot',18,'node',1),('lot',89,'node',1),('lot',100,'node',1),('lots',14,'node',1),('lots',16,'node',2),('lots',18,'node',1),('lovely',13,'node',1),('lowest',19,'node',1),('lowest',20,'node',0.810915),('luck',80,'node',0.703756),('lunch',7,'node',16.8015),('lysekil',4,'node',1),('lysekil',12,'node',1),('lysekil',123,'node',1),('made',100,'node',1),('magnus',123,'node',1),('mail',80,'node',1),('main',4,'node',1),('main',12,'node',1),('main',13,'node',0.989021),('main',80,'node',1),('main',123,'node',1),('make',4,'node',1),('make',12,'node',1),('make',25,'node',4),('make',90,'node',1),('make',99,'node',1),('make',101,'node',4),('make',123,'node',1),('make',127,'node',1),('make',128,'node',1),('make',130,'node',1),('makes',17,'node',0.957226),('makes',25,'node',1),('makes',80,'node',0.745294),('makes',92,'node',1),('making',13,'node',1),('male',20,'node',0.997306),('males',19,'node',1),('malmgren',1,'node',1),('managed',92,'node',0.953396),('manager',53,'node',2),('mandatory',20,'node',1),('mango',7,'node',1),('many',13,'node',1.99731),('many',80,'node',0.860547),('many',92,'node',0.906287),('many',127,'node',7),('map',122,'node',26),('map2png',55,'node',11),('marched',91,'node',1),('maria',26,'node',1),('marina',80,'node',1),('maritime',80,'node',1),('mark',18,'node',0.953396),('mark',127,'node',1),('marked',17,'node',0.845322),('marker',18,'node',2),('marking',18,'node',1),('martin',1,'node',1),('mascots',108,'node',1),('mass',19,'node',1),('mass',100,'node',1),('match',14,'node',3),('match',16,'node',2),('match',18,'node',1.86366),('match',93,'node',1),('match',115,'node',4),('match',116,'node',1),('match',117,'node',1),('match',130,'node',1),('matches',14,'node',1),('matches',16,'node',2),('matches',18,'node',1),('matches',92,'node',2),('matches',93,'node',1),('max',92,'node',0.876337),('max',101,'node',0.857458),('maximum',14,'node',1),('may',18,'node',1.89945),('may',19,'node',1),('mayor',13,'node',0.920273),('mayor',80,'node',0.693594),('mayor',91,'node',1),('meal',7,'node',0.920273),('meals',7,'node',0.942091),('meat',7,'node',2),('medieval',80,'node',1.94209),('mediterranean',7,'node',1),('meet',4,'node',1),('meet',12,'node',1),('meet',123,'node',1),('meeting',4,'node',29),('meeting',12,'node',29),('meeting',13,'node',2),('meeting',16,'node',1),('meeting',17,'node',0.851346),('meeting',18,'node',1),('meeting',19,'node',1),('meeting',20,'node',1),('meeting',80,'node',1),('meeting',91,'node',1),('meeting',123,'node',3),('meetings',53,'node',1),('meetings',91,'node',1),('members',9,'node',1),('members',20,'node',1),('menu',7,'node',4),('merchants',80,'node',0.96498),('messgames',9,'node',1),('messing',1,'node',4),('meters',18,'node',2),('method',99,'node',1),('metres',20,'node',1.84832),('metres',80,'node',2),('michaela',1,'node',1),('middle',18,'node',1),('might',89,'node',1),('military',18,'node',1),('military',80,'node',1.50029),('military',89,'node',1),('military',99,'node',1),('milk',7,'node',1.92743),('million',80,'node',0.899454),('min',14,'node',3),('min',19,'node',1),('mince',7,'node',1),('minimum',19,'node',1),('minutes',92,'node',4),('minutesseconds',104,'node',4),('missed',20,'node',0.827757),('mix',19,'node',1),('mix',80,'node',0.949597),('mixed',7,'node',1),('mixed',99,'node',1),('mixed',113,'node',1),('mjjpg',55,'node',11),('modern',13,'node',1),('moment',93,'node',1),('mood',109,'node',1),('mops',90,'node',1),('more',9,'node',1),('more',14,'node',1),('more',17,'node',0.802752),('more',53,'node',1),('more',92,'node',3.8208),('more',127,'node',7),('morning',101,'node',4),('mornings',25,'node',1),('most',14,'node',2),('most',16,'node',1),('most',90,'node',1),('most',108,'node',1),('municipality',125,'node',1),('muscle',93,'node',1),('music',9,'node',1),('music',80,'node',0.738408),('music',100,'node',1),('music',108,'node',1),('must',17,'node',0.808176),('must',18,'node',0.938382),('must',19,'node',1),('must',20,'node',2.79096),('mustering',25,'node',5),('mutual',14,'node',1),('mutual',16,'node',1),('mutual',18,'node',0.866793),('mvb',11,'node',1),('name',129,'node',4),('names',104,'node',4),('names',128,'node',1),('napoleonic',80,'node',0.993146),('nation',14,'node',3),('nation',16,'node',1),('nation',17,'node',7.93515),('nation',18,'node',0.863659),('nation',19,'node',3),('nation',20,'node',4.6732),('nation',25,'node',1),('nation',92,'node',2.95723),('nation',99,'node',1),('national',14,'node',2),('national',18,'node',0.931053),('national',19,'node',1),('national',20,'node',2),('nations',4,'node',3),('nations',12,'node',3),('nations',17,'node',2.8152),('nations',18,'node',0.96498),('nations',20,'node',0.882818),('nations',92,'node',1),('nations',99,'node',1),('nations',123,'node',3),('naval',1,'node',4),('naval',4,'node',2),('naval',6,'node',27),('naval',12,'node',2),('naval',17,'node',22.9734),('naval',20,'node',62.0338),('naval',46,'node',1),('naval',53,'node',1),('naval',60,'node',28.2),('naval',61,'node',28.2),('naval',62,'node',28.2),('naval',63,'node',28.2),('naval',80,'node',1),('naval',89,'node',1),('naval',91,'node',1),('naval',92,'node',1),('naval',93,'node',1),('naval',99,'node',1),('naval',109,'node',26),('naval',114,'node',26),('naval',123,'node',2),('navigation',89,'node',4),('ncc',109,'node',2),('ncc',110,'node',37),('ncc',111,'node',37),('ncc',112,'node',37),('near',80,'node',1),('nearest',18,'node',1),('necessary',16,'node',1),('needs',90,'node',1),('neighbour',4,'node',1),('neighbour',12,'node',1),('neighbouring',123,'node',1),('net',16,'node',1),('new',4,'node',2),('new',12,'node',2),('new',17,'node',0.953396),('new',25,'node',4),('new',90,'node',1),('new',99,'node',1),('new',123,'node',1),('next',89,'node',1),('night',92,'node',0.989021),('nilsson',1,'node',1),('nmvb',11,'node',1),('noca',1,'node',12),('noca',4,'node',2),('noca',9,'node',19),('noca',12,'node',2),('noca',24,'node',1),('noca',25,'node',1),('noca',27,'node',26),('noca',41,'node',12),('noca',53,'node',29),('noca',80,'node',1),('noca',91,'node',27),('noca',92,'node',28.9931),('noca',93,'node',37),('noca',96,'node',37),('noca',97,'node',37),('noca',99,'node',12),('noca',101,'node',0.923838),('noca',108,'node',27),('noca',123,'node',28),('noca',128,'node',1),('noca',129,'node',1),('noca',130,'node',27),('noca2015',93,'node',11),('noca2015',99,'node',11),('noca2019',104,'node',4),('noca2019',127,'node',14),('noca2019',128,'node',15),('noca2019',129,'node',11),('noca2019',130,'node',11),('nocaseminarpdf',21,'node',11),('nocatent',9,'node',29),('nocatent',101,'node',0.957226),('nor',104,'node',4),('nor',114,'node',3),('nor',115,'node',9),('nor',116,'node',36),('nor',117,'node',12),('nordic',4,'node',29),('nordic',12,'node',29),('nordic',13,'node',1),('nordic',17,'node',1.83645),('nordic',20,'node',0.822065),('nordic',21,'node',11),('nordic',25,'node',4),('nordic',26,'node',1),('nordic',80,'node',1),('nordic',91,'node',1),('nordic',101,'node',26),('nordic',123,'node',3),('norreportskolan',7,'node',2.89272),('norreportskolan',25,'node',3),('norreportsskolan',99,'node',37),('norway',33,'node',103),('norway',46,'node',1),('norway',47,'node',2.2),('norway',49,'node',2.2),('norway',53,'node',1),('norway',58,'node',2.2),('norway',60,'node',2.2),('norway',66,'node',2.2),('norway',70,'node',2.2),('norway',74,'node',2.2),('norway',80,'node',1),('norway',90,'node',1),('norway',91,'node',1),('norway',92,'node',8.69347),('norway',93,'node',2),('norway',101,'node',8.64982),('norway',104,'node',4),('norway',108,'node',1),('norway',113,'node',3),('norway',115,'node',1),('norway',116,'node',1),('norway',117,'node',4),('norway',130,'node',5),('norwegian',97,'node',37),('norwegians',90,'node',2),('norwegians',92,'node',1),('norweigians',108,'node',2),('not',4,'node',1),('not',7,'node',0.892724),('not',12,'node',1),('not',14,'node',1),('not',17,'node',2.90629),('not',18,'node',1),('not',19,'node',1),('not',25,'node',1),('not',53,'node',1),('not',90,'node',1),('not',92,'node',1),('not',101,'node',2.99315),('not',123,'node',1),('note',7,'node',0.909743),('noted',17,'node',0.902857),('novels',80,'node',0.848323),('now',53,'node',1),('now',80,'node',1),('now',129,'node',1),('nowadays',80,'node',0.866793),('number',14,'node',2),('number',16,'node',1),('number',17,'node',0.913226),('number',18,'node',0.873132),('numbers',92,'node',0.902857),('nurse',1,'node',1),('oatmeal',7,'node',1),('obstacle',20,'node',5),('obstacle',109,'node',1),('obstacles',20,'node',3),('obviously',92,'node',1),('occurs',92,'node',1),('off',7,'node',0.916736),('off',101,'node',1),('off',108,'node',1),('offering',13,'node',1),('offical',129,'node',1),('office',92,'node',0.942091),('officer',1,'node',12),('officer',89,'node',4),('officer',99,'node',1),('officerna',101,'node',1),('officers',9,'node',1),('officers',16,'node',1),('officers',17,'node',1.66806),('officers',18,'node',1),('officers',19,'node',1),('officers',20,'node',1),('officers',99,'node',1),('officers',100,'node',1),('officers',101,'node',1),('official',24,'node',1),('official',130,'node',1),('officially',14,'node',1),('okmark',1,'node',1),('old',13,'node',1),('old',17,'node',0.78951),('old',101,'node',6.38129),('onboard',89,'node',2),('once',130,'node',1),('one',13,'node',1),('one',14,'node',2),('one',19,'node',1),('one',20,'node',3),('one',29,'node',26),('one',90,'node',26),('one',108,'node',2),('onion',7,'node',0.98493),('only',4,'node',1),('only',12,'node',1),('only',17,'node',0.942091),('only',18,'node',0.899454),('only',19,'node',1),('only',29,'node',1),('only',53,'node',1),('only',108,'node',1),('only',123,'node',1),('open',125,'node',1),('opened',91,'node',1),('opened',93,'node',1),('opened',101,'node',1),('opening',9,'node',4),('opening',24,'node',27),('opening',91,'node',26),('operational',127,'node',7),('opportunity',4,'node',1),('opportunity',9,'node',1),('opportunity',12,'node',1),('opportunity',123,'node',1),('optional',20,'node',0.833529),('order',14,'node',1),('order',16,'node',2),('order',17,'node',15.2013),('order',18,'node',2),('order',20,'node',1),('orders',18,'node',1),('original',80,'node',1),('other',4,'node',2),('other',12,'node',2),('other',14,'node',1),('other',16,'node',2),('other',18,'node',1),('other',25,'node',1),('other',92,'node',1),('other',99,'node',1),('other',100,'node',1),('other',123,'node',2),('other',125,'node',1),('others',93,'node',1),('otherwise',14,'node',1),('our',4,'node',2),('our',12,'node',2),('our',13,'node',1.91062),('our',80,'node',2.54989),('our',89,'node',1),('our',92,'node',4),('our',101,'node',1),('our',123,'node',3),('our',130,'node',1),('out',18,'node',1),('out',89,'node',1),('out',93,'node',3),('out',100,'node',1),('outcome',92,'node',1),('outer',18,'node',1),('outside',25,'node',1),('ovenroasted',7,'node',1),('over',4,'node',1),('over',12,'node',1),('over',20,'node',0.942091),('over',80,'node',0.906287),('over',93,'node',2),('over',123,'node',1),('overall',101,'node',4.30872),('overseas',80,'node',1),('own',7,'node',1.98902),('own',13,'node',1),('own',25,'node',1),('own',80,'node',1),('own',90,'node',1),('own',127,'node',1),('oxskins',80,'node',1),('paddel',109,'node',1),('paddling',20,'node',6),('page',29,'node',27),('page',127,'node',27),('parallel',18,'node',1),('parks',13,'node',1),('part',17,'node',1),('participant',17,'node',1.81367),('participants',13,'node',1),('participants',17,'node',0.810915),('participants',91,'node',1),('participants',101,'node',1),('participate',19,'node',1),('participated',92,'node',1),('participates',17,'node',1),('participating',4,'node',1),('participating',12,'node',1),('participating',93,'node',1),('participating',101,'node',1),('participating',123,'node',1),('parts',80,'node',0.813674),('parts',91,'node',1),('pass',9,'node',1),('pass',20,'node',0.902857),('passenger',80,'node',0.916736),('past',53,'node',1),('pasta',7,'node',1),('pâté',7,'node',1),('peace',99,'node',1),('peas',7,'node',1),('penalties',20,'node',2.79172),('penalty',17,'node',3.9496),('penalty',20,'node',2.78884),('penguins',100,'node',1),('pentathlon',17,'node',21.9734),('pentathlon',20,'node',0.819249),('people',18,'node',0.920273),('per',1,'node',1),('per',4,'node',1),('per',12,'node',1),('per',14,'node',1),('per',20,'node',2),('per',90,'node',1),('per',91,'node',1),('perfect',123,'node',1),('performed',17,'node',1),('period',80,'node',1.98902),('personal',4,'node',1),('personal',12,'node',1),('personal',17,'node',1),('personal',123,'node',1),('personnel',6,'node',27),('persons',13,'node',1),('persson',13,'node',0.923838),('photos',41,'node',26),('photos',119,'node',26),('photos',120,'node',26),('photos',127,'node',26),('photos',128,'node',1),('photostream',41,'node',1),('pick',18,'node',1),('pickled',7,'node',1),('pics',127,'node',3),('picture',89,'node',1),('pictures',127,'node',8),('pictures',128,'node',1),('pieces',7,'node',1),('pieces',53,'node',1),('place',9,'node',1),('place',13,'node',1),('place',16,'node',1),('place',24,'node',1),('place',26,'node',1),('place',90,'node',1),('place',92,'node',13.0081),('place',93,'node',2),('place',101,'node',3.3313),('placing',14,'node',4),('placing',17,'node',8),('placing',18,'node',3.54438),('placing',19,'node',4),('placing',20,'node',3.2547),('planned',53,'node',1),('planning',53,'node',26),('play',14,'node',1),('play',16,'node',2),('play',18,'node',1),('play',92,'node',1),('played',9,'node',1),('played',14,'node',1),('played',16,'node',1),('players',14,'node',1),('players',92,'node',1),('please',7,'node',0.913226),('pleased',80,'node',1),('pleasure',13,'node',1),('point',4,'node',1),('point',12,'node',1),('point',16,'node',1),('point',91,'node',1),('point',117,'node',16),('point',123,'node',1),('points',14,'node',8),('points',16,'node',4),('points',17,'node',4),('points',18,'node',2.57875),('points',19,'node',2),('points',20,'node',1.57909),('points',43,'node',1),('points',44,'node',1),('points',45,'node',1),('points',47,'node',1),('points',48,'node',1),('points',49,'node',1),('points',50,'node',1),('points',51,'node',1),('points',56,'node',1),('points',57,'node',1),('points',58,'node',1),('points',59,'node',1),('points',60,'node',1),('points',61,'node',1),('points',62,'node',1),('points',63,'node',1),('points',64,'node',1),('points',65,'node',1),('points',66,'node',1),('points',67,'node',1),('points',68,'node',1),('points',69,'node',1),('points',70,'node',1),('points',71,'node',1),('points',72,'node',1),('points',73,'node',1),('points',74,'node',1),('points',75,'node',1),('points',99,'node',1),('points',113,'node',4),('points',114,'node',4),('points',115,'node',4),('points',116,'node',4),('points',117,'node',1),('policies',21,'node',11),('pomerania',80,'node',1),('pompoms',108,'node',1),('pool',17,'node',2),('popular',80,'node',1),('populated',80,'node',1),('porridge',7,'node',1),('port',80,'node',0.913226),('position',20,'node',0.839384),('position',101,'node',1),('post',127,'node',1),('posted',128,'node',1),('posted',129,'node',1),('potato',7,'node',1),('potatoes',7,'node',2.98087),('potential',92,'node',0.913226),('practice',108,'node',1),('practiced',92,'node',0.997306),('preparation',90,'node',1),('prepare',92,'node',1),('prerequisites',4,'node',1),('prerequisites',12,'node',1),('prerequisites',123,'node',1),('presence',13,'node',0.953396),('presentation',99,'node',2),('prestigeful',108,'node',1),('prestigious',101,'node',1),('price',9,'node',1),('prices',9,'node',2),('prior',18,'node',1),('prior',19,'node',1),('prior',90,'node',1),('prize',9,'node',1),('probably',109,'node',1),('processed',7,'node',1),('professional',4,'node',1),('professional',12,'node',1),('professional',123,'node',1),('professionals',4,'node',1),('professionals',12,'node',1),('professionals',123,'node',1),('program',25,'node',1),('programnoca',55,'node',11),('project',1,'node',4),('project',53,'node',2),('properly',108,'node',1),('protocol',1,'node',4),('proud',13,'node',0.961087),('proud',80,'node',1),('proudly',80,'node',0.802752),('proved',99,'node',1),('proved',101,'node',1),('provided',20,'node',1),('provides',125,'node',1),('public',13,'node',1),('public',128,'node',1),('public',129,'node',4),('published',127,'node',1),('pubs',13,'node',1),('pull',18,'node',6.99731),('pulled',20,'node',0.949597),('pulled',93,'node',1),('pulling',18,'node',3.74861),('pulling',20,'node',5.78613),('pulls',18,'node',2),('purpose',4,'node',1),('purpose',12,'node',1),('purpose',123,'node',1),('puts',127,'node',1),('queries',18,'node',0.993146),('questions',89,'node',1),('quick',101,'node',1),('race',17,'node',0.792123),('race',20,'node',1),('race',130,'node',1),('race15',17,'node',0.869951),('rainwear',25,'node',1),('raisins',7,'node',1),('ramner',1,'node',1),('ramner',53,'node',2),('range',13,'node',1),('ranging',16,'node',1),('ranging',18,'node',0.882818),('ratatouille',7,'node',1),('raw',7,'node',0.976851),('read',117,'node',1),('ready',27,'node',27),('really',109,'node',1),('reasonable',9,'node',1),('receive',16,'node',2),('receive',19,'node',1),('receive',20,'node',1),('receives',18,'node',1.71189),('receives',19,'node',2),('receives',20,'node',1.58698),('recruiting',14,'node',1),('recruting',89,'node',1),('recrutment',89,'node',26),('reef',80,'node',1),('referee',14,'node',1),('referees',14,'node',1),('referees',92,'node',1),('reference',17,'node',4.34579),('reference',19,'node',4),('reference',20,'node',3.2996),('reference',43,'node',2),('reference',44,'node',2),('reference',45,'node',2),('reference',47,'node',2),('reference',48,'node',2),('reference',49,'node',2),('reference',50,'node',2),('reference',51,'node',2),('reference',56,'node',2),('reference',57,'node',2),('reference',58,'node',2),('reference',59,'node',2),('reference',60,'node',2),('reference',61,'node',2),('reference',62,'node',2),('reference',63,'node',2),('reference',64,'node',2),('reference',65,'node',2),('reference',66,'node',2),('reference',67,'node',2),('reference',68,'node',2),('reference',69,'node',2),('reference',70,'node',2),('reference',71,'node',2),('reference',72,'node',2),('reference',73,'node',2),('reference',74,'node',2),('reference',75,'node',2),('refreshing',109,'node',1),('regiments',80,'node',0.747619),('region',13,'node',1),('regional',13,'node',1),('regionpdf',21,'node',11),('regular',80,'node',1),('regulations',17,'node',12.8282),('regulations',18,'node',4),('regulations',19,'node',9),('regulations',20,'node',8.10751),('related',99,'node',1),('relations',4,'node',2),('relations',12,'node',2),('relations',123,'node',2),('relay',17,'node',38.8806),('relay',101,'node',11.7557),('relay',113,'node',4),('release',27,'node',27),('releasing',20,'node',1),('represent',127,'node',7),('resolutions',14,'node',4),('resolutions',16,'node',4),('resoults',109,'node',1),('respective',99,'node',1),('responsible',14,'node',1),('responsibly',25,'node',1),('rest',93,'node',1),('rest',108,'node',1),('restaurants',13,'node',1),('result',31,'node',1),('result',32,'node',1),('result',33,'node',1),('result',34,'node',1),('result',101,'node',3.38129),('resulted',101,'node',0.931053),('results',17,'node',0.873132),('results',21,'node',1),('results',46,'node',26),('results',89,'node',1),('results',90,'node',0.993146),('results',92,'node',3.46717),('results',100,'node',1),('results',101,'node',3.40538),('results',104,'node',26),('results',113,'node',26),('results',114,'node',26),('results',115,'node',30),('results',116,'node',27),('results',117,'node',27),('results',128,'node',27),('results',129,'node',27),('reveal',90,'node',1),('revenge',90,'node',1),('revenge',101,'node',1),('rice',7,'node',1),('rich',80,'node',0.976851),('rifle',20,'node',1),('rifles',20,'node',0.879565),('right',109,'node',1),('ring',20,'node',1.9689),('rissole',7,'node',0.989021),('riviera',80,'node',0.727213),('roasted',7,'node',2),('role',90,'node',1),('romanesco',7,'node',1),('rope',18,'node',4),('rope',20,'node',8.57709),('rope',93,'node',2),('round',93,'node',1),('rounds',108,'node',1),('route',80,'node',1),('royal',91,'node',1),('rubber',109,'node',1),('rules',14,'node',16),('rules',16,'node',16),('rules',17,'node',18.2423),('rules',18,'node',11),('rules',109,'node',1),('rules',117,'node',1),('run',19,'node',70),('run',46,'node',1),('run',56,'node',28.2),('run',57,'node',28.2),('run',58,'node',28.2),('run',59,'node',28.2),('run',80,'node',0.827757),('run',100,'node',26),('run',102,'node',37),('run',118,'node',37),('runners',100,'node',1),('runners',109,'node',1),('running',16,'node',1),('running',19,'node',1),('running',20,'node',1),('running',80,'node',1),('running',100,'node',1),('running',109,'node',1),('runs',53,'node',26),('russian',21,'node',11),('sailed',80,'node',1),('sailing',1,'node',4),('sailing',46,'node',1),('sailing',64,'node',28.2),('sailing',65,'node',28.2),('sailing',66,'node',28.2),('sailing',67,'node',28.2),('sailing',90,'node',29),('sailing',96,'node',37),('sailor',89,'node',1),('sailors',90,'node',1),('salami',7,'node',1),('salmon',7,'node',1),('salt',80,'node',1),('same',4,'node',1),('same',12,'node',1),('same',14,'node',2),('same',17,'node',2.92246),('sandskogen',80,'node',1),('sandskogen',92,'node',4),('sandskogens',93,'node',1),('sandy',80,'node',0.71),('sankta',26,'node',1),('satisfactory',89,'node',1),('saturday',7,'node',4),('sauce',7,'node',2.97685),('says',53,'node',1),('schedule',89,'node',1),('school',19,'node',1),('school',125,'node',27),('schools',17,'node',0.816452),('score',16,'node',1),('score',17,'node',1.96188),('score',108,'node',1),('score',113,'node',4),('scored',14,'node',1),('sdf',8,'node',1),('sea',13,'node',1),('sea',80,'node',1),('seamanship',89,'node',1),('search',127,'node',1),('seaweek',17,'node',1.83645),('second',14,'node',1),('second',17,'node',2.96109),('second',18,'node',0.857458),('second',19,'node',2),('second',20,'node',0.792123),('second',92,'node',3.26581),('second',93,'node',1),('second',101,'node',0.836446),('seconds',17,'node',4.86282),('see',80,'node',0.879565),('see',89,'node',2),('see',101,'node',1.87313),('seeding',17,'node',1),('seeds',7,'node',1),('seemed',93,'node',1),('seems',127,'node',1),('sees',90,'node',1),('selected',93,'node',1),('seminar',21,'node',26),('seminar',99,'node',38),('seminars',4,'node',1),('seminars',12,'node',1),('seminars',123,'node',1),('separated',20,'node',1),('served',7,'node',8.86923),('service',25,'node',1),('service',26,'node',28),('serving',80,'node',0.909743),('session',108,'node',1),('set',16,'node',1),('set',108,'node',1),('sets',16,'node',3),('settled',18,'node',0.98493),('settled',108,'node',1),('several',80,'node',1),('several',90,'node',1),('shackle',20,'node',2),('shackles',20,'node',1),('shall',18,'node',2),('shall',19,'node',1),('shall',20,'node',1.87313),('shall',127,'node',1),('sharing',99,'node',1),('she',17,'node',2),('shell',16,'node',1),('ship',89,'node',1),('ship',90,'node',1),('ships',1,'node',4),('shirt',25,'node',2),('shirt',101,'node',1),('shirt',118,'node',1),('shooting',20,'node',6.31641),('shoots',20,'node',0.889397),('shops',13,'node',1),('shore',80,'node',1),('shoreline',80,'node',1),('short',100,'node',1),('short',127,'node',2),('should',18,'node',0.957226),('should',20,'node',0.913226),('should',92,'node',0.899454),('should',101,'node',1),('show',93,'node',1),('show',101,'node',1),('show',108,'node',1),('showing',89,'node',4),('showing',130,'node',1),('shown',104,'node',4),('shrewd',80,'node',0.968904),('side',80,'node',0.808176),('side',92,'node',1),('similar',20,'node',1.83938),('similarities',99,'node',1),('single',20,'node',1),('situated',13,'node',1),('six',20,'node',0.98493),('six',93,'node',1),('sjöstridsskolan',41,'node',11),('skyrocketed',93,'node',1),('sleeping',25,'node',1),('slt',1,'node',1),('small',80,'node',0.945829),('small',89,'node',4),('small',90,'node',1),('smoothly',53,'node',26),('soccer',14,'node',1),('social',4,'node',1),('social',12,'node',1),('social',91,'node',1),('social',123,'node',1),('soft',7,'node',1),('soft',80,'node',1),('solved',19,'node',1),('some',53,'node',1),('some',80,'node',0.836446),('some',89,'node',1),('some',93,'node',1),('some',100,'node',1),('some',101,'node',0.972861),('someone',93,'node',1),('soon',89,'node',1),('soon',100,'node',1),('sounded',93,'node',1),('sour',7,'node',1),('southeast',13,'node',1),('special',9,'node',1),('spikes',18,'node',1),('spirit',101,'node',0.934703),('splendid',99,'node',1),('split',99,'node',1),('sport',25,'node',1),('sport',80,'node',0.842342),('sport',123,'node',1),('sporting',1,'node',4),('sports',4,'node',1),('sports',12,'node',1),('sports',16,'node',1),('sports',17,'node',0.857458),('sports',18,'node',1),('sports',19,'node',1),('sports',20,'node',1),('sports',80,'node',2.63881),('sportswear',25,'node',1),('spot',80,'node',2),('spring',89,'node',1),('sprint',109,'node',1),('square',20,'node',1),('square',80,'node',1),('ssdf',5,'node',1),('staff',17,'node',16.4868),('staff',92,'node',1),('staff',101,'node',0.913226),('stagnelius',125,'node',27),('stance',20,'node',0.836446),('stand',17,'node',1),('stars',80,'node',0.797402),('stars',92,'node',0.869951),('stars',101,'node',0.854391),('start',17,'node',3.91068),('start',18,'node',1),('start',19,'node',1),('start',100,'node',2),('started',108,'node',1),('starting',4,'node',1),('starting',12,'node',1),('starting',17,'node',1.89945),('starting',19,'node',2),('starting',91,'node',1),('starting',123,'node',1),('stated',17,'node',0.938382),('stay',13,'node',0.931053),('stew',7,'node',1),('still',14,'node',1),('still',17,'node',1),('still',53,'node',1),('still',92,'node',0.957226),('still',123,'node',1),('stone',80,'node',0.927431),('stops',17,'node',1),('storage',7,'node',0.899454),('store',25,'node',1),('stortorget',80,'node',1),('stortorget',130,'node',1),('straight',92,'node',0.980874),('straightened',89,'node',1),('strain',18,'node',1.99731),('stralsund',80,'node',1),('streched',93,'node',1),('street',13,'node',0.98493),('streets',13,'node',1),('strength',101,'node',1),('strengthened',4,'node',1),('strengthened',12,'node',1),('strengthened',123,'node',1),('strong',92,'node',0.961087),('strong',93,'node',1),('structure',89,'node',1),('structures',13,'node',1),('studs',18,'node',1),('stuxgren',89,'node',4),('subjects',99,'node',1),('submerged',17,'node',1),('substitutes',14,'node',1),('substitutes',18,'node',1.80231),('succeed',90,'node',1),('successful',4,'node',1),('successful',12,'node',1),('successful',123,'node',1),('such',99,'node',1),('sum',46,'node',1),('summarized',104,'node',4),('summarized',113,'node',1),('summarized',114,'node',4),('summed',17,'node',1),('summed',19,'node',1),('summed',20,'node',1),('summer',91,'node',1),('sun',92,'node',4),('sunday',7,'node',3.85992),('sunday',24,'node',1),('sunday',25,'node',1),('sunday',26,'node',1),('sundried',7,'node',1),('sunflower',7,'node',1),('sunny',90,'node',1),('support',108,'node',1),('supporter',92,'node',1.95723),('supporters',92,'node',9.41509),('supporters',100,'node',1),('supporters',101,'node',5.21768),('supporters',109,'node',1),('supports',101,'node',0.863659),('sure',127,'node',1),('sure',128,'node',1),('sure',130,'node',1),('surprisingly',92,'node',5),('surrounded',13,'node',1),('sustainable',13,'node',1),('svensson',1,'node',1),('swe',25,'node',4),('swe',104,'node',1),('swe',113,'node',3),('swe',114,'node',3),('swe',115,'node',3),('swe',116,'node',27),('swe',117,'node',9),('sweden',4,'node',1),('sweden',12,'node',1),('sweden',13,'node',2),('sweden',31,'node',103),('sweden',44,'node',2.2),('sweden',45,'node',2.2),('sweden',46,'node',1),('sweden',53,'node',1),('sweden',59,'node',2.2),('sweden',63,'node',2.2),('sweden',67,'node',2.2),('sweden',71,'node',2.2),('sweden',75,'node',2.2),('sweden',80,'node',3.64749),('sweden',90,'node',2),('sweden',91,'node',1),('sweden',92,'node',7.55909),('sweden',93,'node',1),('sweden',101,'node',6.76024),('sweden',104,'node',4),('sweden',108,'node',1),('sweden',113,'node',3),('sweden',115,'node',1),('sweden',116,'node',1),('sweden',117,'node',4),('sweden',123,'node',1),('sweden',130,'node',1),('swedes',90,'node',1),('swedish',4,'node',2),('swedish',12,'node',2),('swedish',80,'node',1),('swedish',91,'node',2),('swedish',92,'node',1.90974),('swedish',118,'node',1),('swedish',123,'node',2),('swim',113,'node',1),('swimmer',17,'node',6.84718),('swimmers',17,'node',1),('swimmers',101,'node',0.942091),('swimming',13,'node',0.997306),('swimming',17,'node',119.557),('swimming',46,'node',1),('swimming',68,'node',28.2),('swimming',69,'node',28.2),('swimming',70,'node',28.2),('swimming',71,'node',28.2),('swimming',80,'node',0.78951),('swimming',101,'node',31.8028),('swimming',113,'node',30),('swims',17,'node',2.81367),('swimsuit',17,'node',1),('system',20,'node',0.848323),('taco',7,'node',0.957226),('tactic',90,'node',1),('tactics',101,'node',0.945829),('tag',128,'node',1),('tagging',127,'node',1),('tags',93,'node',1),('tags',99,'node',1),('tags',127,'node',1),('tags',128,'node',1),('tags',129,'node',1),('tags',130,'node',1),('take',9,'node',1),('take',18,'node',1),('take',25,'node',4),('take',92,'node',1),('take',101,'node',3.86679),('taken',18,'node',1),('takes',24,'node',1),('takes',89,'node',1),('taking',26,'node',1),('taking',93,'node',1),('talked',89,'node',1),('tank',80,'node',0.749958),('tap',93,'node',1),('target',20,'node',3.57268),('targets',20,'node',2.69377),('tasks',89,'node',1),('tattoo',80,'node',0.766757),('tea',7,'node',1.91323),('team',14,'node',9),('team',16,'node',1),('team',18,'node',7.72622),('team',19,'node',1),('team',20,'node',3.70031),('team',90,'node',1),('team',93,'node',7),('team',101,'node',0.938382),('teams',16,'node',1),('teams',18,'node',0.942091),('ten',104,'node',4),('tent',92,'node',0.993146),('test',89,'node',1),('tests',89,'node',1),('text',30,'node',1),('than',14,'node',1),('than',18,'node',1),('than',90,'node',1),('thanks',80,'node',0.972861),('that',4,'node',2),('that',7,'node',0.906287),('that',12,'node',2),('that',14,'node',1),('that',17,'node',2.92727),('that',20,'node',1),('that',53,'node',1),('that',80,'node',2),('that',89,'node',2),('that',90,'node',1),('that',92,'node',2.93838),('that',99,'node',1),('that',101,'node',0.873132),('that',118,'node',1),('that',123,'node',3),('the',4,'node',39),('the',9,'node',3),('the',12,'node',39),('the',13,'node',18.9511),('the',14,'node',19),('the',16,'node',3),('the',17,'node',85.7106),('the',18,'node',26.4837),('the',19,'node',12),('the',20,'node',39.9013),('the',21,'node',11),('the',24,'node',3),('the',26,'node',1),('the',27,'node',1),('the',29,'node',2),('the',53,'node',34),('the',80,'node',19.9873),('the',89,'node',10),('the',90,'node',13),('the',91,'node',10),('the',92,'node',26.8137),('the',93,'node',11),('the',99,'node',8),('the',100,'node',8),('the',101,'node',24.4503),('the',102,'node',37),('the',108,'node',9),('the',109,'node',7),('the',113,'node',8),('the',118,'node',2),('the',123,'node',11),('the',125,'node',1),('the',127,'node',34),('the',128,'node',2),('the',129,'node',5),('the',130,'node',6),('their',4,'node',1),('their',12,'node',1),('their',17,'node',1),('their',19,'node',3),('their',20,'node',2),('their',90,'node',3),('their',92,'node',1.81683),('their',99,'node',1),('their',101,'node',0.906287),('their',104,'node',4),('their',109,'node',1),('their',123,'node',1),('their',128,'node',1),('them',19,'node',1),('them',89,'node',1),('them',90,'node',2),('them',127,'node',9),('theme',9,'node',4),('themes',9,'node',1),('themselfs',109,'node',1),('then',19,'node',1),('then',93,'node',1),('then',101,'node',1),('there',16,'node',1),('there',53,'node',1),('there',89,'node',2),('there',92,'node',1),('there',99,'node',1),('there',100,'node',2),('these',17,'node',0.972861),('these',89,'node',1),('they',90,'node',1),('they',92,'node',1.83784),('they',99,'node',1),('they',101,'node',2),('they',108,'node',1),('they',109,'node',1),('they',118,'node',1),('they',127,'node',1),('thing',53,'node',1),('thing',90,'node',1),('think',92,'node',1.93838),('third',16,'node',1),('third',92,'node',3.2547),('third',93,'node',1),('third',101,'node',0.833529),('thirdlargest',80,'node',0.920273),('this',4,'node',1),('this',12,'node',1),('this',80,'node',0.961087),('this',90,'node',1),('this',91,'node',1),('this',92,'node',1),('this',99,'node',2),('this',101,'node',2.92743),('this',123,'node',1),('this',127,'node',1),('though',93,'node',1),('though',100,'node',1),('three',13,'node',1),('three',16,'node',1),('three',90,'node',1),('three',91,'node',1),('three',108,'node',1),('threw',101,'node',1),('through',4,'node',1),('through',12,'node',1),('through',89,'node',1),('through',91,'node',1),('through',92,'node',0.976851),('through',123,'node',1),('throughout',53,'node',1),('throwing',20,'node',6),('throwing',110,'node',37),('thrown',20,'node',0.972861),('thursday',7,'node',5),('thursday',9,'node',1),('thursday',24,'node',1),('thursday',128,'node',26),('tie',18,'node',1),('tie',25,'node',2),('time',4,'node',1),('time',12,'node',1),('time',17,'node',7.82066),('time',19,'node',2),('time',20,'node',1.80545),('time',80,'node',2.7185),('time',101,'node',1.99315),('time',109,'node',1),('time',123,'node',1),('times',17,'node',1.89945),('times',19,'node',3),('times',20,'node',2),('times',90,'node',1),('times',101,'node',1),('times',104,'node',8),('times',113,'node',6),('times',114,'node',5),('times',128,'node',1),('times',129,'node',4),('title',92,'node',1),('tobias',1,'node',1),('tobias',92,'node',1),('today',4,'node',1),('today',12,'node',1),('today',80,'node',0.923838),('today',89,'node',1),('today',90,'node',1.98087),('today',100,'node',1),('today',109,'node',1),('today',130,'node',1),('todays',90,'node',0.997306),('together',93,'node',1),('tomatoes',7,'node',1),('tomorrow',90,'node',1),('took',92,'node',1),('top',93,'node',1),('top',104,'node',12),('top',113,'node',1),('top',114,'node',1),('topic',99,'node',2),('topics',99,'node',1),('tossing',103,'node',37),('total',19,'node',1),('total',20,'node',0.808176),('total',113,'node',4),('total',117,'node',1),('touch',17,'node',1),('touch',20,'node',0.976851),('touched',17,'node',1),('touches',17,'node',1),('tour',89,'node',2),('tournament',92,'node',26.9729),('tournament',108,'node',29),('toward',21,'node',11),('towards',80,'node',1),('towels',25,'node',1),('town',13,'node',0.96498),('town',80,'node',0.953396),('town',91,'node',1),('track',19,'node',1),('track',100,'node',2),('tracks',18,'node',0.949597),('tracks',19,'node',1),('trade',80,'node',1),('traditionally',92,'node',0.968904),('train',20,'node',0.869951),('training',89,'node',1),('transports',1,'node',4),('travel',25,'node',4),('travellers',80,'node',0.896076),('triathlon',17,'node',1),('triathlon',20,'node',0.816452),('tshirt',25,'node',1),('tug',18,'node',75.3262),('tug',46,'node',1),('tug',72,'node',28.2),('tug',73,'node',28.2),('tug',74,'node',28.2),('tug',75,'node',28.2),('tug',93,'node',37),('tug',115,'node',26),('tugofwar',130,'node',1),('turkey',7,'node',1),('twice',127,'node',1),('twif',18,'node',1),('two',7,'node',1),('two',16,'node',1),('two',17,'node',3.9266),('two',53,'node',1),('two',89,'node',1),('two',90,'node',1),('types',7,'node',1),('tzatziki',7,'node',0.949597),('uclheocuzunz5q5spczt0epw',100,'node',11),('umpire',18,'node',1.98087),('undecided',130,'node',1),('under',4,'node',1),('under',12,'node',1),('under',109,'node',1),('under',123,'node',1),('underwater',17,'node',2),('underway',90,'node',1),('uniform',25,'node',1),('uniformed',9,'node',1),('university',13,'node',1),('unofficial',17,'node',0.822065),('until',92,'node',1),('until',130,'node',1),('upon',20,'node',0.863659),('use',92,'node',0.892724),('use',125,'node',2),('used',18,'node',2.9534),('using',14,'node',1),('valid',123,'node',1),('varberg',53,'node',1),('variety',13,'node',1),('vegetables',7,'node',2.92743),('venue',80,'node',0.740689),('very',13,'node',0.968904),('very',80,'node',1),('very',90,'node',1),('vessels',7,'node',1),('vessels',80,'node',0.873132),('victorious',93,'node',1),('victory',97,'node',37),('victory',101,'node',2.92743),('video',39,'node',11),('video',40,'node',48),('video',42,'node',11),('video',96,'node',11),('video',97,'node',11),('video',98,'node',11),('video',102,'node',11),('video',103,'node',11),('video',110,'node',11),('video',111,'node',11),('video',112,'node',11),('video',118,'node',11),('videos',100,'node',1),('vidoe',39,'node',37),('viking',9,'node',1),('viking',103,'node',37),('visible',127,'node',1),('visit',13,'node',1),('visit',80,'node',0.839384),('visitors',80,'node',1.54101),('voices',92,'node',0.889397),('volleyball',16,'node',82),('volleyball',45,'node',28.2),('volleyball',46,'node',1),('volleyball',49,'node',28.2),('volleyball',50,'node',28.2),('volleyball',51,'node',28.2),('volleyball',108,'node',27),('volleyball',116,'node',26),('wallander',80,'node',0.822065),('want',92,'node',4),('want',100,'node',1),('want',129,'node',4),('wants',90,'node',1),('wants',104,'node',4),('wants',128,'node',1),('war',18,'node',75.3262),('war',46,'node',1),('war',72,'node',28.2),('war',73,'node',28.2),('war',74,'node',28.2),('war',75,'node',28.2),('war',93,'node',37),('war',115,'node',26),('warfare',1,'node',4),('warfare',4,'node',2),('warfare',12,'node',2),('warfare',53,'node',1),('warfare',80,'node',1),('warfare',91,'node',1),('warfare',123,'node',2),('warm',80,'node',26.7272),('warm',108,'node',1),('warmup',98,'node',37),('warship',89,'node',1),('was',4,'node',2),('was',12,'node',2),('was',53,'node',1),('was',80,'node',5),('was',89,'node',2),('was',90,'node',2),('was',91,'node',2),('was',92,'node',3),('was',93,'node',2),('was',99,'node',1),('was',100,'node',7),('was',101,'node',2.99315),('was',108,'node',1),('was',109,'node',1),('was',123,'node',2),('was',130,'node',1),('watch',130,'node',1),('water',7,'node',1),('water',13,'node',1),('water',90,'node',1),('water',93,'node',1),('way',99,'node',1),('way',130,'node',1),('wear',18,'node',0.934703),('wear',19,'node',1),('wear',20,'node',1),('wear',25,'node',1),('wearing',17,'node',1),('weather',53,'node',1),('weather',100,'node',1),('weather',109,'node',1),('web',1,'node',4),('web',27,'node',27),('web',127,'node',27),('wednesday',7,'node',4),('wednesday',9,'node',1),('wednesday',25,'node',1),('weight',20,'node',1.81959),('welcome',4,'node',27),('welcome',9,'node',20),('welcome',12,'node',27),('welcome',13,'node',27.9384),('welcome',80,'node',26.7272),('welcome',91,'node',1),('welcome',123,'node',27),('well',13,'node',1),('were',91,'node',1),('were',93,'node',2),('were',99,'node',1),('were',101,'node',2),('were',109,'node',1),('what',89,'node',1),('what',99,'node',1),('what',108,'node',1),('what',118,'node',1),('when',13,'node',1),('when',17,'node',1),('when',18,'node',1),('when',80,'node',0.784336),('when',93,'node',1),('when',101,'node',2),('when',118,'node',1),('where',9,'node',1),('where',99,'node',1),('where',101,'node',1.99315),('where',109,'node',1),('where',125,'node',1),('which',14,'node',2),('which',17,'node',0.882818),('which',80,'node',0.736141),('which',92,'node',4.9689),('which',93,'node',2),('which',101,'node',2.91193),('whistle',93,'node',1),('white',25,'node',2),('white',101,'node',1),('who',17,'node',0.961087),('who',90,'node',1),('who',101,'node',1),('who',109,'node',1),('who',118,'node',1),('who',128,'node',1),('whose',18,'node',0.980874),('wide',7,'node',0.934703),('wide',13,'node',1),('wifi',125,'node',28),('wigs',108,'node',1),('will',4,'node',2),('will',9,'node',4),('will',12,'node',2),('will',13,'node',1),('will',14,'node',5),('will',16,'node',6),('will',18,'node',7.8645),('will',20,'node',3.8894),('will',26,'node',1),('will',27,'node',1),('will',53,'node',2),('will',80,'node',5.54846),('will',90,'node',2.98902),('will',123,'node',2),('win',14,'node',1),('win',18,'node',1),('win',90,'node',1),('win',101,'node',1.77882),('wind',91,'node',1),('winner',14,'node',3),('winner',17,'node',6.99731),('winner',18,'node',1),('winner',19,'node',1),('winner',20,'node',0.805455),('winner',101,'node',2.92384),('winner',130,'node',26),('winning',14,'node',1),('winning',16,'node',1),('winning',18,'node',1.86366),('winning',19,'node',1),('winning',20,'node',0.802752),('wins',17,'node',2.93784),('wins',19,'node',1),('wish',80,'node',0.729424),('witch',100,'node',1),('with',7,'node',9.78246),('with',9,'node',1),('with',13,'node',2),('with',14,'node',1),('with',17,'node',9.8152),('with',18,'node',1),('with',19,'node',3),('with',20,'node',2.5638),('with',24,'node',1),('with',25,'node',1),('with',26,'node',1),('with',53,'node',1),('with',80,'node',0.7017),('with',90,'node',1),('with',91,'node',1),('with',92,'node',1.92743),('with',93,'node',1),('with',101,'node',2.88282),('with',108,'node',2),('with',109,'node',1),('with',127,'node',2),('with',128,'node',1),('with',130,'node',1),('without',100,'node',1),('wittow',80,'node',1),('won',14,'node',2),('won',90,'node',1),('won',108,'node',1),('won',118,'node',1),('wonderful',80,'node',0.712106),('work',53,'node',3),('working',53,'node',1),('working',113,'node',4),('world',80,'node',1.60832),('worth',13,'node',1),('worthy',101,'node',1),('would',92,'node',2),('would',101,'node',2),('wwwyoutubecom',100,'node',11),('year',53,'node',1),('year',90,'node',4),('year',92,'node',2),('year',99,'node',2),('year',101,'node',3),('years',4,'node',1),('years',12,'node',1),('years',13,'node',1),('years',17,'node',0.805455),('years',80,'node',1),('years',123,'node',1),('yesterday',101,'node',0.96498),('you',4,'node',1),('you',7,'node',0.923838),('you',9,'node',1),('you',12,'node',1),('you',13,'node',3.99731),('you',41,'node',1),('you',80,'node',5.52225),('you',89,'node',1),('you',100,'node',1),('you',109,'node',1),('you',123,'node',1),('you',127,'node',1),('you',129,'node',4),('your',13,'node',0.934703),('your',80,'node',0.699655),('your',92,'node',1),('your',108,'node',1),('your',127,'node',1),('your',128,'node',1),('your',129,'node',4),('ystad',4,'node',1),('ystad',9,'node',19),('ystad',12,'node',1),('ystad',53,'node',1),('ystad',80,'node',38.1139),('ystad',90,'node',1),('ystad',91,'node',3),('ystad',101,'node',30);

--
